000
CXUS53 KGLD 021420
CF6GLD
PRELIMINARY LOCAL CLIMATOLOGICAL DATA (WS FORM: F-6)
STATION: GOODLAND KS
MONTH: OCTOBER
YEAR: 2023
LATITUDE: 39 22 N
LONGITUDE: 101 42 W
TEMPERATURE IN F: :PCPN: SNOW: WIND :SUNSHINE: SKY :PK WND
================================================================================
1 2 3 4 5 6A 6B 7 8 9 10 11 12 13 14 15 16 17 18
12Z AVG MX 2MIN
DY MAX MIN AVG DEP HDD CDD WTR SNW DPTH SPD SPD DIR MIN PSBL S-S WX SPD DR
================================================================================
1 85 59 72 13 0 7 T 0.0 0 21.3 35 180 M M 0 51 180
2 87 59 73 15 0 8 0.09 0.0 0 21.1 33 180 M M 1 1 48 170
3 74 43 59 1 6 0 0.12 0.0 0 11.2 40 290 M M 2 138 53 300
4 71 41 56 -1 9 0 0.00 0.0 0 7.3 13 200 M M 1 18 200
5 71 47 59 2 6 0 0.00 0.0 0 8.2 17 330 M M 5 25 10
6 58 31 45 -11 20 0 0.00 0.0 0 10.6 25 350 M M 4 39 340
7 74 30 52 -4 13 0 0.00 0.0 0 8.3 15 240 M M 0 21 230
8 80 40 60 5 5 0 0.00 0.0 0 5.1 12 350 M M 0 17 330
9 73 36 55 0 10 0 0.00 0.0 0 8.0 18 170 M M 0 24 180
10 76 45 61 7 4 0 0.00 0.0 0 8.9 16 180 M M 0 22 200
11 84 41 63 9 2 0 T 0.0 0 9.4 26 150 M M 1 37 160
12 66 40 53 -1 12 0 0.09 0.0 0 17.1 36 320 M M 7 3 50 320
13 52 32 42 -11 23 0 T 0.0 0 24.1 41 340 M M 6 59 340
14 53 28 41 -12 24 0 0.00 0.0 0 11.0 21 350 M M 1 28 360
15 60 26 43 -9 22 0 0.00 0.0 0 3.6 10 20 M M 3 1 17 50
16 75 31 53 1 12 0 0.00 0.0 0 5.7 13 200 M M 0 17 280
17 86 41 64 13 1 0 0.00 0.0 0 8.6 17 210 M M 0 26 200
18 72 41 57 6 8 0 0.00 0.0 0 15.7 30 360 M M 0 46 330
19 82 42 62 12 3 0 0.00 0.0 0 12.7 29 330 M M 0 40 330
20 88 47 68 18 0 3 0.00 0.0 0 7.8 15 290 M M 0 8 20 300
21 80 40 60 10 5 0 0.00 0.0 0 11.5 24 120 M M 0 33 130
22 68 36 52 3 13 0 0.00 0.0 0 5.0 18 110 M M 0 31 130
23 82 37 60 11 5 0 0.00 0.0 0 9.2 21 190 M M 0 31 190
24 62 44 53 5 12 0 0.00 0.0 0 10.6 20 320 M M 3 1 26 330
25 62 47 55 7 10 0 0.01 0.0 0 6.5 12 180 M M 9 12 15 180
26 64 30 47 -1 18 0 0.00 0.0 0 11.9 31 350 M M 9 12 45 360
27 45 20 33 -14 32 0 0.00 0.0 0 10.4 23 350 M M 1 35 360
28 31 22 27 -20 38 0 T T 0 10.8 16 20 M M 7 1 23 20
29 33 15 24 -22 41 0 0.07 1.4 T 11.9 23 340 M M 6 18 32 340
30 48 11 30 -16 35 0 0.00 0.0 0 9.2 15 270 M M 0 21 270
31 48 12 30 -16 35 0 0.00 0.0 0 8.3 21 200 M M 0 31 200
================================================================================
SM 2090 1114 424 18 0.38 1.4 331.0 M 66
================================================================================
AV 67.4 35.9 10.7 FASTST M M 2 MAX(MPH)
MISC ----> 41 340 59 340
================================================================================
NOTES:
# LAST OF SEVERAL OCCURRENCES
COLUMN 17 PEAK WIND IN M.P.H.
PRELIMINARY LOCAL CLIMATOLOGICAL DATA (WS FORM: F-6) , PAGE 2
STATION: GOODLAND KS
MONTH: OCTOBER
YEAR: 2023
LATITUDE: 39 22 N
LONGITUDE: 101 42 W
[TEMPERATURE DATA] [PRECIPITATION DATA] SYMBOLS USED IN COLUMN 16
AVERAGE MONTHLY: 51.7 TOTAL FOR MONTH: 0.38 1 = FOG OR MIST
DPTR FM NORMAL: -0.1 DPTR FM NORMAL: -1.03 2 = FOG REDUCING VISIBILITY
HIGHEST: 88 ON 20 GRTST 24HR 0.21 ON 2- 3 TO 1/4 MILE OR LESS
LOWEST: 11 ON 30 3 = THUNDER
SNOW, ICE PELLETS, HAIL 4 = ICE PELLETS
TOTAL MONTH: 1.4 INCHES 5 = HAIL
GRTST 24HR 1.4 ON 29-29 6 = FREEZING RAIN OR DRIZZLE
GRTST DEPTH: T 7 = DUSTSTORM OR SANDSTORM:
VSBY 1/2 MILE OR LESS
8 = SMOKE OR HAZE
[NO. OF DAYS WITH] [WEATHER - DAYS WITH] 9 = BLOWING SNOW
X = TORNADO
MAX 32 OR BELOW: 1 0.01 INCH OR MORE: 5
MAX 90 OR ABOVE: 0 0.10 INCH OR MORE: 1
MIN 32 OR BELOW: 12 0.50 INCH OR MORE: 0
MIN 0 OR BELOW: 0 1.00 INCH OR MORE: 0
[HDD (BASE 65) ]
TOTAL THIS MO. 424 CLEAR (SCALE 0-3) 23
DPTR FM NORMAL 6 PTCLDY (SCALE 4-7) 6
TOTAL FM JUL 1 452 CLOUDY (SCALE 8-10) 2
DPTR FM NORMAL -78
[CDD (BASE 65) ]
TOTAL THIS MO. 18
DPTR FM NORMAL 8 [PRESSURE DATA]
TOTAL FM JAN 1 956 HIGHEST SLP 30.59 ON 29
DPTR FM NORMAL -33 LOWEST SLP 29.23 ON 12
[REMARKS]
#FINAL-10-23#