000
CXUS54 KJAN 011510
CF6GLH
PRELIMINARY LOCAL CLIMATOLOGICAL DATA (WS FORM: F-6)
STATION: GREENVILLE
MONTH: DECEMBER
YEAR: 2022
LATITUDE: 33 29 N
LONGITUDE: 90 59 W
TEMPERATURE IN F: :PCPN: SNOW: WIND :SUNSHINE: SKY :PK WND
================================================================================
1 2 3 4 5 6A 6B 7 8 9 10 11 12 13 14 15 16 17 18
12Z AVG MX 2MIN
DY MAX MIN AVG DEP HDD CDD WTR SNW DPTH SPD SPD DIR MIN PSBL S-S WX SPD DR
================================================================================
1 53 32 43 -6 22 0 0.00 0.0 0 6.0 15 70 M M 0 21 100
2 71 46 59 10 6 0 T 0.0 0 11.3 22 190 M M 8 30 180
3 69 43 56 8 9 0 0.08 0.0 0 11.2 24 360 M M 7 1 30 360
4 47 41 44 -4 21 0 0.02 0.0 0 6.5 13 360 M M 8 1 17 10
5 68 46 57 9 8 0 0.15 0.0 0 6.6 15 180 M M 7 123 19 180
6 76 66 71 23 0 6 0.00 0.0 0 10.2 23 200 M M 9 33 200
7 81 68 75 27 0 10 0.01 0.0 0 9.6 18 220 M M 6 23 240
8 79 65 72 25 0 7 0.03 0.0 0 10.0 21 220 M M 8 1 27 220
9 69 54 62 15 3 0 0.22 0.0 0 4.6 13 20 M M 9 12 17 10
10 74 55 65 18 0 0 0.30 0.0 0 6.3 22 350 M M 8 123 28 360
11 63 53 58 11 7 0 0.05 0.0 0 10.6 17 10 M M 10 1 23 10
12 57 52 55 8 10 0 T 0.0 0 8.8 13 40 M M 10 1 17 10
13 72 57 65 19 0 0 2.75 0.0 0 16.8 29 150 M M 9 13 42 150
14 65 45 55 9 10 0 0.27 0.0 0 7.8 22 310 M M 7 18 28 310
15 55 38 47 1 18 0 0.00 0.0 0 9.7 16 240 M M 0 24 240
16 53 34 44 -2 21 0 T 0.0 0 7.9 16 290 M M 4 8 22 290
17 51 36 44 -2 21 0 0.00 0.0 0 8.9 18 300 M M 0 27 300
18 50 27 39 -7 26 0 0.00 0.0 0 4.2 12 40 M M 0 16 30
19 42 34 38 -8 27 0 T 0.0 0 6.6 12 130 M M 7 16 60
20 53 38 46 1 19 0 0.14 0.0 0 9.0 17 20 M M 7 1 22 20
21 47 34 41 -4 24 0 0.00 0.0 0 5.8 12 170 M M 6 1 14 170
22 49 17 33 -12 32 0 0.01 M 0 14.3 38 320 M M 9 1 51 330
23 23 10 17 -28 48 0 0.00 0.0 M 16.5 26 330 M M 0 36 320
24 33 16 25 -20 40 0 0.00 0.0 0 8.0 17 290 M M 0 24 300
25 40 20 30 -15 35 0 0.00 0.0 0 5.3 12 320 M M 0 14 300
26 44 26 35 -10 30 0 0.00 0.0 0 6.4 17 190 M M 3 21 190
27 44 25 35 -9 30 0 0.00 0.0 0 4.6 12 20 M M 0 18 15 40
28 67 29 48 4 17 0 0.00 0.0 0 10.7 26 180 M M 1 1 33 190
29 74 59 67 23 0 2 0.38 0.0 0 13.1 21 170 M M 8 1 28 170
30 65 53 59 15 6 0 0.68 0.0 0 5.2 25 130 M M 8 123 34 140
31 64 53 59 15 6 0 0.01 0.0 0 5.3 10 160 M M 10 12 M M
================================================================================
SM 1798 1272 496 25 5.10 0.0 267.8 M 169
================================================================================
AV 58.0 41.0 8.6 FASTST M M 5 MAX(MPH)
MISC ----> 38 320 51 330
================================================================================
NOTES:
# LAST OF SEVERAL OCCURRENCES
COLUMN 17 PEAK WIND IN M.P.H.
PRELIMINARY LOCAL CLIMATOLOGICAL DATA (WS FORM: F-6) , PAGE 2
STATION: GREENVILLE
MONTH: DECEMBER
YEAR: 2022
LATITUDE: 33 29 N
LONGITUDE: 90 59 W
[TEMPERATURE DATA] [PRECIPITATION DATA] SYMBOLS USED IN COLUMN 16
AVERAGE MONTHLY: 49.5 TOTAL FOR MONTH: 5.10 1 = FOG OR MIST
DPTR FM NORMAL: 3.3 DPTR FM NORMAL: 0.00 2 = FOG REDUCING VISIBILITY
HIGHEST: 81 ON 7 GRTST 24HR 3.02 ON 13-14 TO 1/4 MILE OR LESS
LOWEST: 10 ON 23 3 = THUNDER
SNOW, ICE PELLETS, HAIL 4 = ICE PELLETS
TOTAL MONTH: 0.0 INCH 5 = HAIL
GRTST 24HR 0.0 6 = FREEZING RAIN OR DRIZZLE
GRTST DEPTH: 0 7 = DUSTSTORM OR SANDSTORM:
VSBY 1/2 MILE OR LESS
8 = SMOKE OR HAZE
[NO. OF DAYS WITH] [WEATHER - DAYS WITH] 9 = BLOWING SNOW
X = TORNADO
MAX 32 OR BELOW: 1 0.01 INCH OR MORE: 15
MAX 90 OR ABOVE: 0 0.10 INCH OR MORE: 8
MIN 32 OR BELOW: 9 0.50 INCH OR MORE: 2
MIN 0 OR BELOW: 0 1.00 INCH OR MORE: 1
[HDD (BASE 65) ]
TOTAL THIS MO. 496 CLEAR (SCALE 0-3) 10
DPTR FM NORMAL -92 PTCLDY (SCALE 4-7) 12
TOTAL FM JUL 1 893 CLOUDY (SCALE 8-10) 9
DPTR FM NORMAL -159
[CDD (BASE 65) ]
TOTAL THIS MO. 25
DPTR FM NORMAL 21 [PRESSURE DATA]
TOTAL FM JAN 1 2677 HIGHEST SLP M ON M
DPTR FM NORMAL 381 LOWEST SLP 29.66 ON 13
[REMARKS]
#FINAL-12-22#