000
CXUS54 KMAF 011110
CF6GNC
PRELIMINARY LOCAL CLIMATOLOGICAL DATA (WS FORM: F-6)
STATION: GAINES COUNTY AIRPORT
MONTH: JUNE
YEAR: 2021
LATITUDE: 32 40 N
LONGITUDE: 102 39 W
TEMPERATURE IN F: :PCPN: SNOW: WIND :SUNSHINE: SKY :PK WND
================================================================================
1 2 3 4 5 6A 6B 7 8 9 10 11 12 13 14 15 16 17 18
12Z AVG MX 2MIN
DY MAX MIN AVG DEP HDD CDD WTR SNW DPTH SPD SPD DIR MIN PSBL S-S WX SPD DR
================================================================================
1 79 58 69 M 0 4 M M M 3.5 9 220 M M 6 16 110
2 80 60 70 M 0 5 M M M 5.2 14 120 M M 4 25 0
3 80 58 69 M 0 4 M M M 5.1 13 120 M M 2 M M
4 80 57 69 M 0 4 M M M 4.9 10 120 M M 0 18 130
5 89 59 74 M 0 9 M M M 8.7 17 150 M M 0 24 160
6 97 65 81 M 0 16 M M M 7.2 20 10 M M 0 40 130
7 101 65 83 M 0 18 M M M 5.4 14 270 M M 0 21 210
8 101 69 85 M 0 20 M M M 9.6 16 140 M M 0 8 24 130
9 103 71 87 M 0 22 M M M 7.4 13 170 M M 0 1 20 170
10 105 71 88 M 0 23 M M M 6.2 15 150 M M 0 1 21 150
11 108 69 89 M 0 24 M M M 6.4 10 280 M M 0 16 280
12 102 71 87 M 0 22 M M M 7.4 16 150 M M 0 24 150
13 98 77 88 M 0 23 M M M 7.5 12 170 M M 0 24 140
14 93 70 82 M 0 17 M M M 8.8 18 90 M M 0 24 90
15 95 66 81 M 0 16 M M M 5.4 10 70 M M 1 18 120
16 97 68 83 M 0 18 M M M 6.8 13 120 M M 0 23 160
17 95 68 82 M 0 17 M M M 6.6 12 150 M M 0 18 190
18 95 65 80 M 0 15 M M M 7.5 14 220 M M 0 20 220
19 96 64 80 M 0 15 M M M 7.0 13 170 M M 0 22 90
20 105 68 87 M 0 22 M M M 7.7 17 120 M M 0 38 170
21 85 68 77 M 0 12 M M M 13.4 25 40 M M 2 35 40
22 94 65 80 M 0 15 M M M 7.4 16 80 M M 4 23 190
23 101 72 87 M 0 22 M M M 11.5 17 190 M M 0 24 160
24 100 72 86 M 0 21 M M M 10.3 15 190 M M 0 22 190
25 98 74 86 M 0 21 M M M 11.0 23 170 M M 1 32 170
26 95 66 81 M 0 16 0.01 M M 10.4 28 110 M M 1 36 110
27 76 63 70 M 0 5 M M M 7.2 22 360 M M 5 35 340
28 77 63 70 M 0 5 M M M 9.6 15 50 M M 8 21 50
29 82 64 73 M 0 8 M M M 8.2 13 150 M M 7 18 150
30 82 67 75 M 0 10 M M M 4.6 9 150 M M 7 M M
================================================================================
SM 2789 1993 0 449 0.01 M 227.9 M 48
================================================================================
AV 93.0 66.4 7.6 FASTST M M 2 MAX(MPH)
MISC ----> 28 110 40 130
================================================================================
NOTES:
# LAST OF SEVERAL OCCURRENCES
COLUMN 17 PEAK WIND IN M.P.H.
PRELIMINARY LOCAL CLIMATOLOGICAL DATA (WS FORM: F-6) , PAGE 2
STATION: GAINES COUNTY AIRPORT
MONTH: JUNE
YEAR: 2021
LATITUDE: 32 40 N
LONGITUDE: 102 39 W
[TEMPERATURE DATA] [PRECIPITATION DATA] SYMBOLS USED IN COLUMN 16
AVERAGE MONTHLY: 79.7 TOTAL FOR MONTH: 0.01 1 = FOG OR MIST
DPTR FM NORMAL: 0.0 DPTR FM NORMAL: M 2 = FOG REDUCING VISIBILITY
HIGHEST: 108 ON 11 GRTST 24HR 0.01 ON 26-26 TO 1/4 MILE OR LESS
LOWEST: 57 ON 4 3 = THUNDER
SNOW, ICE PELLETS, HAIL 4 = ICE PELLETS
TOTAL MONTH: M 5 = HAIL
GRTST 24HR M ON M 6 = FREEZING RAIN OR DRIZZLE
GRTST DEPTH: M ON M 7 = DUSTSTORM OR SANDSTORM:
VSBY 1/2 MILE OR LESS
8 = SMOKE OR HAZE
[NO. OF DAYS WITH] [WEATHER - DAYS WITH] 9 = BLOWING SNOW
X = TORNADO
MAX 32 OR BELOW: 0 0.01 INCH OR MORE: 1
MAX 90 OR ABOVE: 20 0.10 INCH OR MORE: 0
MIN 32 OR BELOW: 0 0.50 INCH OR MORE: 0
MIN 0 OR BELOW: 0 1.00 INCH OR MORE: 0
[HDD (BASE 65) ]
TOTAL THIS MO. 0 CLEAR (SCALE 0-3) 23
DPTR FM NORMAL M PTCLDY (SCALE 4-7) 6
TOTAL FM JUL 1 3072 CLOUDY (SCALE 8-10) 1
DPTR FM NORMAL M
[CDD (BASE 65) ]
TOTAL THIS MO. 449
DPTR FM NORMAL M [PRESSURE DATA]
TOTAL FM JAN 1 707 HIGHEST SLP M ON M
DPTR FM NORMAL M LOWEST SLP M ON M
[REMARKS]
#FINAL-06-21#