000
CXUS54 KMAF 011210
CF6GNC
PRELIMINARY LOCAL CLIMATOLOGICAL DATA (WS FORM: F-6)
STATION: GAINES COUNTY AIRPORT
MONTH: FEBRUARY
YEAR: 2021
LATITUDE: 32 40 N
LONGITUDE: 102 39 W
TEMPERATURE IN F: :PCPN: SNOW: WIND :SUNSHINE: SKY :PK WND
================================================================================
1 2 3 4 5 6A 6B 7 8 9 10 11 12 13 14 15 16 17 18
12Z AVG MX 2MIN
DY MAX MIN AVG DEP HDD CDD WTR SNW DPTH SPD SPD DIR MIN PSBL S-S WX SPD DR
================================================================================
1 62 28 45 M 20 0 M M M 5.6 14 180 M M 0 20 190
2 76 42 59 M 6 0 M M M 7.1 16 300 M M 0 23 260
3 81 43 62 M 3 0 M M M 11.0 22 260 M M 0 28 250
4 64 39 52 M 13 0 M M M 11.6 21 10 M M 0 29 300
5 64 29 47 M 18 0 M M M 7.1 12 280 M M 0 20 260
6 61 37 49 M 16 0 M M M 11.2 23 10 M M 0 30 360
7 75 33 54 M 11 0 M M M 9.6 15 240 M M 0 20 240
8 77 39 58 M 7 0 M M M 8.8 14 280 M M 0 18 250
9 58 26 42 M 23 0 M M M 7.7 15 120 M M 3 12 20 120
10 33 26 30 M 35 0 M M M 9.6 15 80 M M 10 12 18 70
11 32 23 28 M 37 0 M M M 5.6 9 40 M M 10 1 M M
12 29 18 24 M 41 0 M M M 7.5 12 90 M M 10 1 M M
13 21 15 18 M 47 0 M M M 7.7 12 110 M M 10 1 17 110
14 16 2 9 M 56 0 M M M 11.1 15 60 M M 9 8 21 60
15 16 1 9 M 56 0 M M M 3.2 8 350 M M 8 M M
16 30 8 19 M 46 0 M M M 7.4 15 170 M M 6 1 18 170
17 27 15 21 M 44 0 M M M 4.7 10 70 M M 10 12 16 70
18 27 14 21 M 44 0 M M M 7.5 15 40 M M 4 20 40
19 53 13 33 M 32 0 M M M 8.5 18 210 M M 0 1 28 230
20 70 24 47 M 18 0 M M M 9.0 20 210 M M 0 25 220
21 62 34 48 M 17 0 M M M 9.4 17 320 M M 0 31 340
22 72 29 51 M 14 0 M M M 10.5 20 240 M M 0 28 240
23 78 36 57 M 8 0 M M M 12.1 26 230 M M 0 31 230
24 64 35 50 M 15 0 M M M 9.6 17 50 M M 0 29 360
25 48 33 41 M 24 0 M M M 9.2 17 40 M M 7 22 40
26 69 25 47 M 18 0 M M M 8.1 22 280 M M 1 26 280
27 77 34 56 M 9 0 M M M 9.5 18 240 M M 0 24 250
28 61 42 52 M 13 0 M M M 12.7 20 60 M M 0 26 60
================================================================================
SM 1503 743 691 0 M M 242.6 M 88
================================================================================
AV 53.7 26.5 8.7 FASTST M M 3 MAX(MPH)
MISC ----> 26 230 # 31 340
================================================================================
NOTES:
# LAST OF SEVERAL OCCURRENCES
COLUMN 17 PEAK WIND IN M.P.H.
PRELIMINARY LOCAL CLIMATOLOGICAL DATA (WS FORM: F-6) , PAGE 2
STATION: GAINES COUNTY AIRPORT
MONTH: FEBRUARY
YEAR: 2021
LATITUDE: 32 40 N
LONGITUDE: 102 39 W
[TEMPERATURE DATA] [PRECIPITATION DATA] SYMBOLS USED IN COLUMN 16
AVERAGE MONTHLY: 40.1 TOTAL FOR MONTH: M 1 = FOG OR MIST
DPTR FM NORMAL: 0.0 DPTR FM NORMAL: M 2 = FOG REDUCING VISIBILITY
HIGHEST: 81 ON 3 GRTST 24HR M ON M TO 1/4 MILE OR LESS
LOWEST: 1 ON 15 3 = THUNDER
SNOW, ICE PELLETS, HAIL 4 = ICE PELLETS
TOTAL MONTH: M 5 = HAIL
GRTST 24HR M ON M 6 = FREEZING RAIN OR DRIZZLE
GRTST DEPTH: M ON M 7 = DUSTSTORM OR SANDSTORM:
VSBY 1/2 MILE OR LESS
8 = SMOKE OR HAZE
[NO. OF DAYS WITH] [WEATHER - DAYS WITH] 9 = BLOWING SNOW
X = TORNADO
MAX 32 OR BELOW: 8 0.01 INCH OR MORE: 0
MAX 90 OR ABOVE: 0 0.10 INCH OR MORE: 0
MIN 32 OR BELOW: 16 0.50 INCH OR MORE: 0
MIN 0 OR BELOW: 0 1.00 INCH OR MORE: 0
[HDD (BASE 65) ]
TOTAL THIS MO. 691 CLEAR (SCALE 0-3) 18
DPTR FM NORMAL M PTCLDY (SCALE 4-7) 4
TOTAL FM JUL 1 2531 CLOUDY (SCALE 8-10) 6
DPTR FM NORMAL M
[CDD (BASE 65) ]
TOTAL THIS MO. 0
DPTR FM NORMAL M [PRESSURE DATA]
TOTAL FM JAN 1 0 HIGHEST SLP M ON M
DPTR FM NORMAL M LOWEST SLP M ON M
[REMARKS]
#FINAL-02-21#