000
CXUS54 KMAF 011210
CF6GNC
PRELIMINARY LOCAL CLIMATOLOGICAL DATA (WS FORM: F-6)
STATION: GAINES COUNTY AIRPORT
MONTH: OCTOBER
YEAR: 2020
LATITUDE: 32 40 N
LONGITUDE: 102 39 W
TEMPERATURE IN F: :PCPN: SNOW: WIND :SUNSHINE: SKY :PK WND
================================================================================
1 2 3 4 5 6A 6B 7 8 9 10 11 12 13 14 15 16 17 18
12Z AVG MX 2MIN
DY MAX MIN AVG DEP HDD CDD WTR SNW DPTH SPD SPD DIR MIN PSBL S-S WX SPD DR
================================================================================
1 81 49 65 M 0 0 M M M 7.9 15 70 M M 0 22 110
2 85 49 67 M 0 2 M M M 9.1 17 180 M M 0 24 180
3 86 52 69 M 0 4 M M M 8.2 20 50 M M 0 26 50
4 81 51 66 M 0 1 M M M 7.0 10 110 M M 0 9 110
5 93 52 73 M 0 8 M M M 7.0 13 230 M M 0 18 21 240
6 92 52 72 M 0 7 M M M 5.8 15 100 M M 0 21 90
7 91 52 72 M 0 7 M M M 4.2 13 190 M M 0 20 190
8 88 53 71 M 0 6 M M M 5.5 14 140 M M 0 17 140
9 93 50 72 M 0 7 M M M 3.7 10 190 M M 0 M M
10 98 56 77 M 0 12 M M M 8.1 15 260 M M 0 20 250
11 95 56 76 M 0 11 M M M 11.3 22 230 M M 0 30 260
12 78 55 67 M 0 2 M M M 8.0 21 30 M M 0 8 25 30
13 92 47 70 M 0 5 M M M 6.3 9 210 M M 0 M M
14 97 55 76 M 0 11 M M M 10.4 17 260 M M 0 26 260
15 71 52 62 M 3 0 M M M 14.6 26 10 M M 0 8 36 10
16 71 42 57 M 8 0 M M M 8.2 14 180 M M 0 20 130
17 91 46 69 M 0 4 M M M 8.4 17 270 M M 0 25 260
18 78 48 63 M 2 0 M M M 8.2 14 360 M M 0 17 30
19 75 42 59 M 6 0 M M M 5.3 9 160 M M 2 M M
20 91 46 69 M 0 4 M M M 5.8 12 200 M M 1 16 170
21 89 54 72 M 0 7 M M M 7.8 15 160 M M 0 1 21 160
22 89 58 74 M 0 9 M M M 7.7 15 210 M M 0 20 210
23 67 41 54 M 11 0 M M M 13.9 23 10 M M 6 8 35 20
24 74 33 54 M 11 0 M M M 5.7 13 220 M M 0 17 210
25 83 38 61 M 4 0 M M M 14.2 23 70 M M 2 1 29 70
26 38 26 32 M 33 0 M M M 13.8 22 40 M M 10 1 28 40
27 30 25 28 M 37 0 M M M 7.3 15 10 M M 10 1 18 10
28 42 30 36 M 29 0 M M M 11.8 26 300 M M 4 1 33 300
29 60 43 52 M 13 0 M M M 5.9 17 330 M M 0 17 30
30 70 34 52 M 13 0 M M M 5.2 12 170 M M 0 16 170
31 83 37 60 M 5 0 M M M 7.4 16 310 M M 0 21 290
================================================================================
SM 2452 1424 175 107 M M 253.7 M 35
================================================================================
AV 79.1 45.9 8.2 FASTST M M 1 MAX(MPH)
MISC ----> # 26 10 36 10
================================================================================
NOTES:
# LAST OF SEVERAL OCCURRENCES
COLUMN 17 PEAK WIND IN M.P.H.
PRELIMINARY LOCAL CLIMATOLOGICAL DATA (WS FORM: F-6) , PAGE 2
STATION: GAINES COUNTY AIRPORT
MONTH: OCTOBER
YEAR: 2020
LATITUDE: 32 40 N
LONGITUDE: 102 39 W
[TEMPERATURE DATA] [PRECIPITATION DATA] SYMBOLS USED IN COLUMN 16
AVERAGE MONTHLY: 62.5 TOTAL FOR MONTH: M 1 = FOG OR MIST
DPTR FM NORMAL: 0.0 DPTR FM NORMAL: M 2 = FOG REDUCING VISIBILITY
HIGHEST: 98 ON 10 GRTST 24HR M ON M TO 1/4 MILE OR LESS
LOWEST: 25 ON 27 3 = THUNDER
SNOW, ICE PELLETS, HAIL 4 = ICE PELLETS
TOTAL MONTH: M 5 = HAIL
GRTST 24HR M ON M 6 = FREEZING RAIN OR DRIZZLE
GRTST DEPTH: M ON M 7 = DUSTSTORM OR SANDSTORM:
VSBY 1/2 MILE OR LESS
8 = SMOKE OR HAZE
[NO. OF DAYS WITH] [WEATHER - DAYS WITH] 9 = BLOWING SNOW
X = TORNADO
MAX 32 OR BELOW: 1 0.01 INCH OR MORE: 0
MAX 90 OR ABOVE: 10 0.10 INCH OR MORE: 0
MIN 32 OR BELOW: 3 0.50 INCH OR MORE: 0
MIN 0 OR BELOW: 0 1.00 INCH OR MORE: 0
[HDD (BASE 65) ]
TOTAL THIS MO. 175 CLEAR (SCALE 0-3) 27
DPTR FM NORMAL M PTCLDY (SCALE 4-7) 2
TOTAL FM JUL 1 218 CLOUDY (SCALE 8-10) 2
DPTR FM NORMAL M
[CDD (BASE 65) ]
TOTAL THIS MO. 107
DPTR FM NORMAL M [PRESSURE DATA]
TOTAL FM JAN 1 2405 HIGHEST SLP M ON M
DPTR FM NORMAL M LOWEST SLP M ON M
[REMARKS]
#FINAL-10-20#