000
CXUS52 KJAX 011407
CF6GNV
PRELIMINARY LOCAL CLIMATOLOGICAL DATA (WS FORM: F-6)
STATION: GAINESVILLE
MONTH: DECEMBER
YEAR: 2022
LATITUDE: 29 40 N
LONGITUDE: 82 16 W
TEMPERATURE IN F: :PCPN: SNOW: WIND :SUNSHINE: SKY :PK WND
================================================================================
1 2 3 4 5 6A 6B 7 8 9 10 11 12 13 14 15 16 17 18
12Z AVG MX 2MIN
DY MAX MIN AVG DEP HDD CDD WTR SNW DPTH SPD SPD DIR MIN PSBL S-S WX SPD DR
================================================================================
1 72 46 59 -1 6 0 0.00 0.0 0 9.9 18 70 M M 2 27 50
2 78 49 64 4 1 0 0.00 0.0 0 5.0 17 120 M M 2 23 110
3 80 51 66 7 0 1 0.00 0.0 0 0.7 10 270 M M 0 11 270
4 78 53 66 7 0 1 T 0.0 0 1.7 9 290 M M 5 1 13 290
5 77 61 69 10 0 4 0.00 0.0 0 1.6 8 150 M M 7 12 11 160
6 81 59 70 11 0 5 0.00 0.0 0 1.6 8 340 M M 5 12 12 350
7 82 55 69 10 0 4 0.00 0.0 0 0.7 8 30 M M 0 1 11 30
8 82 55 69 10 0 4 0.00 0.0 0 2.0 9 280 M M 1 13 280
9 80 54 67 9 0 2 0.00 0.0 0 2.9 12 300 M M 2 12 19 290
10 79 54 67 9 0 2 0.00 0.0 0 4.2 13 50 M M 5 12 16 60
11 65 57 61 3 4 0 0.00 0.0 0 3.2 8 10 M M 9 1 11 10
12 72 54 63 5 2 0 0.00 0.0 0 4.1 12 70 M M 5 1 15 60
13 72 54 63 5 2 0 0.00 0.0 0 8.8 18 60 M M 5 26 60
14 80 54 67 9 0 2 0.00 0.0 0 5.6 16 150 M M 4 25 170
15 76 52 64 7 1 0 1.38 0.0 0 8.2 17 300 M M 4 13 28 190
16 66 41 54 -3 11 0 0.00 0.0 0 3.1 12 10 M M 0 16 340
17 66 37 52 -5 13 0 0.01 0.0 0 1.2 8 40 M M 3 12 12 60
18 61 37 49 -8 16 0 0.00 0.0 0 5.8 15 340 M M 2 12 22 350
19 68 35 52 -5 13 0 0.00 0.0 0 6.6 17 50 M M 0 21 50
20 65 50 58 1 7 0 0.13 0.0 0 6.0 13 10 M M 6 1 22 10
21 57 51 54 -2 11 0 0.06 0.0 0 8.7 16 30 M M 10 1 22 40
22 62 50 56 0 9 0 0.00 0.0 0 3.3 8 230 M M 8 1 15 210
23 65 31 48 -8 17 0 T 0.0 0 11.2 18 280 M M 4 1 30 300
24 42 24 33 -23 32 0 0.00 0.0 0 8.4 15 320 M M 0 22 320
25 48 23 36 -20 29 0 0.00 0.0 0 5.6 13 280 M M 0 18 280
26 53 26 40 -16 25 0 0.00 0.0 0 2.0 8 310 M M 0 12 310
27 61 27 44 -12 21 0 0.00 0.0 0 3.5 14 40 M M 0 18 40
28 70 30 50 -5 15 0 0.00 0.0 0 2.3 8 50 M M 0 12 14 50
29 77 41 59 4 6 0 0.00 0.0 0 4.1 14 50 M M 3 12 19 50
30 78 45 62 7 3 0 0.00 0.0 0 3.5 10 120 M M 0 12 14 130
31 72 58 65 10 0 0 0.06 0.0 0 4.8 15 200 M M 8 12 21 190
================================================================================
SM 2165 1414 244 25 1.64 0.0 140.3 M 100
================================================================================
AV 69.8 45.6 4.5 FASTST M M 3 MAX(MPH)
MISC ----> # 18 70 30 300
================================================================================
NOTES:
# LAST OF SEVERAL OCCURRENCES
COLUMN 17 PEAK WIND IN M.P.H.
PRELIMINARY LOCAL CLIMATOLOGICAL DATA (WS FORM: F-6) , PAGE 2
STATION: GAINESVILLE
MONTH: DECEMBER
YEAR: 2022
LATITUDE: 29 40 N
LONGITUDE: 82 16 W
[TEMPERATURE DATA] [PRECIPITATION DATA] SYMBOLS USED IN COLUMN 16
AVERAGE MONTHLY: 57.7 TOTAL FOR MONTH: 1.64 1 = FOG OR MIST
DPTR FM NORMAL: 0.4 DPTR FM NORMAL: -1.24 2 = FOG REDUCING VISIBILITY
HIGHEST: 82 ON 8, 7 GRTST 24HR 1.38 ON 15-15 TO 1/4 MILE OR LESS
LOWEST: 23 ON 25 3 = THUNDER
SNOW, ICE PELLETS, HAIL 4 = ICE PELLETS
TOTAL MONTH: 0.0 INCH 5 = HAIL
GRTST 24HR 0.0 6 = FREEZING RAIN OR DRIZZLE
GRTST DEPTH: 0 7 = DUSTSTORM OR SANDSTORM:
VSBY 1/2 MILE OR LESS
8 = SMOKE OR HAZE
[NO. OF DAYS WITH] [WEATHER - DAYS WITH] 9 = BLOWING SNOW
X = TORNADO
MAX 32 OR BELOW: 0 0.01 INCH OR MORE: 5
MAX 90 OR ABOVE: 0 0.10 INCH OR MORE: 2
MIN 32 OR BELOW: 6 0.50 INCH OR MORE: 1
MIN 0 OR BELOW: 0 1.00 INCH OR MORE: 1
[HDD (BASE 65) ]
TOTAL THIS MO. 244 CLEAR (SCALE 0-3) 16
DPTR FM NORMAL -24 PTCLDY (SCALE 4-7) 13
TOTAL FM JUL 1 354 CLOUDY (SCALE 8-10) 2
DPTR FM NORMAL -72
[CDD (BASE 65) ]
TOTAL THIS MO. 25
DPTR FM NORMAL -3 [PRESSURE DATA]
TOTAL FM JAN 1 3050 HIGHEST SLP 30.44 ON 24
DPTR FM NORMAL 309 LOWEST SLP 29.84 ON 15
[REMARKS]
#FINAL-12-22#