000
CXUS53 KGRB 050134
CF6GRB
PRELIMINARY LOCAL CLIMATOLOGICAL DATA (WS FORM: F-6)
STATION: GREEN BAY WI
MONTH: MAY
YEAR: 2020
LATITUDE: 44 28 N
LONGITUDE: 88 8 W
TEMPERATURE IN F: :PCPN: SNOW: WIND :SUNSHINE: SKY :PK WND
================================================================================
1 2 3 4 5 6A 6B 7 8 9 10 11 12 13 14 15 16 17 18
12Z AVG MX 2MIN
DY MAX MIN AVG DEP HDD CDD WTR SNW DPTH SPD SPD DIR MIN PSBL S-S WX SPD DR
================================================================================
1 65 33 49 -1 16 0 T 0.0 0 8.1 16 150 M M 3 22 200
2 75 50 63 13 2 0 0.00 0.0 0 13.1 26 270 M M 1 36 240
3 69 42 56 5 9 0 0.00 0.0 0 14.0 29 280 M M 1 40 310
4 50 37 44 -7 21 0 0.00 0.0 0 11.3 17 20 M M 4 8 24 50
5 53 37 45 -6 20 0 0.00 0.0 0 9.6 16 60 M M 0 24 40
6 68 31 50 -2 15 0 T 0.0 0 6.3 22 280 M M 3 28 300
7 60 36 48 -4 17 0 0.00 0.0 0 9.9 23 100 M M 2 30 110
8 43 28 36 -16 29 0 T T 0 13.0 23 350 M M 6 32 50
9 56 29 43 -10 22 0 T 0.0 0 11.8 25 280 M M 6 35 260
10 45 36 41 -12 24 0 0.06 T 0 12.8 22 60 M M 10 1 30 70
11 56 30 43 -10 22 0 T T 0 8.9 18 300 M M 6 8 31 310
12 59 25 42 -12 23 0 0.00 0.0 0 6.4 20 130 M M 0 8 27 130
13 62 29 46 -8 19 0 T 0.0 0 10.8 24 150 M M 4 33 150
14 63 48 56 2 9 0 0.14 0.0 0 5.9 15 180 M M 8 1 22 160
15 76 47 62 7 3 0 0.00 0.0 0 9.5 24 40 M M 1 12 31 40
16 62 44 53 -2 12 0 0.00 0.0 0 12.0 18 50 M M 0 23 50
17 53 49 51 -4 14 0 1.46 0.0 0 20.3 35 50 M M 8 1 46 40
18 51 48 50 -6 15 0 0.80 0.0 0 23.3 30 30 M M 10 1 42 40
19 60 46 53 -3 12 0 T 0.0 0 16.4 31 40 M M 9 18 42 50
20 71 50 61 5 4 0 0.00 0.0 0 7.8 15 50 M M 1 20 50
21 73 49 61 4 4 0 0.00 0.0 0 4.4 15 160 M M 1 21 150
22 71 58 65 8 0 0 0.00 0.0 0 5.1 15 140 M M 9 20 150
23 75 54 65 8 0 0 0.33 0.0 0 7.4 20 150 M M 6 12 26 140
24 77 60 69 11 0 4 0.01 0.0 0 5.0 13 50 M M 6 128 16 180
25 84 62 73 15 0 8 0.00 0.0 0 6.6 17 200 M M 0 18 26 180
26 87 65 76 18 0 11 0.00 0.0 0 9.2 23 160 M M 1 31 150
27 87 68 78 19 0 13 0.00 0.0 0 7.6 17 210 M M 2 25 200
28 73 62 68 9 0 3 2.94 0.0 0 6.3 16 340 M M 8 1 23 340
29 67 52 60 1 5 0 T 0.0 0 9.8 21 310 M M 4 27 300
30 67 45 56 -4 9 0 0.00 0.0 0 9.6 17 350 M M 4 30 60
31 70 41 56 -4 9 0 0.00 0.0 0 6.1 14 210 M M 0 20 270
================================================================================
SM 2028 1391 335 39 5.74 T 308.3 M 124
================================================================================
AV 65.4 44.9 9.9 FASTST M M 4 MAX(MPH)
MISC ----> # 35 50 # 46 40
================================================================================
NOTES:
# LAST OF SEVERAL OCCURRENCES
COLUMN 17 PEAK WIND IN M.P.H.
PRELIMINARY LOCAL CLIMATOLOGICAL DATA (WS FORM: F-6) , PAGE 2
STATION: GREEN BAY WI
MONTH: MAY
YEAR: 2020
LATITUDE: 44 28 N
LONGITUDE: 88 8 W
[TEMPERATURE DATA] [PRECIPITATION DATA] SYMBOLS USED IN COLUMN 16
AVERAGE MONTHLY: 55.2 TOTAL FOR MONTH: 5.74 1 = FOG OR MIST
DPTR FM NORMAL: 0.1 DPTR FM NORMAL: 2.81 2 = FOG REDUCING VISIBILITY
HIGHEST: 87 ON 27,26 GRTST 24HR 2.94 ON 28-28 TO 1/4 MILE OR LESS
LOWEST: 25 ON 12 3 = THUNDER
SNOW, ICE PELLETS, HAIL 4 = ICE PELLETS
TOTAL MONTH: T 5 = HAIL
GRTST 24HR T ON 11-11 6 = FREEZING RAIN OR DRIZZLE
GRTST DEPTH: 0 7 = DUSTSTORM OR SANDSTORM:
VSBY 1/2 MILE OR LESS
8 = SMOKE OR HAZE
[NO. OF DAYS WITH] [WEATHER - DAYS WITH] 9 = BLOWING SNOW
X = TORNADO
MAX 32 OR BELOW: 0 0.01 INCH OR MORE: 7
MAX 90 OR ABOVE: 0 0.10 INCH OR MORE: 5
MIN 32 OR BELOW: 6 0.50 INCH OR MORE: 3
MIN 0 OR BELOW: 0 1.00 INCH OR MORE: 2
[HDD (BASE 65) ]
TOTAL THIS MO. 335 CLEAR (SCALE 0-3) 14
DPTR FM NORMAL 9 PTCLDY (SCALE 4-7) 10
TOTAL FM JUL 1 7266 CLOUDY (SCALE 8-10) 7
DPTR FM NORMAL -597
[CDD (BASE 65) ]
TOTAL THIS MO. 39
DPTR FM NORMAL 23 [PRESSURE DATA]
TOTAL FM JAN 1 39 HIGHEST SLP 30.38 ON 31
DPTR FM NORMAL 21 LOWEST SLP 29.74 ON 2
[REMARKS]
#FINAL-05-20#