688
CXUS53 KGRB 011817
CLSGRB
CLIMATE REPORT
NATIONAL WEATHER SERVICE GREEN BAY
118 PM CDT MON JUN 1 2020
...THE GREEN BAY WI SPRING CLIMATE SUMMARY FROM 3/1/2020 TO
5/31/2020...
CLIMATE NORMAL PERIOD 1981 TO 2010
CLIMATE RECORD PERIOD 1886 TO 2020
WEATHER OBSERVED NORMAL DEPART LAST YEAR`S
VALUE DATE(S) VALUE FROM VALUE DATE(S)
NORMAL
................................................................
TEMPERATURE (F)
RECORD
HIGH 99 05/31/1934
LOW -29 03/01/1962
HIGHEST 87 05/27 85 2 88 05/31
05/26
LOWEST 19 03/21 3 16 -9 03/06
03/04
AVG. MAXIMUM 52.6 53.0 -0.4 51.7
AVG. MINIMUM 35.6 33.4 2.2 33.5
MEAN 44.1 43.2 0.9 42.6
DAYS MAX >= 90 0 0.0 0.0 0
DAYS MAX <= 32 2 7.7 -5.7 8
DAYS MIN <= 32 40 40.6 -0.6 34
DAYS MIN <= 0 0 1.1 -1.1 6
PRECIPITATION (INCHES)
RECORD
MAXIMUM 14.12 1918
MINIMUM 3.42 1931
TOTALS 11.78 7.41 4.37 10.48
DAILY AVG. 0.13 0.08 0.05 0.12
DAYS >= .01 32 33.1 -1.1 37
DAYS >= .10 16 17.6 -1.6 23
DAYS >= .50 9 4.8 4.2 7
DAYS >= 1.00 3 1.1 1.9 1
SNOWFALL (INCHES)
RECORDS
TOTAL 51.9 1888
TOTALS 3.6 11.2 -7.6 11.0
SINCE 7/1 61.3 51.4 9.9 65.9
DAYS >= TRACE 20 9.5 10.5 17
DAYS >= 1.0 1 3.7 -2.7 4
GREATEST
SNOW DEPTH 7 03/01 16 03/02
24 HR TOTAL 2.0 03/11
DEGREE_DAYS
HEATING TOTAL 1939 2023 -84 2056
SINCE 7/1 7266 7863 -597 7682
COOLING TOTAL 39 18 21 14
SINCE 1/1 39 18 21 14
FREEZE DATES
RECORDCDT MON JUN 1 2020
...THE GREEN BAY WI SPRING CLIMATE SUMMA
EARLIEST 09/12/1955
LATEST 06/06/1958
EARLIEST 10/04
LATEST 05/05
.................................................................
WIND (MPH)
AVERAGE WIND SPEED 9.8
HIGHEST WIND SPEED/DIRECTION 41/020 DATE 04/29
HIGHEST GUST SPEED/DIRECTION 57/010 DATE 04/29
SKY COVER
POSSIBLE SUNSHINE (PERCENT) MM
AVERAGE SKY COVER 0.50
NUMBER OF DAYS FAIR 36
NUMBER OF DAYS PC 27
NUMBER OF DAYS CLOUDY 29
AVERAGE RH (PERCENT) 66
- INDICATES NEGATIVE NUMBERS.
R INDICATES RECORD WAS SET OR TIED.
MM INDICATES DATA IS MISSING.
T INDICATES TRACE AMOUNT.
...................................
$$
ECKBERG