000
CXUS54 KEWX 011011
CF6GYB
PRELIMINARY LOCAL CLIMATOLOGICAL DATA (WS FORM: F-6)
STATION: GIDDINGS-LEE COUNTY AIRPORT
MONTH: MARCH
YEAR: 2024
LATITUDE: 30 10 N
LONGITUDE: 96 59 W
TEMPERATURE IN F: :PCPN: SNOW: WIND :SUNSHINE: SKY :PK WND
================================================================================
1 2 3 4 5 6A 6B 7 8 9 10 11 12 13 14 15 16 17 18
12Z AVG MX 2MIN
DY MAX MIN AVG DEP HDD CDD WTR SNW DPTH SPD SPD DIR MIN PSBL S-S WX SPD DR
================================================================================
1 67 44 56 M 9 0 0.00 M M 0.0 M M M M 6 1 M M
2 77 45 61 M 4 0 0.00 M M 1.2 10 200 M M 3 12 17 200
3 80 61 71 M 0 6 0.00 M M 1.5 13 210 M M 7 1 21 190
4 83 66 75 M 0 10 0.00 M M 0.5 5 200 M M 5 1 M M
5 87 64 76 M 0 11 0.08 M M 0.2 5 360 M M 4 12 M M
6 81 61 71 M 0 6 0.00 M M 0.2 3 140 M M 3 18 M M
7 75 64 70 M 0 5 0.00 M M 1.6 12 140 M M 9 1 20 150
8 78 53 66 M 0 1 0.01 M M 4.2 21 350 M M 5 18 30 350
9 60 45 53 M 12 0 0.00 M M 10.7 18 360 M M 5 28 360
10 64 38 51 M 14 0 0.00 M M 0.0 M M M M 0 M M
11 73 52 63 M 2 0 0.00 M M 0.4 5 170 M M 5 M M
12 77 54 66 M 0 1 0.00 M M 2.2 12 210 M M 7 20 210
13 84 66 75 M 0 10 0.00 M M 3.9 13 160 M M 9 1 23 160
14 82 71 77 M 0 12 0.00 M M 4.7 14 180 M M 10 1 25 170
15 79 63 71 M 0 6 0.08 M M 2.6 13 10 M M 7 1 24 350
16 75 63 69 M 0 4 0.00 M M 0.0 M M M M 10 1 M M
17 66 58 62 M 3 0 0.40 M M 1.7 10 80 M M 8 28 280
18 65 50 58 M 7 0 0.00 M M 4.1 14 60 M M 3 21 50
19 64 40 52 M 13 0 0.00 M M 0.0 M M M M 5 M M
20 67 52 60 M 5 0 0.00 M M 0.0 M M M M 10 M M
21 64 55 60 M 5 0 0.53 M M 0.3 7 80 M M 9 1 17 80
22 72 51 62 M 3 0 0.02 M M 3.8 16 350 M M 5 12 23 350
23 73 49 61 M 4 0 0.00 M M 0.0 M M M M 2 1 M M
24 73 57 65 M 0 0 0.00 M M 5.8 15 170 M M 7 26 170
25 77 54 66 M 0 1 0.12 M M 2.8 16 310 M M 6 8 22 180
26 64 46 55 M 10 0 0.00 M M 2.2 10 340 M M 0 17 360
27 68 46 57 M 8 0 0.01 M M 0.8 8 310 M M 4 24 310
28 76 44 60 M 5 0 0.00 M M 0.7 6 180 M M 0 1 16 0
29 76 51 64 M 1 0 0.00 M M 4.7 14 170 M M 1 1 24 160
30 77 59 68 M 0 3 0.00 M M 2.9 12 180 M M 6 21 180
31 79 60 70 M 0 5 0.00 M M 2.5 13 210 M M 9 1 20 0
================================================================================
SM 2283 1682 105 81 1.25 M 66.2 M 170
================================================================================
AV 73.6 54.3 2.1 FASTST M M 5 MAX(MPH)
MISC ----> 21 350 30 350
================================================================================
NOTES:
# LAST OF SEVERAL OCCURRENCES
COLUMN 17 PEAK WIND IN M.P.H.
PRELIMINARY LOCAL CLIMATOLOGICAL DATA (WS FORM: F-6) , PAGE 2
STATION: GIDDINGS-LEE COUNTY AIRPORT
MONTH: MARCH
YEAR: 2024
LATITUDE: 30 10 N
LONGITUDE: 96 59 W
[TEMPERATURE DATA] [PRECIPITATION DATA] SYMBOLS USED IN COLUMN 16
AVERAGE MONTHLY: 64.0 TOTAL FOR MONTH: 1.25 1 = FOG OR MIST
DPTR FM NORMAL: 0.0 DPTR FM NORMAL: M 2 = FOG REDUCING VISIBILITY
HIGHEST: 87 ON 5 GRTST 24HR 0.53 ON 21-21 TO 1/4 MILE OR LESS
LOWEST: 38 ON 10 3 = THUNDER
SNOW, ICE PELLETS, HAIL 4 = ICE PELLETS
TOTAL MONTH: M 5 = HAIL
GRTST 24HR M ON M 6 = FREEZING RAIN OR DRIZZLE
GRTST DEPTH: M ON M 7 = DUSTSTORM OR SANDSTORM:
VSBY 1/2 MILE OR LESS
8 = SMOKE OR HAZE
[NO. OF DAYS WITH] [WEATHER - DAYS WITH] 9 = BLOWING SNOW
X = TORNADO
MAX 32 OR BELOW: 0 0.01 INCH OR MORE: 8
MAX 90 OR ABOVE: 0 0.10 INCH OR MORE: 3
MIN 32 OR BELOW: 0 0.50 INCH OR MORE: 1
MIN 0 OR BELOW: 0 1.00 INCH OR MORE: 0
[HDD (BASE 65) ]
TOTAL THIS MO. 105 CLEAR (SCALE 0-3) 6
DPTR FM NORMAL M PTCLDY (SCALE 4-7) 18
TOTAL FM JUL 1 1424 CLOUDY (SCALE 8-10) 7
DPTR FM NORMAL M
[CDD (BASE 65) ]
TOTAL THIS MO. 81
DPTR FM NORMAL M [PRESSURE DATA]
TOTAL FM JAN 1 114 HIGHEST SLP M ON M
DPTR FM NORMAL M LOWEST SLP M ON M
[REMARKS]
#FINAL-03-24#