000
CXUS51 KGYX 030217
CF6GYX
PRELIMINARY LOCAL CLIMATOLOGICAL DATA (WS FORM: F-6)
STATION: GRAY ME
MONTH: FEBRUARY
YEAR: 2022
LATITUDE: 43 53 N
LONGITUDE: 70 15 W
TEMPERATURE IN F: :PCPN: SNOW: WIND :SUNSHINE: SKY :PK WND
================================================================================
1 2 3 4 5 6A 6B 7 8 9 10 11 12 13 14 15 16 17 18
12Z AVG MX 2MIN
DY MAX MIN AVG DEP HDD CDD WTR SNW DPTH SPD SPD DIR MIN PSBL S-S WX SPD DR
================================================================================
1 27 5 16 -6 49 0 T T 11 M M M M M M M M
2 40 22 31 9 34 0 T T 11 M M M M M M M M
3 42 32 37 15 28 0 0.47 T 9 M M M M M M 4 M M
4 32 14 23 1 42 0 1.49 3.1 7 M M M M M M 46 M M
5 18 5 12 -10 53 0 0.02 T 10 M M M M M M M M
6 20 1 11 -12 54 0 T T 10 M M M M M M M M
7 34 16 25 2 40 0 0.28 0.3 10 M M M M M M 6 M M
8 36 30 33 10 32 0 0.37 T 10 M M M M M M 16 M M
9 40 25 33 10 32 0 0.00 0.0 9 M M M M M M M M
10 45 26 36 12 29 0 0.01 T 8 M M M M M M M M
11 46 29 38 14 27 0 T 0.0 8 M M M M M M M M
12 53 31 42 18 23 0 0.00 0.0 8 M M M M M M M M
13 31 14 23 -1 42 0 T T 7 M M M M M M M M
14 17 3 10 -14 55 0 T T 7 M M M M M M M M
15 23 4 14 -11 51 0 0.00 0.0 7 M M M M M M M M
16 40 6 23 -2 42 0 0.00 0.0 7 M M M M M M M M
17 60 38 49 24 16 0 0.03 0.0 7 M M M M M M M M
18 53 12 33 7 32 0 0.08 0.0 6 M M M M M M 1 M M
19 31 7 19 -7 46 0 0.01 0.1 6 M M M M M M M M
20 26 8 17 -9 48 0 0.00 0.0 6 M M M M M M M M
21 49 25 37 11 28 0 0.00 0.0 6 M M M M M M M M
22 48 29 39 12 26 0 0.72 0.0 5 M M M M M M M M
23 63 19 41 14 24 0 0.00 0.0 4 M M M M M M M M
24 28 12 20 -7 45 0 0.00 0.0 2 M M M M M M M M
25 16 8 12 -15 53 0 0.39 5.1 2 M M M M M M M M
26 27 2 15 -13 50 0 0.00 0.0 7 M M M M M M M M
27 36 12 24 -4 41 0 0.01 0.4 7 M M M M M M M M
28 21 7 14 -14 51 0 T T 6 M M M M M M M M
================================================================================
SM 1002 442 1093 0 3.88 9.0 M M M
================================================================================
AV 35.8 15.8 M FASTST M M M MAX(MPH)
MISC ----> M M M M
================================================================================
NOTES:
# LAST OF SEVERAL OCCURRENCES
COLUMN 17 PEAK WIND IN M.P.H.
PRELIMINARY LOCAL CLIMATOLOGICAL DATA (WS FORM: F-6) , PAGE 2
STATION: GRAY ME
MONTH: FEBRUARY
YEAR: 2022
LATITUDE: 43 53 N
LONGITUDE: 70 15 W
[TEMPERATURE DATA] [PRECIPITATION DATA] SYMBOLS USED IN COLUMN 16
AVERAGE MONTHLY: 25.8 TOTAL FOR MONTH: 3.88 1 = FOG OR MIST
DPTR FM NORMAL: 1.1 DPTR FM NORMAL: 0.54 2 = FOG REDUCING VISIBILITY
HIGHEST: 63 ON 23 GRTST 24HR 1.49 ON 4- 4 TO 1/4 MILE OR LESS
LOWEST: 1 ON 6 3 = THUNDER
SNOW, ICE PELLETS, HAIL 4 = ICE PELLETS
TOTAL MONTH: 9.0 INCHES 5 = HAIL
GRTST 24HR 5.1 ON 25-25 6 = FREEZING RAIN OR DRIZZLE
GRTST DEPTH: 12 ON M 7 = DUSTSTORM OR SANDSTORM:
VSBY 1/2 MILE OR LESS
8 = SMOKE OR HAZE
[NO. OF DAYS WITH] [WEATHER - DAYS WITH] 9 = BLOWING SNOW
X = TORNADO
MAX 32 OR BELOW: 13 0.01 INCH OR MORE: 12
MAX 90 OR ABOVE: 0 0.10 INCH OR MORE: 6
MIN 32 OR BELOW: 27 0.50 INCH OR MORE: 2
MIN 0 OR BELOW: 0 1.00 INCH OR MORE: 1
[HDD (BASE 65) ]
TOTAL THIS MO. 1093 CLEAR (SCALE 0-3) 0
DPTR FM NORMAL -34 PTCLDY (SCALE 4-7) 0
TOTAL FM JUL 1 4872 CLOUDY (SCALE 8-10) 28
DPTR FM NORMAL -203
[CDD (BASE 65) ]
TOTAL THIS MO. 0
DPTR FM NORMAL 0 [PRESSURE DATA]
TOTAL FM JAN 1 0 HIGHEST SLP M ON M
DPTR FM NORMAL 0 LOWEST SLP M ON M
[REMARKS]
#FINAL-02-22#