000
CXUS51 KGYX 011648
CF6GYX
PRELIMINARY LOCAL CLIMATOLOGICAL DATA (WS FORM: F-6)
STATION: GRAY ME
MONTH: JANUARY
YEAR: 2024
LATITUDE: 43 53 N
LONGITUDE: 70 15 W
TEMPERATURE IN F: :PCPN: SNOW: WIND :SUNSHINE: SKY :PK WND
================================================================================
1 2 3 4 5 6A 6B 7 8 9 10 11 12 13 14 15 16 17 18
12Z AVG MX 2MIN
DY MAX MIN AVG DEP HDD CDD WTR SNW DPTH SPD SPD DIR MIN PSBL S-S WX SPD DR
================================================================================
1 28 19 24 0 41 0 0.00 0.0 T M M M M M M M M
2 34 16 25 1 40 0 0.00 0.0 T M M M M M M M M
3 37 22 30 7 35 0 0.00 0.0 T M M M M M M M M
4 40 16 28 5 37 0 T T T M M M M M M M M
5 25 14 20 -3 45 0 0.00 0.0 T M M M M M M M M
6 27 19 23 0 42 0 T T T M M M M M M M M
7 19 15 17 -6 48 0 0.69 9.0 1 M M M M M M M M
8 29 16 23 1 42 0 0.00 0.0 7 M M M M M M M M
9 34 18 26 4 39 0 0.57 3.8 7 M M M M M M M M
10 48 34 41 19 24 0 2.52 0.0 4 M M M M M M M M
11 42 32 37 15 28 0 0.00 0.0 2 M M M M M M M M
12 40 28 34 12 31 0 0.00 0.0 2 M M M M M M M M
13 47 29 38 16 27 0 1.60 0.2 2 M M M M M M 38 M
14 35 24 30 8 35 0 0.01 0.2 1 M M M M M M 39 M
15 30 19 25 3 40 0 0.00 0.0 1 M M M M M M M M
16 24 19 22 0 43 0 0.39 3.7 1 M M M M M M M M
17 24 13 19 -3 46 0 0.00 0.0 5 M M M M M M M M
18 26 9 18 -3 47 0 0.00 0.0 5 M M M M M M M M
19 23 10 17 -4 48 0 0.00 0.0 4 M M M M M M M M
20 17 7 12 -9 53 0 T 0.2 4 M M M M M M M M
21 22 12 17 -4 48 0 0.00 0.0 4 M M M M M M M M
22 36 10 23 2 42 0 0.00 0.0 4 M M M M M M M M
23 35 26 31 10 34 0 0.00 0.0 4 M M M M M M M M
24 27 19 23 2 42 0 0.22 0.3 4 M M M M M M 6 M M
25 44 27 36 15 29 0 0.13 0.0 4 M M M M M M 6 M M
26 34 30 32 11 33 0 0.39 1.5 3 M M M M M M M M
27 35 30 33 12 32 0 T T 5 M M M M M M M M
28 34 31 33 11 32 0 0.32 3.4 4 M M M M M M M M
29 31 26 29 7 36 0 0.19 3.6 11 M M M M M M M M
30 26 12 19 -3 46 0 T T 9 M M M M M M M M
31 29 12 21 -1 44 0 T T 8 M M M M M M M M
================================================================================
SM 982 614 1209 0 7.03 25.9 M M M
================================================================================
AV 31.7 19.8 M FASTST M M M MAX(MPH)
MISC ----> M M 39 9999
================================================================================
NOTES:
# LAST OF SEVERAL OCCURRENCES
COLUMN 17 PEAK WIND IN M.P.H.
PRELIMINARY LOCAL CLIMATOLOGICAL DATA (WS FORM: F-6) , PAGE 2
STATION: GRAY ME
MONTH: JANUARY
YEAR: 2024
LATITUDE: 43 53 N
LONGITUDE: 70 15 W
[TEMPERATURE DATA] [PRECIPITATION DATA] SYMBOLS USED IN COLUMN 16
AVERAGE MONTHLY: 25.7 TOTAL FOR MONTH: 7.03 1 = FOG OR MIST
DPTR FM NORMAL: 3.7 DPTR FM NORMAL: 3.48 2 = FOG REDUCING VISIBILITY
HIGHEST: 48 ON 10 GRTST 24HR 2.52 ON 10-10 TO 1/4 MILE OR LESS
LOWEST: 7 ON 20 3 = THUNDER
SNOW, ICE PELLETS, HAIL 4 = ICE PELLETS
TOTAL MONTH: 25.9 INCHES 5 = HAIL
GRTST 24HR 9.0 ON 7- 7 6 = FREEZING RAIN OR DRIZZLE
GRTST DEPTH: 11 ON 29 7 = DUSTSTORM OR SANDSTORM:
VSBY 1/2 MILE OR LESS
8 = SMOKE OR HAZE
[NO. OF DAYS WITH] [WEATHER - DAYS WITH] 9 = BLOWING SNOW
X = TORNADO
MAX 32 OR BELOW: 16 0.01 INCH OR MORE: 11
MAX 90 OR ABOVE: 0 0.10 INCH OR MORE: 10
MIN 32 OR BELOW: 30 0.50 INCH OR MORE: 4
MIN 0 OR BELOW: 0 1.00 INCH OR MORE: 2
[HDD (BASE 65) ]
TOTAL THIS MO. 1209 CLEAR (SCALE 0-3) 0
DPTR FM NORMAL -124 PTCLDY (SCALE 4-7) 0
TOTAL FM JUL 1 3503 CLOUDY (SCALE 8-10) 31
DPTR FM NORMAL -446
[CDD (BASE 65) ]
TOTAL THIS MO. 0
DPTR FM NORMAL 0 [PRESSURE DATA]
TOTAL FM JAN 1 0 HIGHEST SLP M ON M
DPTR FM NORMAL 0 LOWEST SLP M ON M
[REMARKS]
#FINAL-01-24#