000
CXUS54 KOUN 010910
CF6HBR
PRELIMINARY LOCAL CLIMATOLOGICAL DATA (WS FORM: F-6)
STATION: HOBART
MONTH: DECEMBER
YEAR: 2023
LATITUDE: 35 0 N
LONGITUDE: 99 3 W
TEMPERATURE IN F: :PCPN: SNOW: WIND :SUNSHINE: SKY :PK WND
================================================================================
1 2 3 4 5 6A 6B 7 8 9 10 11 12 13 14 15 16 17 18
12Z AVG MX 2MIN
DY MAX MIN AVG DEP HDD CDD WTR SNW DPTH SPD SPD DIR MIN PSBL S-S WX SPD DR
================================================================================
1 49 33 41 -3 24 0 0.00 M M 9.6 20 340 M M 5 1 24 330
2 62 30 46 2 19 0 0.00 M M 8.5 18 320 M M 3 12 27 320
3 67 28 48 4 17 0 0.00 M M 11.0 33 360 M M 0 45 350
4 58 29 44 0 21 0 0.00 M M 9.2 15 200 M M 0 21 220
5 63 29 46 3 19 0 0.00 M M 7.0 20 30 M M 0 26 40
6 65 31 48 5 17 0 0.00 M M 11.2 22 200 M M 0 29 200
7 74 45 60 17 5 0 0.00 M M 17.7 32 210 M M 0 40 210
8 64 41 53 11 12 0 0.00 M M 11.1 23 210 M M 0 8 32 200
9 53 27 40 -2 25 0 0.00 M M 13.4 29 20 M M 1 38 20
10 52 20 36 -6 29 0 0.00 M M 10.1 18 190 M M 0 25 180
11 61 27 44 2 21 0 0.00 M M 7.8 15 190 M M 0 22 180
12 58 29 44 3 21 0 0.00 M M 8.6 18 150 M M 1 25 150
13 52 43 48 7 17 0 0.62 M M 9.2 16 160 M M 10 1 22 170
14 54 44 49 8 16 0 1.07 M M 11.6 22 90 M M 9 13 28 300
15 52 36 44 3 21 0 0.44 M M 10.4 23 90 M M 8 1 28 90
16 59 34 47 7 18 0 0.00 M M 10.8 17 340 M M 0 1 21 340
17 71 31 51 11 14 0 0.00 M M 5.5 14 360 M M 0 8 18 360
18 53 35 44 4 21 0 0.00 M M 9.0 17 50 M M 0 22 50
19 55 36 46 6 19 0 0.00 M M 17.4 30 190 M M 0 37 190
20 59 43 51 11 14 0 0.00 M M 16.3 26 200 M M 3 33 200
21 64 50 57 17 8 0 T 0.0 0 13.2 20 170 M M 7 12 26 200
22 65 47 56 16 9 0 0.00 0.0 0 5.6 14 200 M M 6 12 19 190
23 67 48 58 19 7 0 0.62 0.0 0 14.0 30 160 M M 10 123 42 170
24 59 36 48 9 17 0 0.05 0.0 0 18.3 32 350 M M 8 1 42 350
25 46 27 37 -2 28 0 0.00 M M 13.9 26 330 M M 0 33 320
26 50 25 38 -1 27 0 0.00 M M 9.3 24 280 M M 3 31 290
27 47 33 40 1 25 0 0.00 M M 11.5 24 350 M M 7 33 350
28 40 27 34 -5 31 0 T 0.0 0 7.1 22 20 M M 8 28 20
29 57 26 42 3 23 0 0.00 0.0 0 10.3 21 340 M M 0 29 340
30 60 26 43 4 22 0 0.00 0.0 0 7.4 17 200 M M 0 21 200
31 49 31 40 1 25 0 0.00 0.0 0 13.8 24 60 M M 1 30 50
================================================================================
SM 1785 1047 592 0 2.80 0.0 339.8 M 90
================================================================================
AV 57.6 33.8 11.0 FASTST M M 3 MAX(MPH)
MISC ----> 33 360 45 350
================================================================================
NOTES:
# LAST OF SEVERAL OCCURRENCES
COLUMN 17 PEAK WIND IN M.P.H.
PRELIMINARY LOCAL CLIMATOLOGICAL DATA (WS FORM: F-6) , PAGE 2
STATION: HOBART
MONTH: DECEMBER
YEAR: 2023
LATITUDE: 35 0 N
LONGITUDE: 99 3 W
[TEMPERATURE DATA] [PRECIPITATION DATA] SYMBOLS USED IN COLUMN 16
AVERAGE MONTHLY: 45.7 TOTAL FOR MONTH: 2.80 1 = FOG OR MIST
DPTR FM NORMAL: 4.8 DPTR FM NORMAL: 1.50 2 = FOG REDUCING VISIBILITY
HIGHEST: 74 ON 7 GRTST 24HR 1.51 ON 14-15 TO 1/4 MILE OR LESS
LOWEST: 20 ON 10 3 = THUNDER
SNOW, ICE PELLETS, HAIL 4 = ICE PELLETS
TOTAL MONTH: 0.0 INCH 5 = HAIL
GRTST 24HR 0.0 6 = FREEZING RAIN OR DRIZZLE
GRTST DEPTH: 0 7 = DUSTSTORM OR SANDSTORM:
VSBY 1/2 MILE OR LESS
8 = SMOKE OR HAZE
[NO. OF DAYS WITH] [WEATHER - DAYS WITH] 9 = BLOWING SNOW
X = TORNADO
MAX 32 OR BELOW: 0 0.01 INCH OR MORE: 5
MAX 90 OR ABOVE: 0 0.10 INCH OR MORE: 4
MIN 32 OR BELOW: 16 0.50 INCH OR MORE: 3
MIN 0 OR BELOW: 0 1.00 INCH OR MORE: 1
[HDD (BASE 65) ]
TOTAL THIS MO. 592 CLEAR (SCALE 0-3) 19
DPTR FM NORMAL -155 PTCLDY (SCALE 4-7) 9
TOTAL FM JUL 1 1152 CLOUDY (SCALE 8-10) 3
DPTR FM NORMAL -207
[CDD (BASE 65) ]
TOTAL THIS MO. 0
DPTR FM NORMAL 0 [PRESSURE DATA]
TOTAL FM JAN 1 2338 HIGHEST SLP 30.52 ON 13
DPTR FM NORMAL 32 LOWEST SLP 29.61 ON 8
[REMARKS]
#FINAL-12-23#