000
CXUS53 KGID 011648
CF6HDE
PRELIMINARY LOCAL CLIMATOLOGICAL DATA (WS FORM: F-6)
STATION: HOLDREGE
MONTH: AUGUST
YEAR: 2020
LATITUDE: 40 27 N
LONGITUDE: 99 20 W
TEMPERATURE IN F: :PCPN: SNOW: WIND :SUNSHINE: SKY :PK WND
================================================================================
1 2 3 4 5 6A 6B 7 8 9 10 11 12 13 14 15 16 17 18
12Z AVG MX 2MIN
DY MAX MIN AVG DEP HDD CDD WTR SNW DPTH SPD SPD DIR MIN PSBL S-S WX SPD DR
================================================================================
1 82 59 71 -4 0 6 0.03 M M 5.3 18 40 M M 3 36 40
2 77 56 67 -8 0 2 0.00 M M 6.3 14 10 M M 1 21 10
3 77 52 65 -10 0 0 0.00 M M 2.3 7 120 M M 3 M M
4 75 57 66 -9 0 1 0.17 M M 8.5 15 170 M M 5 3 21 170
5 82 57 70 -4 0 5 0.00 M M 7.1 15 190 M M 1 3 M M
6 87 64 76 2 0 11 0.00 M M 7.1 15 150 M M 0 3 18 150
7 88 69 79 5 0 14 0.00 M M 8.8 14 170 M M 4 1 18 180
8 93 66 80 6 0 15 0.00 M M 7.1 13 150 M M 0 M M
9 94 67 81 7 0 16 0.00 M M 6.7 14 190 M M 0 1 21 190
10 82 64 73 -1 0 8 0.00 M M 9.4 18 60 M M 2 1 23 90
11 88 62 75 1 0 10 0.00 M M 9.3 21 190 M M 1 29 190
12 91 65 78 4 0 13 0.00 M M 7.8 16 120 M M 0 20 200
13 90 69 80 6 0 15 0.00 M M 7.4 14 120 M M 5 1 21 180
14 89 65 77 3 0 12 0.00 M M 7.5 14 160 M M 3 20 160
15 85 59 72 -2 0 7 0.00 M M 6.2 13 140 M M 2 17 140
16 90 62 76 2 0 11 T M M 6.4 14 220 M M 2 3 17 220
17 87 60 74 1 0 9 0.00 M M 2.8 6 310 M M 0 1 M M
18 87 60 74 1 0 9 0.05 M M 6.4 12 140 M M 1 3 18 150
19 85 62 74 1 0 9 0.00 M M 8.9 16 150 M M 1 22 160
20 91 62 77 4 0 12 0.00 M M 8.6 15 200 M M 0 20 200
21 91 67 79 6 0 14 0.00 M M 7.4 9 170 M M 0 16 190
22 92 63 78 6 0 13 0.00 M M 5.6 9 170 M M 0 M M
23 95 64 80 8 0 15 0.00 M M 5.3 9 170 M M 0 M M
24 94 67 81 9 0 16 0.00 M M 9.1 15 170 M M 0 17 170
25 96 65 81 9 0 16 0.00 M M 10.2 22 200 M M 0 28 200
26 95 65 80 8 0 15 0.00 M M 10.5 18 190 M M 0 29 190
27 95 69 82 11 0 17 0.00 M M 8.3 12 200 M M 0 16 170
28 90 64 77 6 0 12 0.00 M M 7.4 16 30 M M 1 18 20
29 79 60 70 -1 0 5 0.00 M M 6.2 10 50 M M 0 38 M M
30 83 60 72 1 0 7 0.00 M M 10.7 18 190 M M 3 3 25 190
31 74 55 65 -5 0 0 0.00 M M 11.4 25 20 M M 2 8 32 10
================================================================================
SM 2704 1936 0 315 0.25 M 232.0 M 40
================================================================================
AV 87.2 62.5 7.5 FASTST M M 1 MAX(MPH)
MISC ----> # 25 20 # M M
================================================================================
NOTES:
# LAST OF SEVERAL OCCURRENCES
COLUMN 17 PEAK WIND IN M.P.H.
PRELIMINARY LOCAL CLIMATOLOGICAL DATA (WS FORM: F-6) , PAGE 2
STATION: HOLDREGE
MONTH: AUGUST
YEAR: 2020
LATITUDE: 40 27 N
LONGITUDE: 99 20 W
[TEMPERATURE DATA] [PRECIPITATION DATA] SYMBOLS USED IN COLUMN 16
AVERAGE MONTHLY: 74.8 TOTAL FOR MONTH: 0.25 1 = FOG OR MIST
DPTR FM NORMAL: 1.7 DPTR FM NORMAL: -3.19 2 = FOG REDUCING VISIBILITY
HIGHEST: 96 ON 25 GRTST 24HR 0.17 ON 4- 4 TO 1/4 MILE OR LESS
LOWEST: 52 ON 3 3 = THUNDER
SNOW, ICE PELLETS, HAIL 4 = ICE PELLETS
TOTAL MONTH: M 5 = HAIL
GRTST 24HR M ON M 6 = FREEZING RAIN OR DRIZZLE
GRTST DEPTH: M ON M 7 = DUSTSTORM OR SANDSTORM:
VSBY 1/2 MILE OR LESS
8 = SMOKE OR HAZE
[NO. OF DAYS WITH] [WEATHER - DAYS WITH] 9 = BLOWING SNOW
X = TORNADO
MAX 32 OR BELOW: 0 0.01 INCH OR MORE: 3
MAX 90 OR ABOVE: 14 0.10 INCH OR MORE: 1
MIN 32 OR BELOW: 0 0.50 INCH OR MORE: 0
MIN 0 OR BELOW: 0 1.00 INCH OR MORE: 0
[HDD (BASE 65) ]
TOTAL THIS MO. 0 CLEAR (SCALE 0-3) 28
DPTR FM NORMAL -9 PTCLDY (SCALE 4-7) 3
TOTAL FM JUL 1 0 CLOUDY (SCALE 8-10) 0
DPTR FM NORMAL -12
[CDD (BASE 65) ]
TOTAL THIS MO. 315
DPTR FM NORMAL 53 [PRESSURE DATA]
TOTAL FM JAN 1 1036 HIGHEST SLP M ON M
DPTR FM NORMAL 224 LOWEST SLP M ON M
[REMARKS]
#FINAL-08-20#