000
CXUS51 KLWX 010815
CF6HGR
PRELIMINARY LOCAL CLIMATOLOGICAL DATA (WS FORM: F-6)
STATION: HAGERSTOWN MD
MONTH: MAY
YEAR: 2023
LATITUDE: 39 42 N
LONGITUDE: 77 43 W
TEMPERATURE IN F: :PCPN: SNOW: WIND :SUNSHINE: SKY :PK WND
================================================================================
1 2 3 4 5 6A 6B 7 8 9 10 11 12 13 14 15 16 17 18
12Z AVG MX 2MIN
DY MAX MIN AVG DEP HDD CDD WTR SNW DPTH SPD SPD DIR MIN PSBL S-S WX SPD DR
================================================================================
1 57 43 50 -10 15 0 0.15 M M 8.9 29 280 M M 8 1 38 270
2 50 42 46 -14 19 0 T M M 8.3 20 260 M M 8 26 260
3 53 41 47 -14 18 0 0.05 0.0 0 8.1 26 290 M M 7 1 33 290
4 59 40 50 -11 15 0 0.06 M M 5.9 18 290 M M 8 22 300
5 66 39 53 -8 12 0 0.00 M M 2.9 13 30 M M 4 12 15 300
6 72 42 57 -5 8 0 0.00 M M 2.9 8 260 M M 0 12 270
7 71 52 62 0 3 0 0.08 M M 3.7 16 270 M M 6 12 19 260
8 79 57 68 6 0 3 0.14 M M 6.5 18 310 M M 4 12 24 310
9 68 54 61 -1 4 0 0.05 M M 4.6 15 10 M M 6 17 20
10 71 47 59 -4 6 0 0.00 M M 5.1 10 280 M M 0 14 290
11 80 48 64 1 1 0 0.00 M M 3.2 8 190 M M 0 12 260
12 85 57 71 8 0 6 0.00 M M 2.8 8 230 M M 0 8 11 250
13 72 56 64 0 1 0 0.24 M M 4.0 13 10 M M 8 12 19 360
14 77 53 65 1 0 0 0.00 M M 6.4 15 350 M M 2 12 18 10
15 74 50 62 -2 3 0 0.00 M M 5.6 10 180 M M 0 13 260
16 78 55 67 3 0 2 0.00 M M 7.4 15 260 M M 1 24 230
17 71 50 61 -4 4 0 0.00 M M 9.3 18 10 M M 1 24 360
18 70 42 56 -9 9 0 0.00 M M 8.2 17 160 M M 1 22 190
19 74 52 63 -2 2 0 0.00 M M 10.7 20 180 M M 4 25 140
20 77 55 66 0 0 1 0.10 M M 5.6 23 310 M M 3 1 27 310
21 78 52 65 -1 0 0 0.00 M M 7.8 18 320 M M 1 27 310
22 79 53 66 0 0 1 0.00 M M 3.0 10 170 M M 2 13 160
23 76 59 68 2 0 3 0.00 M M 4.8 14 180 M M 2 20 200
24 81 51 66 -1 0 1 0.00 M M 5.8 24 30 M M 2 31 20
25 70 47 59 -8 6 0 0.00 M M 9.6 23 20 M M 1 31 10
26 76 46 61 -6 4 0 0.00 M M 5.7 13 70 M M 0 17 30
27 78 48 63 -5 2 0 0.00 M M 4.1 14 100 M M 0 19 120
28 80 51 66 -2 0 1 0.00 M M 4.8 14 90 M M 1 20 110
29 86 60 73 5 0 8 0.00 M M 6.5 14 170 M M 4 8 23 120
30 81 53 67 -1 0 2 0.00 M M 6.7 14 60 M M 0 19 110
31 82 54 68 -1 0 3 0.00 M M 4.0 13 80 M M 0 18 90
================================================================================
SM 2271 1549 132 31 0.87 0.0 182.9 M 84
================================================================================
AV 73.3 50.0 5.9 FASTST M M 3 MAX(MPH)
MISC ----> 29 280 38 270
================================================================================
NOTES:
# LAST OF SEVERAL OCCURRENCES
COLUMN 17 PEAK WIND IN M.P.H.
PRELIMINARY LOCAL CLIMATOLOGICAL DATA (WS FORM: F-6) , PAGE 2
STATION: HAGERSTOWN MD
MONTH: MAY
YEAR: 2023
LATITUDE: 39 42 N
LONGITUDE: 77 43 W
[TEMPERATURE DATA] [PRECIPITATION DATA] SYMBOLS USED IN COLUMN 16
AVERAGE MONTHLY: 61.6 TOTAL FOR MONTH: 0.87 1 = FOG OR MIST
DPTR FM NORMAL: -2.8 DPTR FM NORMAL: -2.68 2 = FOG REDUCING VISIBILITY
HIGHEST: 86 ON 29 GRTST 24HR 0.24 ON 13-13 TO 1/4 MILE OR LESS
LOWEST: 39 ON 5 3 = THUNDER
SNOW, ICE PELLETS, HAIL 4 = ICE PELLETS
TOTAL MONTH: 0.0 INCH 5 = HAIL
GRTST 24HR 0.0 6 = FREEZING RAIN OR DRIZZLE
GRTST DEPTH: 0 7 = DUSTSTORM OR SANDSTORM:
VSBY 1/2 MILE OR LESS
8 = SMOKE OR HAZE
[NO. OF DAYS WITH] [WEATHER - DAYS WITH] 9 = BLOWING SNOW
X = TORNADO
MAX 32 OR BELOW: 0 0.01 INCH OR MORE: 8
MAX 90 OR ABOVE: 0 0.10 INCH OR MORE: 4
MIN 32 OR BELOW: 0 0.50 INCH OR MORE: 0
MIN 0 OR BELOW: 0 1.00 INCH OR MORE: 0
[HDD (BASE 65) ]
TOTAL THIS MO. 132 CLEAR (SCALE 0-3) 20
DPTR FM NORMAL 22 PTCLDY (SCALE 4-7) 8
TOTAL FM JUL 1 4215 CLOUDY (SCALE 8-10) 3
DPTR FM NORMAL -490
[CDD (BASE 65) ]
TOTAL THIS MO. 31
DPTR FM NORMAL -62 [PRESSURE DATA]
TOTAL FM JAN 1 71 HIGHEST SLP 30.38 ON 27
DPTR FM NORMAL -43 LOWEST SLP 29.33 ON 1
[REMARKS]
#FINAL-05-23#