000
CXUS54 KHGX 011510
CF6HGX
PRELIMINARY LOCAL CLIMATOLOGICAL DATA (WS FORM: F-6)
STATION: DICKINSON WFO
MONTH: JANUARY
YEAR: 2023
LATITUDE: 29 28 N
LONGITUDE: 95 5 W
TEMPERATURE IN F: :PCPN: SNOW: WIND :SUNSHINE: SKY :PK WND
================================================================================
1 2 3 4 5 6A 6B 7 8 9 10 11 12 13 14 15 16 17 18
12Z AVG MX 2MIN
DY MAX MIN AVG DEP HDD CDD WTR SNW DPTH SPD SPD DIR MIN PSBL S-S WX SPD DR
================================================================================
1 79 55 67 12 0 2 0.00 0.0 0 M M M M M M 12 M M
2 76 69 73 19 0 8 0.04 0.0 0 M M M M M M 12 M M
3 80 57 69 15 0 4 T 0.0 0 M M M M M M M M
4 75 49 62 8 3 0 0.00 0.0 0 M M M M M M M M
5 72 46 59 5 6 0 0.00 0.0 0 M M M M M M M M
6 77 50 64 10 1 0 0.00 0.0 0 M M M M M M M M
7 79 60 70 16 0 5 0.30 0.0 0 M M M M M M M M
8 70 52 61 7 4 0 0.77 0.0 0 M M M M M M M M
9 65 52 59 5 6 0 0.00 0.0 0 M M M M M M M M
10 78 59 69 15 0 4 0.00 0.0 0 M M M M M M M M
11 80 64 72 18 0 7 0.00 0.0 0 M M M M M M M M
12 71 52 62 8 3 0 0.03 0.0 0 M M M M M M M M
13 63 42 53 -1 12 0 0.00 0.0 0 M M M M M M M M
14 62 37 50 -4 15 0 0.00 0.0 0 M M M M M M M M
15 72 54 63 9 2 0 0.00 0.0 0 M M M M M M M M
16 75 64 70 16 0 5 0.00 0.0 0 M M M M M M 1 M M
17 79 65 72 18 0 7 0.00 0.0 0 M M M M M M 1 M M
18 79 54 67 12 0 2 0.04 0.0 0 M M M M M M 1 M M
19 72 51 62 7 3 0 0.00 0.0 0 M M M M M M M M
20 57 48 53 -2 12 0 0.18 0.0 0 M M M M M M M M
21 53 48 51 -4 14 0 1.03 0.0 0 M M M M M M M M
22 62 42 52 -3 13 0 0.00 0.0 0 M M M M M M 1 M M
23 57 41 49 -6 16 0 0.00 0.0 0 M M M M M M M M
24 70 41 56 1 9 0 1.45 0.0 0 M M M M M M M M
25 54 39 47 -8 18 0 0.00 0.0 0 M M M M M M M M
26 58 37 48 -7 17 0 0.00 0.0 0 M M M M M M M M
27 58 37 48 -7 17 0 0.00 0.0 0 M M M M M M M M
28 73 58 66 10 0 1 0.03 0.0 0 M M M M M M 1 M M
29 77 64 71 15 0 6 0.77 0.0 0 M M M M M M 13 M M
30 64 40 52 -4 13 0 T 0.0 0 M M M M M M 1 M M
31 47 39 43 -13 22 0 0.02 0.0 0 M M M M M M 1 M M
================================================================================
SM 2134 1566 206 51 4.66 0.0 M M M
================================================================================
AV 68.8 50.5 M FASTST M M M MAX(MPH)
MISC ----> M M M M
================================================================================
NOTES:
# LAST OF SEVERAL OCCURRENCES
COLUMN 17 PEAK WIND IN M.P.H.
PRELIMINARY LOCAL CLIMATOLOGICAL DATA (WS FORM: F-6) , PAGE 2
STATION: DICKINSON WFO
MONTH: JANUARY
YEAR: 2023
LATITUDE: 29 28 N
LONGITUDE: 95 5 W
[TEMPERATURE DATA] [PRECIPITATION DATA] SYMBOLS USED IN COLUMN 16
AVERAGE MONTHLY: 59.7 TOTAL FOR MONTH: 4.66 1 = FOG OR MIST
DPTR FM NORMAL: 4.9 DPTR FM NORMAL: -0.14 2 = FOG REDUCING VISIBILITY
HIGHEST: 80 ON 11, 3 GRTST 24HR 1.45 ON 24-24 TO 1/4 MILE OR LESS
LOWEST: 37 ON 27,26 3 = THUNDER
SNOW, ICE PELLETS, HAIL 4 = ICE PELLETS
TOTAL MONTH: 0.0 INCH 5 = HAIL
GRTST 24HR 0.0 6 = FREEZING RAIN OR DRIZZLE
GRTST DEPTH: 0 7 = DUSTSTORM OR SANDSTORM:
VSBY 1/2 MILE OR LESS
8 = SMOKE OR HAZE
[NO. OF DAYS WITH] [WEATHER - DAYS WITH] 9 = BLOWING SNOW
X = TORNADO
MAX 32 OR BELOW: 0 0.01 INCH OR MORE: 11
MAX 90 OR ABOVE: 0 0.10 INCH OR MORE: 6
MIN 32 OR BELOW: 0 0.50 INCH OR MORE: 4
MIN 0 OR BELOW: 0 1.00 INCH OR MORE: 2
[HDD (BASE 65) ]
TOTAL THIS MO. 206 CLEAR (SCALE 0-3) 0
DPTR FM NORMAL -131 PTCLDY (SCALE 4-7) 0
TOTAL FM JUL 1 735 CLOUDY (SCALE 8-10) 31
DPTR FM NORMAL -56
[CDD (BASE 65) ]
TOTAL THIS MO. 51
DPTR FM NORMAL 31 [PRESSURE DATA]
TOTAL FM JAN 1 51 HIGHEST SLP M ON M
DPTR FM NORMAL 31 LOWEST SLP M ON M
[REMARKS]
#FINAL-01-23#