000
CXUS54 KHGX 012158
CF6HGX
PRELIMINARY LOCAL CLIMATOLOGICAL DATA (WS FORM: F-6)
STATION: DICKINSON WFO
MONTH: JUNE
YEAR: 2021
LATITUDE: 29 28 N
LONGITUDE: 95 5 W
TEMPERATURE IN F: :PCPN: SNOW: WIND :SUNSHINE: SKY :PK WND
================================================================================
1 2 3 4 5 6A 6B 7 8 9 10 11 12 13 14 15 16 17 18
12Z AVG MX 2MIN
DY MAX MIN AVG DEP HDD CDD WTR SNW DPTH SPD SPD DIR MIN PSBL S-S WX SPD DR
================================================================================
1 84 76 80 -1 0 15 0.00 0.0 0 M M M M M M M M
2 89 72 81 0 0 16 0.00 0.0 0 M M M M M M M M
3 84 71 78 -3 0 13 1.32 0.0 0 M M M M M M 3 M M
4 78 71 75 -6 0 10 1.51 0.0 0 M M M M M M 3 M M
5 85 71 78 -3 0 13 2.51 0.0 0 M M M M M M 3 M M
6 88 73 81 -1 0 16 0.05 0.0 0 M M M M M M M M
7 88 80 84 2 0 19 0.00 0.0 0 M M M M M M M M
8 90 80 85 3 0 20 T 0.0 0 M M M M M M M M
9 89 81 85 3 0 20 0.00 0.0 0 M M M M M M M M
10 89 79 84 2 0 19 0.00 0.0 0 M M M M M M M M
11 90 77 84 2 0 19 0.00 0.0 0 M M M M M M M M
12 91 77 84 2 0 19 0.00 0.0 0 M M M M M M M M
13 95 79 87 5 0 22 0.01 0.0 0 M M M M M M M M
14 96 79 88 6 0 23 0.00 0.0 0 M M M M M M M M
15 95 72 84 2 0 19 0.29 0.0 0 M M M M M M 3 M M
16 94 74 84 1 0 19 0.00 0.0 0 M M M M M M M M
17 92 76 84 1 0 19 0.00 0.0 0 M M M M M M M M
18 91 73 82 -1 0 17 0.00 0.0 0 M M M M M M M M
19 93 77 85 2 0 20 0.00 0.0 0 M M M M M M M M
20 90 78 84 1 0 19 0.89 0.0 0 M M M M M M 3 M M
21 91 81 86 3 0 21 0.09 0.0 0 M M M M M M 3 M M
22 93 77 85 2 0 20 T 0.0 0 M M M M M M M M
23 92 78 85 2 0 20 T 0.0 0 M M M M M M M M
24 91 81 86 3 0 21 0.01 0.0 0 M M M M M M M M
25 91 82 87 4 0 22 0.21 0.0 0 M M M M M M M M
26 91 81 86 3 0 21 0.00 0.0 0 M M M M M M M M
27 90 77 84 1 0 19 0.19 0.0 0 M M M M M M M M
28 82 74 78 -5 0 13 1.27 0.0 0 M M M M M M M M
29 88 76 82 -1 0 17 0.32 0.0 0 M M M M M M M M
30 90 77 84 1 0 19 0.02 0.0 0 M M M M M M M M
================================================================================
SM 2690 2300 0 550 8.69 0.0 M M M
================================================================================
AV 89.7 76.7 M FASTST M M M MAX(MPH)
MISC ----> M M M M
================================================================================
NOTES:
# LAST OF SEVERAL OCCURRENCES
COLUMN 17 PEAK WIND IN M.P.H.
PRELIMINARY LOCAL CLIMATOLOGICAL DATA (WS FORM: F-6) , PAGE 2
STATION: DICKINSON WFO
MONTH: JUNE
YEAR: 2021
LATITUDE: 29 28 N
LONGITUDE: 95 5 W
[TEMPERATURE DATA] [PRECIPITATION DATA] SYMBOLS USED IN COLUMN 16
AVERAGE MONTHLY: 83.2 TOTAL FOR MONTH: 8.69 1 = FOG OR MIST
DPTR FM NORMAL: 0.8 DPTR FM NORMAL: 2.15 2 = FOG REDUCING VISIBILITY
HIGHEST: 96 ON 14 GRTST 24HR 2.51 ON 5- 5 TO 1/4 MILE OR LESS
LOWEST: 71 ON 5, 4 3 = THUNDER
SNOW, ICE PELLETS, HAIL 4 = ICE PELLETS
TOTAL MONTH: 0.0 INCH 5 = HAIL
GRTST 24HR 0.0 6 = FREEZING RAIN OR DRIZZLE
GRTST DEPTH: 0 7 = DUSTSTORM OR SANDSTORM:
VSBY 1/2 MILE OR LESS
8 = SMOKE OR HAZE
[NO. OF DAYS WITH] [WEATHER - DAYS WITH] 9 = BLOWING SNOW
X = TORNADO
MAX 32 OR BELOW: 0 0.01 INCH OR MORE: 14
MAX 90 OR ABOVE: 19 0.10 INCH OR MORE: 9
MIN 32 OR BELOW: 0 0.50 INCH OR MORE: 5
MIN 0 OR BELOW: 0 1.00 INCH OR MORE: 4
[HDD (BASE 65) ]
TOTAL THIS MO. 0 CLEAR (SCALE 0-3) 0
DPTR FM NORMAL 0 PTCLDY (SCALE 4-7) 0
TOTAL FM JUL 1 1124 CLOUDY (SCALE 8-10) 30
DPTR FM NORMAL -22
[CDD (BASE 65) ]
TOTAL THIS MO. 550
DPTR FM NORMAL 30 [PRESSURE DATA]
TOTAL FM JAN 1 1161 HIGHEST SLP M ON M
DPTR FM NORMAL -49 LOWEST SLP M ON M
[REMARKS]
#FINAL-06-21#