238
CXUS56 KPQR 011210
CF6HIO
PRELIMINARY LOCAL CLIMATOLOGICAL DATA (WS FORM: F-6)
STATION: HILLSBORO OR
MONTH: JANUARY
YEAR: 2021
LATITUDE: 45 32 N
LONGITUDE: 122 57 W
TEMPERATURE IN F: :PCPN: SNOW: WIND :SUNSHINE: SKY :PK WND
================================================================================
1 2 3 4 5 6A 6B 7 8 9 10 11 12 13 14 15 16 17 18
12Z AVG MX 2MIN
DY MAX MIN AVG DEP HDD CDD WTR SNW DPTH SPD SPD DIR MIN PSBL S-S WX SPD DR
================================================================================
1 52 46 49 11 16 0 0.28 M M 8.4 17 170 M M 10 18 22 180
2 50 46 48 10 17 0 1.04 M M 15.4 24 180 M M 9 1 34 180
3 51 38 45 6 20 0 0.32 M M 7.0 20 180 M M 8 1 26 190
4 52 43 48 9 17 0 0.66 M M 6.8 16 230 M M 9 1 20 220
5 49 40 45 6 20 0 0.09 M M 6.1 17 130 M M 8 1 26 110
6 50 42 46 7 19 0 0.71 M M 3.9 14 170 M M 10 12 18 180
7 53 37 45 6 20 0 0.01 M M 4.5 18 100 M M 5 12 23 100
8 51 31 41 2 24 0 0.43 M M 3.6 12 320 M M 6 1 16 310
9 45 30 38 -1 27 0 0.03 M M 2.5 10 300 M M 6 12 12 300
10 47 39 43 3 22 0 0.12 M M 1.6 12 90 M M 10 12 13 80
11 50 39 45 5 20 0 0.52 M M 3.1 13 180 M M 9 12 17 170
12 59 50 55 15 10 0 1.85 M M 13.5 22 210 M M 10 1 29 210
13 59 39 49 9 16 0 0.01 M M 5.3 31 280 M M 2 40 270
14 54 35 45 5 20 0 0.02 M M 2.8 9 290 M M 3 1 11 290
15 50 44 47 7 18 0 0.06 M M 2.1 8 80 M M 10 1 9 70
16 49 39 44 4 21 0 0.00 M M 2.4 7 170 M M 7 8 180
17 50 35 43 3 22 0 0.03 M M 2.3 7 310 M M 8 12 8 310
18 53 30 42 2 23 0 0.00 M M 2.5 9 310 M M 3 12 11 60
19 54 28 41 0 24 0 0.00 M M 2.0 8 120 M M 0 1 12 90
20 47 26 37 -4 28 0 T M M 0.6 5 290 M M 4 1 6 220
21 49 38 44 3 21 0 0.14 M M 2.1 8 60 M M 9 18 10 60
22 51 29 40 -1 25 0 0.00 M M 3.2 12 50 M M 3 15 60
23 46 25 36 -5 29 0 0.00 M M 0.6 6 140 M M 3 12 7 160
24 39 35 37 -4 28 0 0.38 M M 1.9 10 180 M M 10 1 13 140
25 42 34 38 -3 27 0 0.01 M M 1.7 9 160 M M 10 1 11 170
26 40 33 37 -4 28 0 0.47 M M 7.4 20 100 M M 10 1 27 80
27 42 32 37 -4 28 0 0.22 M M 2.6 10 200 M M 10 12 13 200
28 46 34 40 -1 25 0 0.03 M M 3.8 10 160 M M 10 12 14 160
29 45 32 39 -2 26 0 0.07 M M 2.6 10 160 M M 9 12 13 170
30 51 41 46 5 19 0 0.12 M M 9.2 21 160 M M 10 18 26 160
31 55 47 51 9 14 0 0.24 M M 7.6 18 180 M M 10 1 24 170
================================================================================
SM 1531 1137 674 0 7.86 M 139.1 M 231
================================================================================
AV 49.4 36.7 4.5 FASTST M M 7 MAX(MPH)
MISC ----> 31 280 40 270
================================================================================
NOTES:
# LAST OF SEVERAL OCCURRENCES
COLUMN 17 PEAK WIND IN M.P.H.
PRELIMINARY LOCAL CLIMATOLOGICAL DATA (WS FORM: F-6) , PAGE 2
STATION: HILLSBORO OR
MONTH: JANUARY
YEAR: 2021
LATITUDE: 45 32 N
LONGITUDE: 122 57 W
[TEMPERATURE DATA] [PRECIPITATION DATA] SYMBOLS USED IN COLUMN 16
AVERAGE MONTHLY: 43.0 TOTAL FOR MONTH: 7.86 1 = FOG OR MIST
DPTR FM NORMAL: 2.9 DPTR FM NORMAL: 1.80 2 = FOG REDUCING VISIBILITY
HIGHEST: 59 ON 13,12 GRTST 24HR 2.53 ON 11-12 TO 1/4 MILE OR LESS
LOWEST: 25 ON 23 3 = THUNDER
SNOW, ICE PELLETS, HAIL 4 = ICE PELLETS
TOTAL MONTH: M 5 = HAIL
GRTST 24HR M ON M 6 = FREEZING RAIN OR DRIZZLE
GRTST DEPTH: M ON M 7 = DUSTSTORM OR SANDSTORM:
VSBY 1/2 MILE OR LESS
8 = SMOKE OR HAZE
[NO. OF DAYS WITH] [WEATHER - DAYS WITH] 9 = BLOWING SNOW
X = TORNADO
MAX 32 OR BELOW: 0 0.01 INCH OR MORE: 25
MAX 90 OR ABOVE: 0 0.10 INCH OR MORE: 15
MIN 32 OR BELOW: 9 0.50 INCH OR MORE: 5
MIN 0 OR BELOW: 0 1.00 INCH OR MORE: 2
[HDD (BASE 65) ]
TOTAL THIS MO. 674 CLEAR (SCALE 0-3) 5
DPTR FM NORMAL -98 PTCLDY (SCALE 4-7) 8
TOTAL FM JUL 1 2452 CLOUDY (SCALE 8-10) 18
DPTR FM NORMAL -443
[CDD (BASE 65) ]
TOTAL THIS MO. 0
DPTR FM NORMAL 0 [PRESSURE DATA]
TOTAL FM JAN 1 0 HIGHEST SLP 30.54 ON 17
DPTR FM NORMAL 0 LOWEST SLP 29.39 ON 26
[REMARKS]
#FINAL-01-21#