000
CXUS56 KHNX 080753
CF6HJO
PRELIMINARY LOCAL CLIMATOLOGICAL DATA (WS FORM: F-6)
STATION: HANFORD CA AIRPORT
MONTH: DECEMBER
YEAR: 2021
LATITUDE: 36 19 N
LONGITUDE: 119 38 W
TEMPERATURE IN F: :PCPN: SNOW: WIND :SUNSHINE: SKY :PK WND
================================================================================
1 2 3 4 5 6A 6B 7 8 9 10 11 12 13 14 15 16 17 18
12Z AVG MX 2MIN
DY MAX MIN AVG DEP HDD CDD WTR SNW DPTH SPD SPD DIR MIN PSBL S-S WX SPD DR
================================================================================
1 74 37 56 8 9 0 0.00 0.0 0 2.0 6 80 M M 0 18 8 90
2 73 36 55 7 10 0 0.00 0.0 0 1.7 6 320 M M 1 128 8 290
3 71 38 55 7 10 0 0.00 0.0 0 2.5 7 340 M M 1 128 10 340
4 51 42 47 0 18 0 0.00 0.0 0 4.4 10 320 M M 10 12 13 320
5 49 47 48 1 17 0 0.00 0.0 0 1.4 7 140 M M 10 1 9 130
6 48 46 47 0 18 0 0.00 0.0 0 1.6 8 150 M M 10 1 10 110
7 53 37 45 -2 20 0 T 0.0 0 1.1 6 150 M M 8 128 8 220
8 62 36 49 3 16 0 0.00 0.0 0 2.6 8 300 M M 7 128 10 290
9 56 43 50 4 15 0 0.32 0.0 0 3.1 15 330 M M 9 18 19 330
10 56 35 46 0 19 0 0.00 0.0 0 2.9 10 320 M M 2 1 13 310
11 57 32 45 -1 20 0 0.00 0.0 0 2.0 7 140 M M 2 128 9 150
12 59 32 46 0 19 0 0.00 0.0 0 2.3 7 150 M M 5 128 9 90
13 56 46 51 5 14 0 0.05 0.0 0 5.4 12 110 M M 9 1 17 120
14 53 34 44 -2 21 0 0.87 0.0 0 4.7 22 310 M M 9 1 27 300
15 52 32 42 -4 23 0 0.00 0.0 0 4.4 9 160 M M 3 1 13 150
16 55 41 48 2 17 0 0.16 0.0 0 6.9 16 310 M M 8 1 20 310
17 49 42 46 0 19 0 0.00 0.0 0 4.6 13 320 M M 9 1 16 310
18 51 33 42 -3 23 0 0.00 0.0 0 1.6 6 80 M M 7 1 8 80
19 52 31 42 -3 23 0 0.00 0.0 0 2.2 12 300 M M 7 128 14 300
20 41 39 40 -5 25 0 0.00 0.0 0 1.1 7 160 M M 10 12 8 140
21 45 38 42 -3 23 0 0.00 0.0 0 2.3 8 70 M M 10 128 12 240
22 51 38 45 0 20 0 0.29 0.0 0 4.9 14 120 M M 10 128 21 120
23 57 48 53 8 12 0 0.61 0.0 0 5.1 13 150 M M 8 1 17 140
24 62 47 55 10 10 0 0.34 0.0 0 5.2 16 330 M M 8 1 20 320
25 58 40 49 4 16 0 0.27 0.0 0 7.3 25 180 M M 6 1 36 180
26 55 35 45 0 20 0 0.00 0.0 0 2.4 7 150 M M 3 1 10 300
27 52 40 46 1 19 0 0.16 0.0 0 5.9 15 290 M M 9 1 19 320
28 50 36 43 -2 22 0 T 0.0 0 2.6 10 320 M M 8 1 13 320
29 53 40 47 1 18 0 0.29 0.0 0 3.6 10 120 M M 10 1 16 120
30 53 38 46 0 19 0 0.00 0.0 0 4.6 14 320 M M 6 128 16 330
31 53 35 44 -2 21 0 0.00 0.0 0 5.3 18 310 M M 8 12 23 320
================================================================================
SM 1707 1194 556 0 3.36 0.0 107.7 M 213
================================================================================
AV 55.1 38.5 3.5 FASTST M M 7 MAX(MPH)
MISC ----> 25 180 36 180
================================================================================
NOTES:
# LAST OF SEVERAL OCCURRENCES
COLUMN 17 PEAK WIND IN M.P.H.
PRELIMINARY LOCAL CLIMATOLOGICAL DATA (WS FORM: F-6) , PAGE 2
STATION: HANFORD CA AIRPORT
MONTH: DECEMBER
YEAR: 2021
LATITUDE: 36 19 N
LONGITUDE: 119 38 W
[TEMPERATURE DATA] [PRECIPITATION DATA] SYMBOLS USED IN COLUMN 16
AVERAGE MONTHLY: 46.8 TOTAL FOR MONTH: 3.36 1 = FOG OR MIST
DPTR FM NORMAL: 0.8 DPTR FM NORMAL: 2.00 2 = FOG REDUCING VISIBILITY
HIGHEST: 74 ON 1 GRTST 24HR 0.91 ON 13-14 TO 1/4 MILE OR LESS
LOWEST: 31 ON 19 3 = THUNDER
SNOW, ICE PELLETS, HAIL 4 = ICE PELLETS
TOTAL MONTH: 0.0 INCH 5 = HAIL
GRTST 24HR 0.0 6 = FREEZING RAIN OR DRIZZLE
GRTST DEPTH: 0 7 = DUSTSTORM OR SANDSTORM:
VSBY 1/2 MILE OR LESS
8 = SMOKE OR HAZE
[NO. OF DAYS WITH] [WEATHER - DAYS WITH] 9 = BLOWING SNOW
X = TORNADO
MAX 32 OR BELOW: 0 0.01 INCH OR MORE: 10
MAX 90 OR ABOVE: 0 0.10 INCH OR MORE: 9
MIN 32 OR BELOW: 4 0.50 INCH OR MORE: 2
MIN 0 OR BELOW: 0 1.00 INCH OR MORE: 0
[HDD (BASE 65) ]
TOTAL THIS MO. 556 CLEAR (SCALE 0-3) 6
DPTR FM NORMAL -33 PTCLDY (SCALE 4-7) 10
TOTAL FM JUL 1 955 CLOUDY (SCALE 8-10) 15
DPTR FM NORMAL -78
[CDD (BASE 65) ]
TOTAL THIS MO. 0
DPTR FM NORMAL 0 [PRESSURE DATA]
TOTAL FM JAN 1 2283 HIGHEST SLP 30.35 ON 18
DPTR FM NORMAL 415 LOWEST SLP 29.73 ON 24
[REMARKS]
#FINAL-12-21#