437
CXUS53 KGLD 010900
CF6HLC
PRELIMINARY LOCAL CLIMATOLOGICAL DATA (WS FORM: F-6)
STATION: HILL CITY KS
MONTH: OCTOBER
YEAR: 2020
LATITUDE: 39 22 N
LONGITUDE: 99 50 W
TEMPERATURE IN F: :PCPN: SNOW: WIND :SUNSHINE: SKY :PK WND
================================================================================
1 2 3 4 5 6A 6B 7 8 9 10 11 12 13 14 15 16 17 18
12Z AVG MX 2MIN
DY MAX MIN AVG DEP HDD CDD WTR SNW DPTH SPD SPD DIR MIN PSBL S-S WX SPD DR
================================================================================
1 68 37 53 -7 12 0 0.00 M M 8.9 22 340 M M 2 34 360
2 78 31 55 -5 10 0 0.00 M M 5.9 24 350 M M 0 8 31 350
3 71 38 55 -5 10 0 0.00 M M 9.6 24 360 M M 1 33 360
4 82 33 58 -1 7 0 0.00 M M 9.1 22 180 M M 0 33 180
5 88 56 72 13 0 7 0.00 M M 10.7 21 220 M M 0 8 30 220
6 88 44 66 8 0 1 0.00 M M 7.0 17 220 M M 0 8 23 230
7 93 46 70 12 0 5 0.00 M M 6.2 13 140 M M 0 8 23 110
8 90 47 69 12 0 4 0.00 M M 10.3 22 160 M M 0 18 33 160
9 89 51 70 13 0 5 0.00 M M 7.2 18 240 M M 0 8 25 200
10 84 47 66 10 0 1 0.00 M M 6.5 16 80 M M 0 22 80
11 93 57 75 19 0 10 T M M 16.9 51 320 M M 1 8 75 340
12 77 38 58 2 7 0 0.00 M M 10.3 20 210 M M 0 29 250
13 76 42 59 4 6 0 0.00 M M 9.0 22 60 M M 0 28 40
14 75 48 62 7 3 0 0.00 M M 12.7 29 10 M M 0 39 340
15 60 45 53 -1 12 0 0.00 M M 11.4 22 350 M M 4 30 350
16 66 38 52 -2 13 0 0.00 M M 10.4 26 220 M M 4 38 210
17 72 42 57 3 8 0 0.00 M M 9.8 22 40 M M 1 32 20
18 47 35 41 -12 24 0 0.00 M M 12.4 24 20 M M 7 36 10
19 53 34 44 -9 21 0 0.00 M M 6.2 10 140 M M 5 14 110
20 65 32 49 -3 16 0 0.00 M M 5.0 16 180 M M 2 20 170
21 50 35 43 -9 22 0 0.00 M M 8.2 15 110 M M 8 128 21 140
22 49 36 43 -9 22 0 0.00 M M 15.8 29 350 M M 10 12 40 360
23 39 31 35 -16 30 0 T M M 14.2 26 350 M M 10 18 37 350
24 44 22 33 -18 32 0 0.00 M M 9.2 22 80 M M 6 26 80
25 33 21 27 -23 38 0 T M M 15.5 23 20 M M 10 16 33 20
26 23 16 20 -30 45 0 0.01 M M 10.0 22 10 M M 9 18 28 360
27 40 10 25 -25 40 0 0.00 M M 5.4 13 270 M M 0 19 280
28 50 22 36 -13 29 0 0.00 M M 9.8 25 10 M M 0 33 10
29 59 30 45 -4 20 0 0.00 M M 9.3 24 360 M M 0 33 360
30 75 34 55 7 10 0 0.00 M M 7.3 16 180 M M 0 21 160
31 71 36 54 6 11 0 0.00 M M 12.6 28 350 M M 0 36 360
================================================================================
SM 2048 1134 448 33 0.01 M 302.8 M 80
================================================================================
AV 66.1 36.6 9.8 FASTST M M 3 MAX(MPH)
MISC ----> 51 320 75 340
================================================================================
NOTES:
# LAST OF SEVERAL OCCURRENCES
COLUMN 17 PEAK WIND IN M.P.H.
PRELIMINARY LOCAL CLIMATOLOGICAL DATA (WS FORM: F-6) , PAGE 2
STATION: HILL CITY KS
MONTH: OCTOBER
YEAR: 2020
LATITUDE: 39 22 N
LONGITUDE: 99 50 W
[TEMPERATURE DATA] [PRECIPITATION DATA] SYMBOLS USED IN COLUMN 16
AVERAGE MONTHLY: 51.3 TOTAL FOR MONTH: 0.01 1 = FOG OR MIST
DPTR FM NORMAL: -2.7 DPTR FM NORMAL: -1.51 2 = FOG REDUCING VISIBILITY
HIGHEST: 93 ON 11, 7 GRTST 24HR 0.01 ON 25-26 TO 1/4 MILE OR LESS
LOWEST: 10 ON 27 3 = THUNDER
SNOW, ICE PELLETS, HAIL 4 = ICE PELLETS
TOTAL MONTH: M 5 = HAIL
GRTST 24HR M ON M 6 = FREEZING RAIN OR DRIZZLE
GRTST DEPTH: M ON M 7 = DUSTSTORM OR SANDSTORM:
VSBY 1/2 MILE OR LESS
8 = SMOKE OR HAZE
[NO. OF DAYS WITH] [WEATHER - DAYS WITH] 9 = BLOWING SNOW
X = TORNADO
MAX 32 OR BELOW: 1 0.01 INCH OR MORE: 1
MAX 90 OR ABOVE: 3 0.10 INCH OR MORE: 0
MIN 32 OR BELOW: 9 0.50 INCH OR MORE: 0
MIN 0 OR BELOW: 0 1.00 INCH OR MORE: 0
[HDD (BASE 65) ]
TOTAL THIS MO. 448 CLEAR (SCALE 0-3) 21
DPTR FM NORMAL 89 PTCLDY (SCALE 4-7) 5
TOTAL FM JUL 1 532 CLOUDY (SCALE 8-10) 5
DPTR FM NORMAL 97
[CDD (BASE 65) ]
TOTAL THIS MO. 33
DPTR FM NORMAL 15 [PRESSURE DATA]
TOTAL FM JAN 1 1471 HIGHEST SLP 30.57 ON 26
DPTR FM NORMAL 171 LOWEST SLP 29.42 ON 11
[REMARKS]
#FINAL-10-20#