000
CXHW50 PHFO 011250
CF6HNL
PRELIMINARY LOCAL CLIMATOLOGICAL DATA (WS FORM: F-6)
STATION: HONOLULU HI
MONTH: JULY
YEAR: 2021
LATITUDE: 21 21 N
LONGITUDE: 157 56 W
TEMPERATURE IN F: :PCPN: SNOW: WIND :SUNSHINE: SKY :PK WND
================================================================================
1 2 3 4 5 6A 6B 7 8 9 10 11 12 13 14 15 16 17 18
12Z AVG MX 2MIN
DY MAX MIN AVG DEP HDD CDD WTR SNW DPTH SPD SPD DIR MIN PSBL S-S WX SPD DR
================================================================================
1 88 76 82 1 0 17 T M M 14.3 25 80 M M 4 32 80
2 87 77 82 1 0 17 T M M 16.3 25 70 M M 5 39 70
3 83 74 79 -2 0 14 T M M 13.8 25 60 M M 7 31 70
4 85 74 80 -1 0 15 0.02 M M 11.6 23 50 M M 7 30 50
5 88 74 81 0 0 16 0.00 M M 12.9 23 60 M M 3 29 60
6 88 74 81 0 0 16 0.01 M M 11.1 23 70 M M 5 33 40
7 88 72 80 -1 0 15 0.02 M M 10.6 21 50 M M 4 27 50
8 88 73 81 0 0 16 0.00 M M 9.0 20 60 M M 4 23 70
9 89 75 82 1 0 17 0.00 M M 12.4 21 70 M M 4 29 70
10 89 75 82 1 0 17 T M M 11.5 23 60 M M 5 27 50
11 87 76 82 1 0 17 T M M 13.5 23 70 M M 6 32 70
12 88 73 81 -1 0 16 0.01 M M 9.9 21 60 M M 6 24 70
13 89 76 83 1 0 18 T M M 11.9 21 80 M M 5 26 50
14 88 76 82 0 0 17 T M M 10.1 21 60 M M 6 27 60
15 88 75 82 0 0 17 0.02 M M 13.5 25 50 M M 4 1 32 60
16 88 78 83 1 0 18 T M M 14.8 26 80 M M 5 35 70
17 89 77 83 1 0 18 T M M 13.7 25 50 M M 7 36 60
18 87 77 82 0 0 17 0.00 M M 15.2 28 70 M M 4 37 60
19 88 75 82 0 0 17 T M M 15.5 25 50 M M 5 33 60
20 87 75 81 -1 0 16 T M M 14.7 29 60 M M 4 36 60
21 86 76 81 -1 0 16 T M M 14.0 23 50 M M 7 30 80
22 88 77 83 1 0 18 0.00 M M 16.3 28 60 M M 5 37 80
23 88 76 82 0 0 17 T M M 16.7 29 80 M M 4 38 70
24 89 78 84 2 0 19 T M M 16.2 26 70 M M 5 32 70
25 90 78 84 2 0 19 T M M 15.2 25 70 M M 4 34 50
26 88 78 83 1 0 18 0.00 M M 15.6 26 70 M M 3 36 70
27 88 76 82 0 0 17 0.00 M M 13.9 25 60 M M 5 33 60
28 86 78 82 0 0 17 0.00 M M 13.5 23 70 M M 7 29 80
29 90 77 84 2 0 19 T M M 12.2 22 40 M M 6 27 40
30 89 77 83 1 0 18 0.00 M M 13.7 24 60 M M 4 29 80
31 89 77 83 1 0 18 0.00 M M 17.1 26 70 M M 3 37 70
================================================================================
SM 2723 2350 0 527 0.08 M 420.7 M 153
================================================================================
AV 87.8 75.8 13.6 FASTST M M 5 MAX(MPH)
MISC ----> # 29 60 39 70
================================================================================
NOTES:
# LAST OF SEVERAL OCCURRENCES
COLUMN 17 PEAK WIND IN M.P.H.
PRELIMINARY LOCAL CLIMATOLOGICAL DATA (WS FORM: F-6) , PAGE 2
STATION: HONOLULU HI
MONTH: JULY
YEAR: 2021
LATITUDE: 21 21 N
LONGITUDE: 157 56 W
[TEMPERATURE DATA] [PRECIPITATION DATA] SYMBOLS USED IN COLUMN 16
AVERAGE MONTHLY: 81.8 TOTAL FOR MONTH: 0.08 1 = FOG OR MIST
DPTR FM NORMAL: 0.2 DPTR FM NORMAL: -0.44 2 = FOG REDUCING VISIBILITY
HIGHEST: 90 ON 29,25 GRTST 24HR 0.03 ON 6- 7 TO 1/4 MILE OR LESS
LOWEST: 72 ON 7 3 = THUNDER
SNOW, ICE PELLETS, HAIL 4 = ICE PELLETS
TOTAL MONTH: M 5 = HAIL
GRTST 24HR M ON M 6 = FREEZING RAIN OR DRIZZLE
GRTST DEPTH: M ON M 7 = DUSTSTORM OR SANDSTORM:
VSBY 1/2 MILE OR LESS
8 = SMOKE OR HAZE
[NO. OF DAYS WITH] [WEATHER - DAYS WITH] 9 = BLOWING SNOW
X = TORNADO
MAX 32 OR BELOW: 0 0.01 INCH OR MORE: 5
MAX 90 OR ABOVE: 2 0.10 INCH OR MORE: 0
MIN 32 OR BELOW: 0 0.50 INCH OR MORE: 0
MIN 0 OR BELOW: 0 1.00 INCH OR MORE: 0
[HDD (BASE 65) ]
TOTAL THIS MO. 0 CLEAR (SCALE 0-3) 2
DPTR FM NORMAL 0 PTCLDY (SCALE 4-7) 29
TOTAL FM JUL 1 0 CLOUDY (SCALE 8-10) 0
DPTR FM NORMAL 0
[CDD (BASE 65) ]
TOTAL THIS MO. 527
DPTR FM NORMAL 12 [PRESSURE DATA]
TOTAL FM JAN 1 2730 HIGHEST SLP 30.11 ON 31
DPTR FM NORMAL 186 LOWEST SLP 29.93 ON 8
[REMARKS]
#FINAL-07-21#