000
CXUS54 KLZK 011230
CF6HOT
PRELIMINARY LOCAL CLIMATOLOGICAL DATA (WS FORM: F-6)
STATION: HOT SPRINGS MEMORIAL FIELD
MONTH: NOVEMBER
YEAR: 2021
LATITUDE: 34 28 N
LONGITUDE: 93 6 W
TEMPERATURE IN F: :PCPN: SNOW: WIND :SUNSHINE: SKY :PK WND
================================================================================
1 2 3 4 5 6A 6B 7 8 9 10 11 12 13 14 15 16 17 18
12Z AVG MX 2MIN
DY MAX MIN AVG DEP HDD CDD WTR SNW DPTH SPD SPD DIR MIN PSBL S-S WX SPD DR
================================================================================
1 67 49 58 0 7 0 0.00 M M 8.4 16 60 M M 4 20 80
2 50 45 48 -9 17 0 0.06 M M 8.1 16 60 M M 10 1 23 50
3 46 36 41 -16 24 0 0.19 M M 7.0 16 70 M M 8 1 21 80
4 57 32 45 -11 20 0 0.00 M M 2.8 13 80 M M 1 12 17 60
5 58 30 44 -12 21 0 0.00 M M 2.1 12 60 M M 2 12 16 40
6 62 32 47 -9 18 0 0.00 M M 1.5 8 160 M M 2 12 14 270
7 68 34 51 -4 14 0 0.00 M M 2.3 8 150 M M 1 12 11 170
8 72 39 56 1 9 0 0.00 M M 2.8 10 170 M M 0 1 15 180
9 71 43 57 2 8 0 0.00 M M 2.7 12 230 M M 2 1 16 230
10 71 49 60 6 5 0 0.08 M M 5.6 13 190 M M 6 13 20 180
11 67 41 54 0 11 0 0.58 M M 4.4 17 240 M M 4 13 24 240
12 58 35 47 -7 18 0 T M M 5.1 16 320 M M 2 12 25 320
13 57 34 46 -7 19 0 0.00 M M 2.9 12 280 M M 0 18 310
14 69 38 54 1 11 0 0.00 M M 2.3 9 320 M M 0 17 300
15 72 36 54 1 11 0 0.00 M M 1.8 8 230 M M 0 12 190
16 70 52 61 9 4 0 0.00 M M 5.8 14 180 M M 6 1 22 160
17 77 57 67 15 0 2 T M M 7.9 17 230 M M 8 3 23 200
18 58 32 45 -7 20 0 0.09 M M 5.2 20 60 M M 3 13 26 60
19 56 28 42 -9 23 0 0.00 M M 3.6 12 120 M M 1 1 16 130
20 65 34 50 -1 15 0 0.00 M M 3.9 13 140 M M 1 18 120
21 66 52 59 8 6 0 T M M 3.9 12 360 M M 8 18 20 360
22 61 37 49 -1 16 0 0.00 M M 3.4 10 80 M M 0 17 70
23 61 33 47 -3 18 0 0.00 M M 4.8 10 140 M M 0 15 140
24 66 47 57 7 8 0 0.00 M M 6.7 15 190 M M 7 23 200
25 64 36 50 1 15 0 0.40 M M 4.5 15 330 M M 6 1 24 350
26 54 28 41 -8 24 0 0.00 M M 2.0 9 80 M M 0 12 160
27 55 30 43 -6 22 0 0.00 M M 4.5 16 240 M M 1 20 240
28 64 37 51 2 14 0 0.00 M M 3.2 10 330 M M 0 1 15 330
29 64 32 48 0 17 0 0.00 M M 2.8 12 180 M M 0 1 16 230
30 72 38 55 7 10 0 0.00 M M 2.6 9 190 M M 0 1 13 150
================================================================================
SM 1898 1146 425 2 1.40 M 124.6 M 83
================================================================================
AV 63.3 38.2 4.2 FASTST M M 3 MAX(MPH)
MISC ----> 20 60 26 60
================================================================================
NOTES:
# LAST OF SEVERAL OCCURRENCES
COLUMN 17 PEAK WIND IN M.P.H.
PRELIMINARY LOCAL CLIMATOLOGICAL DATA (WS FORM: F-6) , PAGE 2
STATION: HOT SPRINGS MEMORIAL FIELD
MONTH: NOVEMBER
YEAR: 2021
LATITUDE: 34 28 N
LONGITUDE: 93 6 W
[TEMPERATURE DATA] [PRECIPITATION DATA] SYMBOLS USED IN COLUMN 16
AVERAGE MONTHLY: 50.7 TOTAL FOR MONTH: 1.40 1 = FOG OR MIST
DPTR FM NORMAL: -1.8 DPTR FM NORMAL: -3.09 2 = FOG REDUCING VISIBILITY
HIGHEST: 77 ON 17 GRTST 24HR 0.66 ON 10-11 TO 1/4 MILE OR LESS
LOWEST: 28 ON 19,26 3 = THUNDER
SNOW, ICE PELLETS, HAIL 4 = ICE PELLETS
TOTAL MONTH: M 5 = HAIL
GRTST 24HR M ON M 6 = FREEZING RAIN OR DRIZZLE
GRTST DEPTH: M ON M 7 = DUSTSTORM OR SANDSTORM:
VSBY 1/2 MILE OR LESS
8 = SMOKE OR HAZE
[NO. OF DAYS WITH] [WEATHER - DAYS WITH] 9 = BLOWING SNOW
X = TORNADO
MAX 32 OR BELOW: 0 0.01 INCH OR MORE: 6
MAX 90 OR ABOVE: 0 0.10 INCH OR MORE: 3
MIN 32 OR BELOW: 8 0.50 INCH OR MORE: 1
MIN 0 OR BELOW: 0 1.00 INCH OR MORE: 0
[HDD (BASE 65) ]
TOTAL THIS MO. 425 CLEAR (SCALE 0-3) 19
DPTR FM NORMAL 41 PTCLDY (SCALE 4-7) 8
TOTAL FM JUL 1 490 CLOUDY (SCALE 8-10) 3
DPTR FM NORMAL -23
[CDD (BASE 65) ]
TOTAL THIS MO. 2
DPTR FM NORMAL -8 [PRESSURE DATA]
TOTAL FM JAN 1 2246 HIGHEST SLP 30.54 ON 19
DPTR FM NORMAL 40 LOWEST SLP 29.77 ON 11
[REMARKS]
#FINAL-11-21#