000
CXUS54 KLZK 011130
CF6HOT
PRELIMINARY LOCAL CLIMATOLOGICAL DATA (WS FORM: F-6)
STATION: HOT SPRINGS MEMORIAL FIELD
MONTH: MAY
YEAR: 2021
LATITUDE: 34 28 N
LONGITUDE: 93 6 W
TEMPERATURE IN F: :PCPN: SNOW: WIND :SUNSHINE: SKY :PK WND
================================================================================
1 2 3 4 5 6A 6B 7 8 9 10 11 12 13 14 15 16 17 18
12Z AVG MX 2MIN
DY MAX MIN AVG DEP HDD CDD WTR SNW DPTH SPD SPD DIR MIN PSBL S-S WX SPD DR
================================================================================
1 78 49 64 -3 1 0 0.00 0.0 0 3.1 12 180 M M 3 1 15 130
2 71 61 66 -1 0 1 0.58 0.0 0 4.2 15 70 M M 8 18 17 80
3 86 63 75 8 0 10 0.00 M M 6.0 14 200 M M 7 18 21 200
4 80 60 70 3 0 5 0.17 0.0 0 7.4 44 250 M M 6 13 71 240
5 76 50 63 -5 2 0 0.00 0.0 0 3.7 14 60 M M 1 18 19 60
6 82 51 67 -1 0 2 0.00 0.0 0 4.6 17 300 M M 0 26 300
7 75 50 63 -5 2 0 0.00 0.0 0 3.7 10 70 M M 3 14 30
8 84 58 71 3 0 6 0.00 0.0 0 10.2 23 190 M M 1 36 200
9 84 55 70 1 0 5 0.53 0.0 0 11.4 20 240 M M 8 3 29 190
10 58 55 57 -12 8 0 0.16 0.0 0 8.1 15 70 M M 10 13 21 70
11 62 54 58 -11 7 0 0.88 0.0 0 10.0 22 100 M M 10 13 28 110
12 69 55 62 -8 3 0 0.00 M M 8.5 16 50 M M 10 21 50
13 73 52 63 -7 2 0 0.00 M M 7.6 14 70 M M 4 18 50
14 76 45 61 -9 4 0 0.00 M M 4.0 12 100 M M 0 17 100
15 81 52 67 -4 0 2 0.00 M M 4.9 13 210 M M 1 16 200
16 82 62 72 1 0 7 0.12 M M 5.1 16 130 M M 5 1 23 140
17 75 66 71 0 0 6 2.01 M M 6.3 15 180 M M 9 13 23 130
18 82 65 74 2 0 9 0.85 0.0 0 6.2 18 290 M M 9 13 26 310
19 74 67 71 -1 0 6 0.65 0.0 0 8.0 17 130 M M 10 1 25 120
20 78 68 73 1 0 8 1.00 0.0 0 7.7 16 150 M M 10 12 22 150
21 74 69 72 0 0 7 0.03 0.0 0 6.2 14 110 M M 10 1 20 110
22 85 67 76 3 0 11 0.00 0.0 0 4.8 12 160 M M 4 15 160
23 85 65 75 2 0 10 0.00 0.0 0 4.4 12 140 M M 0 15 140
24 84 63 74 0 0 9 0.00 M M 4.3 13 140 M M 1 17 130
25 84 68 76 2 0 11 0.02 0.0 0 6.0 15 240 M M 7 23 150
26 87 68 78 4 0 13 T M M 4.2 12 240 M M 4 17 230
27 89 66 78 4 0 13 0.59 0.0 0 5.9 20 10 M M 4 13 33 320
28 84 65 75 0 0 10 0.25 0.0 0 5.5 18 110 M M 3 1 25 120
29 73 54 64 -11 1 0 0.00 0.0 0 8.6 15 90 M M 2 20 70
30 71 54 63 -12 2 0 0.00 0.0 0 5.2 14 70 M M 6 18 60
31 77 52 65 -11 0 0 0.00 M M 3.0 9 150 M M 1 13 170
================================================================================
SM 2419 1829 32 151 7.84 0.0 188.8 M 157
================================================================================
AV 78.0 59.0 6.1 FASTST M M 5 MAX(MPH)
MISC ----> 44 250 71 240
================================================================================
NOTES:
# LAST OF SEVERAL OCCURRENCES
COLUMN 17 PEAK WIND IN M.P.H.
PRELIMINARY LOCAL CLIMATOLOGICAL DATA (WS FORM: F-6) , PAGE 2
STATION: HOT SPRINGS MEMORIAL FIELD
MONTH: MAY
YEAR: 2021
LATITUDE: 34 28 N
LONGITUDE: 93 6 W
[TEMPERATURE DATA] [PRECIPITATION DATA] SYMBOLS USED IN COLUMN 16
AVERAGE MONTHLY: 68.5 TOTAL FOR MONTH: 7.84 1 = FOG OR MIST
DPTR FM NORMAL: -2.5 DPTR FM NORMAL: 1.95 2 = FOG REDUCING VISIBILITY
HIGHEST: 89 ON 27 GRTST 24HR 2.13 ON 16-17 TO 1/4 MILE OR LESS
LOWEST: 45 ON 14 3 = THUNDER
SNOW, ICE PELLETS, HAIL 4 = ICE PELLETS
TOTAL MONTH: 0.0 INCH 5 = HAIL
GRTST 24HR 0.0 6 = FREEZING RAIN OR DRIZZLE
GRTST DEPTH: 0 7 = DUSTSTORM OR SANDSTORM:
VSBY 1/2 MILE OR LESS
8 = SMOKE OR HAZE
[NO. OF DAYS WITH] [WEATHER - DAYS WITH] 9 = BLOWING SNOW
X = TORNADO
MAX 32 OR BELOW: 0 0.01 INCH OR MORE: 14
MAX 90 OR ABOVE: 0 0.10 INCH OR MORE: 12
MIN 32 OR BELOW: 0 0.50 INCH OR MORE: 8
MIN 0 OR BELOW: 0 1.00 INCH OR MORE: 2
[HDD (BASE 65) ]
TOTAL THIS MO. 32 CLEAR (SCALE 0-3) 12
DPTR FM NORMAL 8 PTCLDY (SCALE 4-7) 11
TOTAL FM JUL 1 2975 CLOUDY (SCALE 8-10) 8
DPTR FM NORMAL 118
[CDD (BASE 65) ]
TOTAL THIS MO. 151
DPTR FM NORMAL -59 [PRESSURE DATA]
TOTAL FM JAN 1 206 HIGHEST SLP 30.36 ON 13
DPTR FM NORMAL -86 LOWEST SLP 29.55 ON 2
[REMARKS]
#FINAL-05-21#