000
CXUS53 KAPX 031454
CF6HTL
PRELIMINARY LOCAL CLIMATOLOGICAL DATA (WS FORM: F-6)
STATION: HOUGHTON LAKE MI
MONTH: OCTOBER
YEAR: 2020
LATITUDE: 44 22 N
LONGITUDE: 84 41 W
TEMPERATURE IN F: :PCPN: SNOW: WIND :SUNSHINE: SKY :PK WND
================================================================================
1 2 3 4 5 6A 6B 7 8 9 10 11 12 13 14 15 16 17 18
12Z AVG MX 2MIN
DY MAX MIN AVG DEP HDD CDD WTR SNW DPTH SPD SPD DIR MIN PSBL S-S WX SPD DR
================================================================================
1 55 37 46 -5 19 0 0.05 0.0 0 9.1 20 350 M M 5 18 32 350
2 49 33 41 -10 24 0 0.02 0.0 0 4.6 13 310 M M 5 1 16 320
3 50 35 43 -7 22 0 0.06 0.0 0 3.7 13 180 M M 9 1 16 170
4 48 30 39 -11 26 0 0.14 0.0 0 4.6 14 360 M M 10 12 23 350
5 57 27 42 -8 23 0 0.00 0.0 0 7.4 17 200 M M 2 12 27 200
6 68 48 58 9 7 0 0.04 0.0 0 9.1 15 240 M M 2 23 220
7 61 35 48 -1 17 0 0.07 0.0 0 9.6 23 300 M M 6 1 35 310
8 61 31 46 -3 19 0 0.00 0.0 0 4.5 17 310 M M 3 1 29 280
9 74 30 52 4 13 0 0.00 0.0 0 10.4 23 210 M M 2 8 37 220
10 65 39 52 4 13 0 0.00 0.0 0 9.1 18 290 M M 1 27 350
11 59 33 46 -2 19 0 0.00 0.0 0 7.9 18 80 M M 2 25 110
12 62 42 52 5 13 0 0.50 0.0 0 10.7 23 300 M M 8 13 33 300
13 64 39 52 5 13 0 0.00 0.0 0 9.2 23 220 M M 2 40 220
14 55 36 46 0 19 0 0.10 0.0 0 8.1 18 150 M M 4 1 32 150
15 53 36 45 -1 20 0 0.05 0.0 0 12.9 22 280 M M 8 1 37 270
16 48 28 38 -8 27 0 0.07 0.0 0 10.2 24 270 M M 1 36 240
17 51 34 43 -2 22 0 0.01 0.0 0 11.7 22 150 M M 7 34 150
18 53 28 41 -4 24 0 0.17 0.0 0 9.2 22 190 M M 8 1 33 190
19 46 24 35 -10 30 0 T 0.0 0 2.3 10 10 M M 4 1 14 10
20 47 30 39 -5 26 0 0.15 0.0 0 6.5 17 110 M M 5 1 27 110
21 51 42 47 3 18 0 0.15 0.0 0 8.1 20 260 M M 6 1 29 260
22 52 38 45 1 20 0 0.39 0.0 0 7.5 18 100 M M 10 18 24 130
23 59 34 47 4 18 0 0.93 0.0 0 9.0 20 320 M M 10 13 30 320
24 40 30 35 -8 30 0 T 0.0 0 5.0 14 310 M M 7 21 340
25 42 32 37 -6 28 0 0.01 0.0 0 3.1 9 10 M M 10 13 340
26 40 31 36 -6 29 0 0.01 T 0 4.7 17 290 M M 10 1 27 300
27 42 30 36 -6 29 0 0.00 T 0 6.7 14 240 M M 7 21 220
28 50 30 40 -2 25 0 0.00 0.0 0 9.7 21 240 M M 5 27 250
29 41 29 35 -6 30 0 T T 0 8.7 20 20 M M 9 1 26 30
30 34 24 29 -12 36 0 0.00 0.0 0 5.7 12 300 M M 10 16 310
31 47 18 33 -8 32 0 T 0.0 0 11.1 22 180 M M 2 36 190
================================================================================
SM 1624 1013 691 0 2.92 T 240.1 M 180
================================================================================
AV 52.4 32.7 7.7 FASTST M M 6 MAX(MPH)
MISC ----> 24 270 40 220
================================================================================
NOTES:
# LAST OF SEVERAL OCCURRENCES
COLUMN 17 PEAK WIND IN M.P.H.
PRELIMINARY LOCAL CLIMATOLOGICAL DATA (WS FORM: F-6) , PAGE 2
STATION: HOUGHTON LAKE MI
MONTH: OCTOBER
YEAR: 2020
LATITUDE: 44 22 N
LONGITUDE: 84 41 W
[TEMPERATURE DATA] [PRECIPITATION DATA] SYMBOLS USED IN COLUMN 16
AVERAGE MONTHLY: 42.5 TOTAL FOR MONTH: 2.92 1 = FOG OR MIST
DPTR FM NORMAL: -3.3 DPTR FM NORMAL: 0.36 2 = FOG REDUCING VISIBILITY
HIGHEST: 74 ON 9 GRTST 24HR 1.18 ON 22-23 TO 1/4 MILE OR LESS
LOWEST: 18 ON 31 3 = THUNDER
SNOW, ICE PELLETS, HAIL 4 = ICE PELLETS
TOTAL MONTH: T 5 = HAIL
GRTST 24HR T ON 26-26 6 = FREEZING RAIN OR DRIZZLE
GRTST DEPTH: 0 7 = DUSTSTORM OR SANDSTORM:
VSBY 1/2 MILE OR LESS
8 = SMOKE OR HAZE
[NO. OF DAYS WITH] [WEATHER - DAYS WITH] 9 = BLOWING SNOW
X = TORNADO
MAX 32 OR BELOW: 0 0.01 INCH OR MORE: 18
MAX 90 OR ABOVE: 0 0.10 INCH OR MORE: 8
MIN 32 OR BELOW: 16 0.50 INCH OR MORE: 2
MIN 0 OR BELOW: 0 1.00 INCH OR MORE: 0
[HDD (BASE 65) ]
TOTAL THIS MO. 691 CLEAR (SCALE 0-3) 8
DPTR FM NORMAL 94 PTCLDY (SCALE 4-7) 13
TOTAL FM JUL 1 986 CLOUDY (SCALE 8-10) 10
DPTR FM NORMAL 8
[CDD (BASE 65) ]
TOTAL THIS MO. 0
DPTR FM NORMAL -2 [PRESSURE DATA]
TOTAL FM JAN 1 490 HIGHEST SLP 30.40 ON 31
DPTR FM NORMAL 203 LOWEST SLP 29.47 ON 15
[REMARKS]
#FINAL-10-20#