000
CXUS51 KCAR 010700
CF6HUL
PRELIMINARY LOCAL CLIMATOLOGICAL DATA (WS FORM: F-6)
STATION: HOULTON ME
MONTH: OCTOBER
YEAR: 2022
LATITUDE: 46 7 N
LONGITUDE: 67 48 W
TEMPERATURE IN F: :PCPN: SNOW: WIND :SUNSHINE: SKY :PK WND
================================================================================
1 2 3 4 5 6A 6B 7 8 9 10 11 12 13 14 15 16 17 18
12Z AVG MX 2MIN
DY MAX MIN AVG DEP HDD CDD WTR SNW DPTH SPD SPD DIR MIN PSBL S-S WX SPD DR
================================================================================
1 66 38 52 2 13 0 0.00 M M 4.7 17 20 M M 2 1 24 20
2 53 29 41 -8 24 0 0.00 M M 6.0 22 30 M M 0 28 30
3 59 24 42 -7 23 0 0.00 M M 1.4 10 10 M M 0 13 30
4 64 27 46 -3 19 0 0.00 M M 2.1 9 180 M M 0 14 150
5 69 29 49 1 16 0 0.00 M M 1.3 8 160 M M 0 13 180
6 72 36 54 6 11 0 0.00 M M 0.4 6 340 M M 3 12 8 360
7 71 41 56 9 9 0 T M M 3.5 18 280 M M 4 1 28 270
8 52 31 42 -5 23 0 T M M 6.7 17 230 M M 3 26 220
9 50 30 40 -7 25 0 0.03 M M 7.3 20 230 M M 4 29 240
10 53 25 39 -7 26 0 0.00 M M 3.6 14 280 M M 1 1 22 290
11 56 26 41 -5 24 0 0.00 M M 5.8 15 230 M M 0 23 240
12 66 30 48 2 17 0 0.00 M M 4.7 14 210 M M 0 20 230
13 68 49 59 14 6 0 0.00 M M 7.7 15 160 M M 4 27 150
14 67 56 62 17 3 0 0.30 M M 10.9 21 150 M M 9 1 35 140
15 68 53 61 17 4 0 0.34 M M 7.9 16 120 M M 9 1 30 150
16 66 40 53 9 12 0 0.00 M M 2.1 10 350 M M 4 12 14 340
17 63 41 52 8 13 0 0.00 M M 4.5 12 130 M M 5 19 110
18 63 54 59 16 6 0 0.53 M M 11.4 20 150 M M 10 1 37 130
19 64 43 54 11 11 0 0.58 M M 10.0 20 160 M M 7 1 38 150
20 56 36 46 3 19 0 0.00 M M 7.6 20 230 M M 1 30 220
21 57 32 45 3 20 0 0.00 M M 6.1 17 220 M M 0 24 210
22 64 35 50 8 15 0 0.00 M M 6.8 16 220 M M 1 1 26 180
23 70 37 54 12 11 0 0.00 M M 1.9 9 190 M M 0 15 200
24 60 42 51 9 14 0 0.19 M M 1.3 8 120 M M 6 1 12 120
25 65 54 60 19 5 0 T M M 2.6 10 220 M M 10 12 15 210
26 71 62 67 26 0 2 0.68 M M 5.6 13 130 M M 9 1 19 110
27 65 37 51 11 14 0 0.00 M M 8.4 22 320 M M 5 1 36 290
28 49 27 38 -2 27 0 0.00 M M 2.4 12 340 M M 0 17 350
29 57 24 41 1 24 0 0.00 M M 4.6 13 210 M M 0 18 230
30 63 29 46 6 19 0 0.00 M M 3.5 13 230 M M 0 16 230
31 65 36 51 12 14 0 0.00 M M 3.6 9 260 M M 0 14 190
================================================================================
SM 1932 1153 467 2 2.65 M 156.4 M 97
================================================================================
AV 62.3 37.2 5.0 FASTST M M 3 MAX(MPH)
MISC ----> # 22 30 38 150
================================================================================
NOTES:
# LAST OF SEVERAL OCCURRENCES
COLUMN 17 PEAK WIND IN M.P.H.
PRELIMINARY LOCAL CLIMATOLOGICAL DATA (WS FORM: F-6) , PAGE 2
STATION: HOULTON ME
MONTH: OCTOBER
YEAR: 2022
LATITUDE: 46 7 N
LONGITUDE: 67 48 W
[TEMPERATURE DATA] [PRECIPITATION DATA] SYMBOLS USED IN COLUMN 16
AVERAGE MONTHLY: 49.8 TOTAL FOR MONTH: 2.65 1 = FOG OR MIST
DPTR FM NORMAL: 5.5 DPTR FM NORMAL: -1.39 2 = FOG REDUCING VISIBILITY
HIGHEST: 72 ON 6 GRTST 24HR 0.99 ON 18-19 TO 1/4 MILE OR LESS
LOWEST: 24 ON 29, 3 3 = THUNDER
SNOW, ICE PELLETS, HAIL 4 = ICE PELLETS
TOTAL MONTH: M 5 = HAIL
GRTST 24HR M ON M 6 = FREEZING RAIN OR DRIZZLE
GRTST DEPTH: M ON M 7 = DUSTSTORM OR SANDSTORM:
VSBY 1/2 MILE OR LESS
8 = SMOKE OR HAZE
[NO. OF DAYS WITH] [WEATHER - DAYS WITH] 9 = BLOWING SNOW
X = TORNADO
MAX 32 OR BELOW: 0 0.01 INCH OR MORE: 7
MAX 90 OR ABOVE: 0 0.10 INCH OR MORE: 6
MIN 32 OR BELOW: 13 0.50 INCH OR MORE: 3
MIN 0 OR BELOW: 0 1.00 INCH OR MORE: 0
[HDD (BASE 65) ]
TOTAL THIS MO. 467 CLEAR (SCALE 0-3) 18
DPTR FM NORMAL -177 PTCLDY (SCALE 4-7) 8
TOTAL FM JUL 1 779 CLOUDY (SCALE 8-10) 5
DPTR FM NORMAL -282
[CDD (BASE 65) ]
TOTAL THIS MO. 2
DPTR FM NORMAL 2 [PRESSURE DATA]
TOTAL FM JAN 1 249 HIGHEST SLP 30.55 ON 28
DPTR FM NORMAL 43 LOWEST SLP 29.58 ON 27
[REMARKS]
#FINAL-10-22#