000
CXUS52 KMFL 011130
CF6HWO
PRELIMINARY LOCAL CLIMATOLOGICAL DATA (WS FORM: F-6)
STATION: NORTH PERRY ARPT
MONTH: FEBRUARY
YEAR: 2023
LATITUDE: 26 0 N
LONGITUDE: 80 14 W
TEMPERATURE IN F: :PCPN: SNOW: WIND :SUNSHINE: SKY :PK WND
================================================================================
1 2 3 4 5 6A 6B 7 8 9 10 11 12 13 14 15 16 17 18
12Z AVG MX 2MIN
DY MAX MIN AVG DEP HDD CDD WTR SNW DPTH SPD SPD DIR MIN PSBL S-S WX SPD DR
================================================================================
1 87 64 76 7 0 11 0.00 0.0 0 4.2 13 130 M M 1 16 120
2 85 66 76 7 0 11 0.00 M M 5.0 15 150 M M 3 1 20 120
3 86 66 76 7 0 11 0.00 0.0 0 7.0 23 330 M M 2 1 29 300
4 75 63 69 0 0 4 0.10 M M 15.6 28 60 M M 7 1 35 50
5 81 68 75 6 0 10 4.52 0.0 0 6.3 24 70 M M 6 13 29 80
6 80 64 72 3 0 7 T 0.0 M 8.5 17 50 M M 5 22 50
7 78 66 72 3 0 7 0.00 0.0 M 10.5 21 70 M M 3 27 70
8 80 68 74 4 0 9 0.00 0.0 0 10.4 21 100 M M 7 24 100
9 82 73 78 8 0 13 0.00 0.0 0 12.3 22 120 M M 7 26 130
10 83 72 78 8 0 13 0.00 0.0 0 10.0 18 150 M M 3 23 150
11 85 68 77 7 0 12 0.00 0.0 0 7.6 20 160 M M 2 25 180
12 77 65 71 1 0 6 0.01 0.0 0 13.7 26 260 M M 6 3 35 250
13 74 54 64 -6 1 0 0.00 0.0 0 9.5 21 330 M M 1 27 310
14 77 53 65 -5 0 0 0.00 0.0 0 6.8 16 120 M M 2 22 100
15 81 69 75 5 0 10 0.00 0.0 0 11.5 21 110 M M 5 27 100
16 83 71 77 7 0 12 0.00 0.0 0 10.6 20 120 M M 3 25 120
17 84 72 78 8 0 13 0.41 0.0 0 6.9 16 150 M M 6 22 200
18 81 70 76 5 0 11 0.00 0.0 0 8.4 18 40 M M 7 1 26 30
19 84 67 76 5 0 11 0.00 0.0 0 6.2 15 100 M M 2 21 100
20 84 68 76 5 0 11 0.00 0.0 0 5.5 15 140 M M 4 19 120
21 87 67 77 6 0 12 0.00 0.0 0 5.8 14 150 M M 1 16 230
22 85 67 76 5 0 11 0.00 M M 5.9 18 130 M M 1 22 140
23 85 70 78 7 0 13 0.00 M M 6.7 16 140 M M 2 19 130
24 85 66 76 5 0 11 0.00 M M 5.4 16 90 M M 2 21 80
25 85 66 76 5 0 11 0.00 M M 4.7 14 120 M M 1 19 90
26 86 65 76 5 0 11 0.00 M M 5.3 12 150 M M 0 16 120
27 85 64 75 4 0 10 0.00 M M 6.3 17 160 M M 0 24 270
28 89 62 76 4 0 11 0.00 M M 6.9 16 240 M M 0 21 250
================================================================================
SM 2314 1854 1 272 5.04 0.0 223.5 M 89
================================================================================
AV 82.6 66.2 8.0 FASTST M M 3 MAX(MPH)
MISC ----> 28 60 # 35 50
================================================================================
NOTES:
# LAST OF SEVERAL OCCURRENCES
COLUMN 17 PEAK WIND IN M.P.H.
PRELIMINARY LOCAL CLIMATOLOGICAL DATA (WS FORM: F-6) , PAGE 2
STATION: NORTH PERRY ARPT
MONTH: FEBRUARY
YEAR: 2023
LATITUDE: 26 0 N
LONGITUDE: 80 14 W
[TEMPERATURE DATA] [PRECIPITATION DATA] SYMBOLS USED IN COLUMN 16
AVERAGE MONTHLY: 74.4 TOTAL FOR MONTH: 5.04 1 = FOG OR MIST
DPTR FM NORMAL: 4.2 DPTR FM NORMAL: 2.21 2 = FOG REDUCING VISIBILITY
HIGHEST: 89 ON 28 GRTST 24HR 4.52 ON 5- 5 TO 1/4 MILE OR LESS
LOWEST: 53 ON 14 3 = THUNDER
SNOW, ICE PELLETS, HAIL 4 = ICE PELLETS
TOTAL MONTH: 0.0 INCH 5 = HAIL
GRTST 24HR 0.0 6 = FREEZING RAIN OR DRIZZLE
GRTST DEPTH: 0 7 = DUSTSTORM OR SANDSTORM:
VSBY 1/2 MILE OR LESS
8 = SMOKE OR HAZE
[NO. OF DAYS WITH] [WEATHER - DAYS WITH] 9 = BLOWING SNOW
X = TORNADO
MAX 32 OR BELOW: 0 0.01 INCH OR MORE: 4
MAX 90 OR ABOVE: 0 0.10 INCH OR MORE: 3
MIN 32 OR BELOW: 0 0.50 INCH OR MORE: 1
MIN 0 OR BELOW: 0 1.00 INCH OR MORE: 1
[HDD (BASE 65) ]
TOTAL THIS MO. 1 CLEAR (SCALE 0-3) 17
DPTR FM NORMAL -24 PTCLDY (SCALE 4-7) 11
TOTAL FM JUL 1 81 CLOUDY (SCALE 8-10) 0
DPTR FM NORMAL -31
[CDD (BASE 65) ]
TOTAL THIS MO. 272
DPTR FM NORMAL 101 [PRESSURE DATA]
TOTAL FM JAN 1 478 HIGHEST SLP 30.32 ON 24
DPTR FM NORMAL 160 LOWEST SLP 29.93 ON 12
[REMARKS]
#FINAL-02-23#