000
CXUS54 KEWX 011010
CF6HYI
PRELIMINARY LOCAL CLIMATOLOGICAL DATA (WS FORM: F-6)
STATION: SAN MARCOS
MONTH: AUGUST
YEAR: 2023
LATITUDE: 29 53 N
LONGITUDE: 97 52 W
TEMPERATURE IN F: :PCPN: SNOW: WIND :SUNSHINE: SKY :PK WND
================================================================================
1 2 3 4 5 6A 6B 7 8 9 10 11 12 13 14 15 16 17 18
12Z AVG MX 2MIN
DY MAX MIN AVG DEP HDD CDD WTR SNW DPTH SPD SPD DIR MIN PSBL S-S WX SPD DR
================================================================================
1 104 76 90 M 0 25 0.00 M M 7.6 14 140 M M 1 17 210
2 103 72 88 M 0 23 0.00 M M 9.8 17 170 M M 0 21 150
3 103 75 89 M 0 24 0.00 M M 9.4 16 160 M M 1 25 180
4 105 77 91 M 0 26 0.00 M M 10.6 20 160 M M 0 22 190
5 105 76 91 M 0 26 0.00 M M 10.1 20 160 M M 0 37 200
6 105 75 90 M 0 25 0.00 M M 10.9 21 160 M M 1 28 160
7 105 77 91 M 0 26 0.00 M M 11.7 22 200 M M 0 28 160
8 105 77 91 M 0 26 0.00 M M 12.3 24 160 M M 1 31 160
9 107 74 91 M 0 26 0.00 M M 14.0 22 170 M M 1 31 160
10 106 77 92 M 0 27 0.00 M M 13.5 20 170 M M 1 24 210
11 106 79 93 M 0 28 0.00 M M 13.4 22 160 M M 3 28 160
12 105 79 92 M 0 27 0.00 M M 12.5 21 150 M M 2 25 160
13 104 80 92 M 0 27 0.00 M M 13.6 18 210 M M 3 31 180
14 105 77 91 M 0 26 0.00 M M 7.4 13 230 M M 1 17 150
15 102 76 89 M 0 24 0.00 M M 9.7 15 10 M M 0 24 30
16 105 72 89 M 0 24 0.00 M M 6.4 10 70 M M 0 M M
17 108 72 90 M 0 25 0.00 M M 7.4 15 210 M M 0 20 210
18 105 74 90 M 0 25 0.00 M M 8.7 16 110 M M 0 20 110
19 104 70 87 M 0 22 0.00 M M 7.8 13 160 M M 1 12 22 210
20 106 73 90 M 0 25 0.00 M M 4.7 13 90 M M 0 M M
21 105 76 91 M 0 26 0.00 M M 7.6 17 120 M M 1 25 120
22 97 79 88 M 0 23 0.01 M M 9.4 22 80 M M 2 13 39 120
23 102 76 89 M 0 24 0.00 M M 7.9 16 120 M M 3 21 120
24 104 73 89 M 0 24 0.00 M M 5.5 13 160 M M 1 16 150
25 106 76 91 M 0 26 0.00 M M 6.2 14 100 M M 0 M M
26 105 71 88 M 0 23 0.00 M M 5.1 13 140 M M 0 M M
27 108 76 92 M 0 27 0.00 M M 6.6 24 340 M M 1 38 350
28 101 76 89 M 0 24 T M M 8.7 17 40 M M 1 24 30
29 100 74 87 M 0 22 0.00 M M 9.2 17 30 M M 1 24 30
30 102 69 86 M 0 21 0.00 M M 7.3 14 10 M M 0 18 330
31 103 68 86 M 0 21 0.00 M M 6.4 15 40 M M 1 22 70
================================================================================
SM 3231 2322 0 768 0.01 M 281.4 M 27
================================================================================
AV104.2 74.9 9.1 FASTST M M 1 MAX(MPH)
MISC ----> # 24 160 39 120
================================================================================
NOTES:
# LAST OF SEVERAL OCCURRENCES
COLUMN 17 PEAK WIND IN M.P.H.
PRELIMINARY LOCAL CLIMATOLOGICAL DATA (WS FORM: F-6) , PAGE 2
STATION: SAN MARCOS
MONTH: AUGUST
YEAR: 2023
LATITUDE: 29 53 N
LONGITUDE: 97 52 W
[TEMPERATURE DATA] [PRECIPITATION DATA] SYMBOLS USED IN COLUMN 16
AVERAGE MONTHLY: 89.6 TOTAL FOR MONTH: 0.01 1 = FOG OR MIST
DPTR FM NORMAL: 0.0 DPTR FM NORMAL: M 2 = FOG REDUCING VISIBILITY
HIGHEST: 108 ON 27,17 GRTST 24HR 0.01 ON 22-22 TO 1/4 MILE OR LESS
LOWEST: 68 ON 31 3 = THUNDER
SNOW, ICE PELLETS, HAIL 4 = ICE PELLETS
TOTAL MONTH: M 5 = HAIL
GRTST 24HR M ON M 6 = FREEZING RAIN OR DRIZZLE
GRTST DEPTH: M ON M 7 = DUSTSTORM OR SANDSTORM:
VSBY 1/2 MILE OR LESS
8 = SMOKE OR HAZE
[NO. OF DAYS WITH] [WEATHER - DAYS WITH] 9 = BLOWING SNOW
X = TORNADO
MAX 32 OR BELOW: 0 0.01 INCH OR MORE: 1
MAX 90 OR ABOVE: 31 0.10 INCH OR MORE: 0
MIN 32 OR BELOW: 0 0.50 INCH OR MORE: 0
MIN 0 OR BELOW: 0 1.00 INCH OR MORE: 0
[HDD (BASE 65) ]
TOTAL THIS MO. 0 CLEAR (SCALE 0-3) 29
DPTR FM NORMAL M PTCLDY (SCALE 4-7) 2
TOTAL FM JUL 1 0 CLOUDY (SCALE 8-10) 0
DPTR FM NORMAL M
[CDD (BASE 65) ]
TOTAL THIS MO. 768
DPTR FM NORMAL M [PRESSURE DATA]
TOTAL FM JAN 1 2753 HIGHEST SLP 30.12 ON 15
DPTR FM NORMAL M LOWEST SLP 29.70 ON 9
[REMARKS]
#FINAL-08-23#