000
CXUS54 KHGX 152048
CF6IAH
PRELIMINARY LOCAL CLIMATOLOGICAL DATA (WS FORM: F-6)
STATION: HOUSTON INTERCONTINENTAL
MONTH: SEPTEMBER
YEAR: 2023
LATITUDE: 29 58 N
LONGITUDE: 95 21 W
TEMPERATURE IN F: :PCPN: SNOW: WIND :SUNSHINE: SKY :PK WND
================================================================================
1 2 3 4 5 6A 6B 7 8 9 10 11 12 13 14 15 16 17 18
12Z AVG MX 2MIN
DY MAX MIN AVG DEP HDD CDD WTR SNW DPTH SPD SPD DIR MIN PSBL S-S WX SPD DR
================================================================================
1 102 72 87 3 0 22 0.00 0.0 0 4.7 15 60 M M 2 22 60
2 103 75 89 6 0 24 0.00 0.0 0 6.4 18 140 M M 3 24 130
3 100 79 90 7 0 25 0.00 0.0 0 5.8 22 150 M M 2 26 150
4 96 79 88 5 0 23 0.11 0.0 0 8.7 18 160 M M 5 3 27 160
5 101 83 92 9 0 27 T 0.0 0 9.1 24 160 M M 4 3 29 140
6 103 77 90 7 0 25 0.00 0.0 0 5.2 18 150 M M 3 26 130
7 104 81 93 11 0 28 0.00 0.0 0 6.4 10 170 M M 1 M M
8 106 80 93 11 0 28 T 0.0 0 8.1 18 100 M M 2 43 60
9 97 71 84 2 0 19 0.34 0.0 0 8.9 36 20 M M 5 3 44 30
10 97 70 84 2 0 19 0.00 0.0 0 7.8 12 80 M M 3 21 90
11 96 67 82 0 0 17 0.00 0.0 0 5.6 12 120 M M 4 20 120
12 97 72 85 4 0 20 0.00 0.0 0 4.1 10 160 M M 5 M M
13 95 76 86 5 0 21 0.00 0.0 0 6.4 17 80 M M 6 27 100
14 86 71 79 -2 0 14 2.20 0.0 0 8.4 37 360 M M 8 13 46 340
15 91 71 81 0 0 16 0.02 0.0 0 6.8 36 20 M M 8 13 48 20
16 92 73 83 3 0 18 0.04 0.0 0 3.7 23 310 M M 7 123 33 310
17 95 73 84 4 0 19 0.00 0.0 0 4.3 13 350 M M 3 25 50
18 94 69 82 2 0 17 0.00 0.0 0 4.2 14 140 M M 2 22 130
19 93 68 81 1 0 16 0.00 0.0 0 5.8 16 130 M M 2 23 130
20 93 71 82 2 0 17 0.00 0.0 0 6.5 18 140 M M 2 25 120
21 97 75 86 7 0 21 0.00 0.0 0 7.2 18 130 M M 2 25 120
22 97 75 86 7 0 21 0.00 0.0 0 6.8 20 120 M M 3 26 150
23 97 75 86 7 0 21 0.00 0.0 0 7.3 18 140 M M 3 25 140
24 98 77 88 9 0 23 0.00 0.0 0 8.7 22 120 M M 4 32 120
25 97 73 85 7 0 20 0.06 0.0 0 5.3 26 290 M M 8 138 38 310
26 93 71 82 4 0 17 T 0.0 M 5.0 29 90 M M 3 138 40 80
27 96 72 84 6 0 19 T 0.0 M 4.2 16 130 M M 4 22 130
28 95 74 85 7 0 20 0.00 0.0 0 4.6 14 140 M M 4 23 110
29 94 74 84 7 0 19 0.00 0.0 0 6.9 17 140 M M 2 1 23 110
30 95 73 84 7 0 19 0.00 0.0 0 7.5 17 100 M M 3 30 100
================================================================================
SM 2900 2217 0 615 2.77 0.0 190.4 M 113
================================================================================
AV 96.7 73.9 6.3 FASTST M M 4 MAX(MPH)
MISC ----> 37 360 48 20
================================================================================
NOTES:
# LAST OF SEVERAL OCCURRENCES
COLUMN 17 PEAK WIND IN M.P.H.
PRELIMINARY LOCAL CLIMATOLOGICAL DATA (WS FORM: F-6) , PAGE 2
STATION: HOUSTON INTERCONTINENTAL
MONTH: SEPTEMBER
YEAR: 2023
LATITUDE: 29 58 N
LONGITUDE: 95 21 W
[TEMPERATURE DATA] [PRECIPITATION DATA] SYMBOLS USED IN COLUMN 16
AVERAGE MONTHLY: 85.3 TOTAL FOR MONTH: 2.77 1 = FOG OR MIST
DPTR FM NORMAL: 4.8 DPTR FM NORMAL: -1.94 2 = FOG REDUCING VISIBILITY
HIGHEST: 106 ON 8 GRTST 24HR 2.20 ON 14-14 TO 1/4 MILE OR LESS
LOWEST: 67 ON 11 3 = THUNDER
SNOW, ICE PELLETS, HAIL 4 = ICE PELLETS
TOTAL MONTH: 0.0 INCH 5 = HAIL
GRTST 24HR 0.0 6 = FREEZING RAIN OR DRIZZLE
GRTST DEPTH: 0 7 = DUSTSTORM OR SANDSTORM:
VSBY 1/2 MILE OR LESS
8 = SMOKE OR HAZE
[NO. OF DAYS WITH] [WEATHER - DAYS WITH] 9 = BLOWING SNOW
X = TORNADO
MAX 32 OR BELOW: 0 0.01 INCH OR MORE: 6
MAX 90 OR ABOVE: 29 0.10 INCH OR MORE: 3
MIN 32 OR BELOW: 0 0.50 INCH OR MORE: 1
MIN 0 OR BELOW: 0 1.00 INCH OR MORE: 1
[HDD (BASE 65) ]
TOTAL THIS MO. 0 CLEAR (SCALE 0-3) 15
DPTR FM NORMAL 0 PTCLDY (SCALE 4-7) 14
TOTAL FM JUL 1 0 CLOUDY (SCALE 8-10) 1
DPTR FM NORMAL 0
[CDD (BASE 65) ]
TOTAL THIS MO. 615
DPTR FM NORMAL 150 [PRESSURE DATA]
TOTAL FM JAN 1 3537 HIGHEST SLP 30.09 ON 10
DPTR FM NORMAL 587 LOWEST SLP 29.80 ON 24
[REMARKS]
#FINAL-09-23#