000
CXUS53 KUNR 011643
CF6ICR
PRELIMINARY LOCAL CLIMATOLOGICAL DATA (WS FORM: F-6)
STATION: WINNER REGIONAL AIRPORT SD
MONTH: FEBRUARY
YEAR: 2023
LATITUDE: 43 23 N
LONGITUDE: 99 50 W
TEMPERATURE IN F: :PCPN: SNOW: WIND :SUNSHINE: SKY :PK WND
================================================================================
1 2 3 4 5 6A 6B 7 8 9 10 11 12 13 14 15 16 17 18
12Z AVG MX 2MIN
DY MAX MIN AVG DEP HDD CDD WTR SNW DPTH SPD SPD DIR MIN PSBL S-S WX SPD DR
================================================================================
1 32 8 20 -5 45 0 0.00 M M 9.1 16 200 M M 0 20 200
2 29 -4 13 -12 52 0 T M M 10.5 24 360 M M 3 1 30 350
3 36 2 19 -6 46 0 0.00 M M 11.6 22 150 M M 1 30 150
4 43 25 34 8 31 0 0.00 M M 9.6 17 290 M M 0 23 290
5 40 28 34 8 31 0 0.00 M M 12.4 35 180 M M 1 43 180
6 40 31 36 10 29 0 0.00 M M 17.6 35 180 M M 3 45 190
7 42 26 34 8 31 0 0.00 M M 9.7 20 290 M M 0 8 26 290
8 39 29 34 8 31 0 0.00 M M 11.0 21 200 M M 1 26 210
9 34 17 26 0 39 0 T M M 15.2 33 340 M M 5 1 43 350
10 37 14 26 0 39 0 0.00 M M 14.7 25 200 M M 0 32 190
11 42 21 32 5 33 0 0.00 M M 7.2 15 210 M M 0 8 18 200
12 41 23 32 5 33 0 0.00 M M 6.8 12 280 M M 0 15 290
13 44 30 37 10 28 0 0.00 M M 16.3 29 190 M M 0 39 190
14 42 22 32 5 33 0 T M M 24.4 46 320 M M 5 16 58 320
15 22 11 17 -11 48 0 T M M 17.3 41 320 M M 6 9 51 310
16 30 12 21 -7 44 0 0.00 M M 5.7 9 160 M M 1 13 260
17 41 14 28 0 37 0 0.00 M M 10.1 23 210 M M 0 30 210
18 42 22 32 4 33 0 0.00 M M 5.8 17 170 M M 0 21 170
19 37 26 32 3 33 0 0.00 M M 9.6 18 190 M M 3 24 190
20 41 19 30 1 35 0 0.00 M M 11.2 20 340 M M 3 26 350
21 41 8 25 -4 40 0 0.08 M M 18.0 32 140 M M 9 19 42 150
22 8 -3 3 -27 62 0 0.39 M M 22.8 31 330 M M 10 1 37 10
23 -1 -13 -7 -37 72 0 0.04 M M 15.6 29 320 M M 3 18 35 320
24 11 -12 0 -30 65 0 T M M 9.3 24 160 M M 5 30 160
25 43 10 27 -4 38 0 0.00 M M 11.6 26 200 M M 0 36 200
26 45 23 34 3 31 0 0.00 M M 12.9 30 190 M M 0 38 180
27 42 27 35 3 30 0 0.00 M M 10.5 26 290 M M 0 37 290
28 41 28 35 3 30 0 0.01 M M 16.9 33 260 M M 4 45 260
================================================================================
SM 984 444 1099 0 0.52 M 353.4 M 63
================================================================================
AV 35.1 15.9 12.6 FASTST M M 2 MAX(MPH)
MISC ----> 46 320 58 320
================================================================================
NOTES:
# LAST OF SEVERAL OCCURRENCES
COLUMN 17 PEAK WIND IN M.P.H.
PRELIMINARY LOCAL CLIMATOLOGICAL DATA (WS FORM: F-6) , PAGE 2
STATION: WINNER REGIONAL AIRPORT SD
MONTH: FEBRUARY
YEAR: 2023
LATITUDE: 43 23 N
LONGITUDE: 99 50 W
[TEMPERATURE DATA] [PRECIPITATION DATA] SYMBOLS USED IN COLUMN 16
AVERAGE MONTHLY: 25.5 TOTAL FOR MONTH: 0.52 1 = FOG OR MIST
DPTR FM NORMAL: -2.4 DPTR FM NORMAL: 0.22 2 = FOG REDUCING VISIBILITY
HIGHEST: 45 ON 26 GRTST 24HR 0.39 ON 22-22 TO 1/4 MILE OR LESS
LOWEST: -13 ON 23 3 = THUNDER
SNOW, ICE PELLETS, HAIL 4 = ICE PELLETS
TOTAL MONTH: M 5 = HAIL
GRTST 24HR M ON M 6 = FREEZING RAIN OR DRIZZLE
GRTST DEPTH: M ON M 7 = DUSTSTORM OR SANDSTORM:
VSBY 1/2 MILE OR LESS
8 = SMOKE OR HAZE
[NO. OF DAYS WITH] [WEATHER - DAYS WITH] 9 = BLOWING SNOW
X = TORNADO
MAX 32 OR BELOW: 7 0.01 INCH OR MORE: 4
MAX 90 OR ABOVE: 0 0.10 INCH OR MORE: 1
MIN 32 OR BELOW: 28 0.50 INCH OR MORE: 0
MIN 0 OR BELOW: 4 1.00 INCH OR MORE: 0
[HDD (BASE 65) ]
TOTAL THIS MO. 1099 CLEAR (SCALE 0-3) 18
DPTR FM NORMAL 60 PTCLDY (SCALE 4-7) 8
TOTAL FM JUL 1 5103 CLOUDY (SCALE 8-10) 2
DPTR FM NORMAL 297
[CDD (BASE 65) ]
TOTAL THIS MO. 0
DPTR FM NORMAL 0 [PRESSURE DATA]
TOTAL FM JAN 1 0 HIGHEST SLP 30.79 ON 24
DPTR FM NORMAL 0 LOWEST SLP 29.17 ON 14
[REMARKS]
#FINAL-02-23#