000
CXUS53 KUNR 071514
CF6ICR
PRELIMINARY LOCAL CLIMATOLOGICAL DATA (WS FORM: F-6)
STATION: WINNER REGIONAL AIRPORT SD
MONTH: JULY
YEAR: 2022
LATITUDE: 43 23 N
LONGITUDE: 99 50 W
TEMPERATURE IN F: :PCPN: SNOW: WIND :SUNSHINE: SKY :PK WND
================================================================================
1 2 3 4 5 6A 6B 7 8 9 10 11 12 13 14 15 16 17 18
12Z AVG MX 2MIN
DY MAX MIN AVG DEP HDD CDD WTR SNW DPTH SPD SPD DIR MIN PSBL S-S WX SPD DR
================================================================================
1 89 59 74 -1 0 9 0.38 M M 6.9 33 310 M M 2 13 46 310
2 89 61 75 0 0 10 T M M 5.3 18 180 M M 1 26 180
3 96 71 84 9 0 19 T M M 14.4 24 170 M M 3 33 150
4 94 67 81 5 0 16 0.16 M M 8.9 40 340 M M 2 13 47 330
5 93 67 80 4 0 15 0.07 M M 8.0 44 350 M M 2 138 61 360
6 87 66 77 1 0 12 0.00 M M 5.9 14 80 M M 2 12 20 100
7 84 66 75 -1 0 10 0.14 M M 6.4 24 10 M M 3 138 32 360
8 87 64 76 0 0 11 T M M 5.2 15 90 M M 4 12 20 90
9 98 69 84 8 0 19 0.00 M M 17.0 24 180 M M 0 35 140
10 96 70 83 6 0 18 0.00 M M 15.8 28 190 M M 0 38 190
11 87 62 75 -2 0 10 0.05 M M 13.3 35 320 M M 3 50 330
12 92 58 75 -2 0 10 0.00 M M 7.1 13 150 M M 0 20 270
13 95 62 79 2 0 14 0.00 M M 10.9 18 90 M M 0 26 90
14 105 67 86 9 0 21 0.00 M M 10.9 20 320 M M 0 26 320
15 97 71 84 7 0 19 0.00 M M 8.0 17 220 M M 0 24 220
16 83 68 76 -2 0 11 0.08 M M 9.8 22 110 M M 6 1 31 110
17 98 67 83 5 0 18 T M M 7.7 18 180 M M 3 12 26 180
18 107 76 92 14 0 27 0.00 M M 21.9 33 180 M M 0 49 170
19 94 68 81 3 0 16 0.00 M M 20.4 37 270 M M 0 53 270
20 99 63 81 3 0 16 0.00 M M 8.5 17 300 M M 0 24 300
21 97 60 79 1 0 14 0.00 M M 7.8 20 130 M M 0 29 130
22 99 69 84 6 0 19 0.00 M M 9.1 20 130 M M 0 25 120
23 95 68 82 4 0 17 0.05 M M 15.1 28 200 M M 0 3 39 190
24 86 58 72 -6 0 7 0.00 M M 6.3 14 140 M M 0 19 150
25 85 65 75 -3 0 10 0.23 M M 12.4 24 160 M M 6 1 34 170
26 83 62 73 -5 0 8 0.13 M M 10.2 20 320 M M 2 13 26 320
27 92 59 76 -2 0 11 0.16 M M 7.6 36 300 M M 3 18 50 320
28 82 53 68 -10 0 3 T M M 7.8 20 330 M M 1 1 25 320
29 91 54 73 -5 0 8 0.00 M M 10.5 21 180 M M 1 29 190
30 95 68 82 4 0 17 0.00 M M 21.0 31 190 M M 0 41 190
31 94 68 81 4 0 16 0.00 M M 13.9 25 200 M M 0 39 200
================================================================================
SM 2869 2006 0 431 1.45 M 334.0 M 44
================================================================================
AV 92.5 64.7 10.8 FASTST M M 1 MAX(MPH)
MISC ----> 44 350 61 360
================================================================================
NOTES:
# LAST OF SEVERAL OCCURRENCES
COLUMN 17 PEAK WIND IN M.P.H.
PRELIMINARY LOCAL CLIMATOLOGICAL DATA (WS FORM: F-6) , PAGE 2
STATION: WINNER REGIONAL AIRPORT SD
MONTH: JULY
YEAR: 2022
LATITUDE: 43 23 N
LONGITUDE: 99 50 W
[TEMPERATURE DATA] [PRECIPITATION DATA] SYMBOLS USED IN COLUMN 16
AVERAGE MONTHLY: 78.6 TOTAL FOR MONTH: 1.45 1 = FOG OR MIST
DPTR FM NORMAL: 1.6 DPTR FM NORMAL: -0.91 2 = FOG REDUCING VISIBILITY
HIGHEST: 107 ON 18 GRTST 24HR 0.38 ON 1- 1 TO 1/4 MILE OR LESS
LOWEST: 53 ON 28 3 = THUNDER
SNOW, ICE PELLETS, HAIL 4 = ICE PELLETS
TOTAL MONTH: M 5 = HAIL
GRTST 24HR M ON M 6 = FREEZING RAIN OR DRIZZLE
GRTST DEPTH: M ON M 7 = DUSTSTORM OR SANDSTORM:
VSBY 1/2 MILE OR LESS
8 = SMOKE OR HAZE
[NO. OF DAYS WITH] [WEATHER - DAYS WITH] 9 = BLOWING SNOW
X = TORNADO
MAX 32 OR BELOW: 0 0.01 INCH OR MORE: 10
MAX 90 OR ABOVE: 20 0.10 INCH OR MORE: 6
MIN 32 OR BELOW: 0 0.50 INCH OR MORE: 0
MIN 0 OR BELOW: 0 1.00 INCH OR MORE: 0
[HDD (BASE 65) ]
TOTAL THIS MO. 0 CLEAR (SCALE 0-3) 27
DPTR FM NORMAL -3 PTCLDY (SCALE 4-7) 4
TOTAL FM JUL 1 0 CLOUDY (SCALE 8-10) 0
DPTR FM NORMAL 0
[CDD (BASE 65) ]
TOTAL THIS MO. 431
DPTR FM NORMAL 58 [PRESSURE DATA]
TOTAL FM JAN 1 692 HIGHEST SLP 30.15 ON 8
DPTR FM NORMAL 89 LOWEST SLP 29.46 ON 19
[REMARKS]
#FINAL-07-22#