000
CXUS53 KUNR 011721
CLMICR
CLIMATE REPORT
NATIONAL WEATHER SERVICE RAPID CITY SD
1121 AM MDT MON MAY 01 2023
...................................
...THE WINNER REGIONAL AIRPORT SD CLIMATE SUMMARY FOR THE MONTH OF APRIL 2023...
CLIMATE NORMAL PERIOD 1991 TO 2020
CLIMATE RECORD PERIOD 9999 TO 9999
WEATHER OBSERVED NORMAL DEPART LAST YEAR`S
VALUE DATE(S) VALUE FROM VALUE DATE(S)
NORMAL
................................................................
TEMPERATURE (F)
HIGHEST 94 04/11 94 04/22
LOWEST 16 04/01 14 04/16
AVG. MAXIMUM 60.5 60.1 0.4 59.7
AVG. MINIMUM 32.8 36.0 -3.2 30.2
MEAN 46.7 48.0 -1.3 44.9
DAYS MAX >= 90 1 1
DAYS MAX <= 32 2 0
DAYS MIN <= 32 15 20
DAYS MIN <= 0 0 0
PRECIPITATION (INCHES)
TOTALS 0.46 2.11 -1.65 3.92
DAILY AVG. 0.02 0.07 -0.05 0.15
DAYS >= .01 5 6
DAYS >= .10 2 2
DAYS >= .50 0 2
DAYS >= 1.00 0 2
GREATEST
24 HR. TOTAL 0.27 04/18 TO 04/18 3.49
DEGREE DAYS
HEATING TOTAL 554 512 42 603
SINCE 7/1 6752 6152 600 MM
COOLING TOTAL 11 4 7 10
SINCE 1/1 11 5 6 MM
................................................................
WIND (MPH)
AVERAGE WIND SPEED 14.0
HIGHEST WIND SPEED/DIRECTION 40/330 DATE 04/29
HIGHEST GUST SPEED/DIRECTION 53/330 DATE 04/29
AVERAGE RH (PERCENT) 57
WEATHER CONDITIONS. NUMBER OF DAYS WITH
THUNDERSTORM 4 MIXED PRECIP 0
HEAVY RAIN 0 RAIN 1
LIGHT RAIN 5 FREEZING RAIN 1
LT FREEZING RAIN 1 HAIL 0
HEAVY SNOW 0 SNOW 0
LIGHT SNOW 4 SLEET 0
FOG 10 FOG W/VIS <= 1/4 MILE 0
HAZE 4
- INDICATES NEGATIVE NUMBERS.
R INDICATES RECORD WAS SET OR TIED.
MM INDICATES DATA IS MISSING.
T INDICATES TRACE AMOUNT.
$$