000
CXUS53 KUNR 010945
CF6IEN
PRELIMINARY LOCAL CLIMATOLOGICAL DATA (WS FORM: F-6)
STATION: PINE RIDGE SD
MONTH: JULY
YEAR: 2020
LATITUDE: 43 1 N
LONGITUDE: 102 31 W
TEMPERATURE IN F: :PCPN: SNOW: WIND :SUNSHINE: SKY :PK WND
================================================================================
1 2 3 4 5 6A 6B 7 8 9 10 11 12 13 14 15 16 17 18
12Z AVG MX 2MIN
DY MAX MIN AVG DEP HDD CDD WTR SNW DPTH SPD SPD DIR MIN PSBL S-S WX SPD DR
================================================================================
1 90 48 69 -2 0 4 0.00 M M 15.2 29 160 M M 0 8 45 140
2 95 69 82 11 0 17 0.00 M M 20.8 31 190 M M 0 45 160
3 98 65 82 11 0 17 0.00 M M 14.2 25 200 M M 0 35 150
4 100 64 82 10 0 17 0.06 M M 10.4 21 340 M M 1 3 33 200
5 99 59 79 7 0 14 0.03 M M 9.5 29 270 M M 1 3 41 280
6 97 59 78 6 0 13 T M M 11.1 24 80 M M 3 3 33 80
7 106 63 85 13 0 20 T M M 18.0 44 190 M M 1 3 62 180
8 94 64 79 6 0 14 0.00 M M 7.0 23 170 M M 0 3 33 170
9 88 61 75 2 0 10 T M M 8.0 22 70 M M 1 3 29 80
10 96 56 76 3 0 11 0.00 M M 10.6 41 20 M M 2 8 55 20
11 91 54 73 0 0 8 0.00 M M 5.6 18 80 M M 0 29 70
12 98 59 79 5 0 14 0.00 M M 11.6 26 160 M M 3 40 160
13 88 65 77 3 0 12 T M M 11.8 29 30 M M 0 39 40
14 81 57 69 -5 0 4 T M M 9.1 25 40 M M 6 38 40
15 85 57 71 -3 0 6 0.22 M M 8.8 18 170 M M 3 1 27 160
16 93 62 78 4 0 13 0.00 M M 8.5 23 150 M M 0 32 140
17 105 68 87 13 0 22 0.00 M M 9.8 21 180 M M 0 30 180
18 89 60 75 1 0 10 0.00 M M 9.1 26 20 M M 0 36 20
19 86 59 73 -2 0 8 0.16 M M 9.2 23 80 M M 5 13 34 50
20 92 57 75 0 0 10 0.00 M M 6.0 29 20 M M 2 3 41 10
21 86 55 71 -4 0 6 0.00 M M 6.9 22 140 M M 3 31 150
22 97 65 81 6 0 16 0.00 M M 14.9 23 150 M M 0 36 160
23 103 71 87 12 0 22 0.00 M M 12.8 26 180 M M 0 39 180
24 95 62 79 4 0 14 0.00 M M 9.2 24 190 M M 0 8 36 190
25 98 61 80 5 0 15 0.00 M M 4.4 17 180 M M 0 24 190
26 87 64 76 1 0 11 0.00 M M 10.8 20 80 M M 2 30 60
27 94 57 76 1 0 11 0.00 M M 7.6 20 180 M M 1 8 31 180
28 96 67 82 7 0 17 0.00 M M 10.5 22 180 M M 1 8 31 200
29 89 M M M M M M M M 5.3 13 120 M M 3 3 36 120
30 85 58 72 -3 0 7 0.00 M M 3.5 12 340 M M 1 16 340
31 92 53 73 -2 0 8 0.00 M M 5.2 26 30 M M 0 39 40
================================================================================
SM 2893 1819 0 371 0.47 M 305.4 M 39
================================================================================
AV 93.3 60.6 9.9 FASTST M M 1 MAX(MPH)
MISC ----> # 44 190 # 62 180
================================================================================
NOTES:
# LAST OF SEVERAL OCCURRENCES
COLUMN 17 PEAK WIND IN M.P.H.
PRELIMINARY LOCAL CLIMATOLOGICAL DATA (WS FORM: F-6) , PAGE 2
STATION: PINE RIDGE SD
MONTH: JULY
YEAR: 2020
LATITUDE: 43 1 N
LONGITUDE: 102 31 W
[TEMPERATURE DATA] [PRECIPITATION DATA] SYMBOLS USED IN COLUMN 16
AVERAGE MONTHLY: 77.0 TOTAL FOR MONTH: 0.47 1 = FOG OR MIST
DPTR FM NORMAL: 3.3 DPTR FM NORMAL: -1.80 2 = FOG REDUCING VISIBILITY
HIGHEST: 106 ON 7 GRTST 24HR 0.22 ON 15-15 TO 1/4 MILE OR LESS
LOWEST: 48 ON 1 3 = THUNDER
SNOW, ICE PELLETS, HAIL 4 = ICE PELLETS
TOTAL MONTH: M 5 = HAIL
GRTST 24HR M ON M 6 = FREEZING RAIN OR DRIZZLE
GRTST DEPTH: M ON M 7 = DUSTSTORM OR SANDSTORM:
VSBY 1/2 MILE OR LESS
8 = SMOKE OR HAZE
[NO. OF DAYS WITH] [WEATHER - DAYS WITH] 9 = BLOWING SNOW
X = TORNADO
MAX 32 OR BELOW: 0 0.01 INCH OR MORE: 4
MAX 90 OR ABOVE: 21 0.10 INCH OR MORE: 2
MIN 32 OR BELOW: 0 0.50 INCH OR MORE: 0
MIN 0 OR BELOW: 0 1.00 INCH OR MORE: 0
[HDD (BASE 65) ]
TOTAL THIS MO. 0 CLEAR (SCALE 0-3) 28
DPTR FM NORMAL -12 PTCLDY (SCALE 4-7) 3
TOTAL FM JUL 1 0 CLOUDY (SCALE 8-10) 0
DPTR FM NORMAL -12
[CDD (BASE 65) ]
TOTAL THIS MO. 371
DPTR FM NORMAL 90 [PRESSURE DATA]
TOTAL FM JAN 1 602 HIGHEST SLP 30.14 ON 30
DPTR FM NORMAL 194 LOWEST SLP 29.50 ON 7
[REMARKS]
#FINAL-07-20#