418
CXUS55 KVEF 030308
CF6IGM
PRELIMINARY LOCAL CLIMATOLOGICAL DATA (WS FORM: F-6)
STATION: KINGMAN AZ
MONTH: FEBRUARY
YEAR: 2020
LATITUDE: 35 16 N
LONGITUDE: 113 57 W
TEMPERATURE IN F: :PCPN: SNOW: WIND :SUNSHINE: SKY :PK WND
================================================================================
1 2 3 4 5 6A 6B 7 8 9 10 11 12 13 14 15 16 17 18
12Z AVG MX 2MIN
DY MAX MIN AVG DEP HDD CDD WTR SNW DPTH SPD SPD DIR MIN PSBL S-S WX SPD DR
================================================================================
1 69 31 50 5 15 0 0.00 M M 7.0 14 20 M M 0 17 30
2 71 34 53 8 12 0 0.00 M M 14.3 43 210 M M 0 8 52 210
3 58 22 40 -6 25 0 0.00 M M 18.8 40 210 M M 1 51 210
4 42 22 32 -14 33 0 0.00 M M 17.5 32 350 M M 0 37 350
5 46 19 33 -13 32 0 0.00 M M 9.4 21 360 M M 0 24 350
6 63 24 44 -2 21 0 0.00 M M 4.4 17 240 M M 0 22 240
7 66 28 47 1 18 0 0.00 M M 6.3 20 10 M M 0 26 10
8 68 30 49 3 16 0 0.00 M M 8.2 25 240 M M 0 29 220
9 57 36 47 1 18 0 T M M 8.5 24 360 M M 3 27 360
10 61 34 48 2 17 0 T M M 13.5 30 350 M M 2 36 350
11 53 28 41 -5 24 0 0.00 M M 16.0 28 360 M M 0 32 350
12 61 21 41 -5 24 0 0.00 M M 4.1 14 280 M M 0 18 290
13 62 22 42 -5 23 0 0.00 M M 3.4 16 260 M M 0 18 260
14 62 28 45 -2 20 0 0.00 M M 6.3 15 190 M M 0 19 250
15 63 29 46 -1 19 0 0.00 M M 7.5 15 220 M M 0 19 250
16 68 35 52 5 13 0 0.00 M M 10.5 22 240 M M 0 29 240
17 66 34 50 3 15 0 0.00 M M 7.0 20 360 M M 0 24 360
18 61 29 45 -2 20 0 0.00 M M 6.5 17 160 M M 0 24 190
19 65 27 46 -1 19 0 0.00 M M 5.8 17 350 M M 0 20 350
20 66 29 48 0 17 0 0.00 M M 8.1 14 20 M M 0 20 20
21 72 30 51 3 14 0 0.00 M M 4.7 15 250 M M 2 18 250
22 58 43 51 3 14 0 0.76 M M 11.2 35 130 M M 7 13 40 130
23 61 38 50 2 15 0 0.01 M M 6.2 21 180 M M 3 24 190
24 63 36 50 2 15 0 0.00 M M 7.3 32 340 M M 0 38 350
25 55 33 44 -4 21 0 0.00 M M 14.0 29 340 M M 0 37 350
26 58 33 46 -2 19 0 0.00 M M 10.4 18 120 M M 0 20 120
27 67 31 49 0 16 0 0.00 M M 7.1 13 120 M M 0 15 360
28 68 36 52 3 13 0 0.00 M M 4.7 14 220 M M 0 16 220
29 68 34 51 2 14 0 0.00 M M 8.1 24 220 M M 0 30 220
================================================================================
SM 1798 876 542 0 0.77 M 256.8 M 18
================================================================================
AV 62.0 30.2 8.9 FASTST M M 1 MAX(MPH)
MISC ----> 43 210 52 210
================================================================================
NOTES:
# LAST OF SEVERAL OCCURRENCES
COLUMN 17 PEAK WIND IN M.P.H.
PRELIMINARY LOCAL CLIMATOLOGICAL DATA (WS FORM: F-6) , PAGE 2
STATION: KINGMAN AZ
MONTH: FEBRUARY
YEAR: 2020
LATITUDE: 35 16 N
LONGITUDE: 113 57 W
[TEMPERATURE DATA] [PRECIPITATION DATA] SYMBOLS USED IN COLUMN 16
AVERAGE MONTHLY: 46.1 TOTAL FOR MONTH: 0.77 1 = FOG OR MIST
DPTR FM NORMAL: -0.8 DPTR FM NORMAL: -0.37 2 = FOG REDUCING VISIBILITY
HIGHEST: 72 ON 21 GRTST 24HR 0.77 ON 22-23 TO 1/4 MILE OR LESS
LOWEST: 19 ON 5 3 = THUNDER
SNOW, ICE PELLETS, HAIL 4 = ICE PELLETS
TOTAL MONTH: M 5 = HAIL
GRTST 24HR M ON M 6 = FREEZING RAIN OR DRIZZLE
GRTST DEPTH: M ON M 7 = DUSTSTORM OR SANDSTORM:
VSBY 1/2 MILE OR LESS
8 = SMOKE OR HAZE
[NO. OF DAYS WITH] [WEATHER - DAYS WITH] 9 = BLOWING SNOW
X = TORNADO
MAX 32 OR BELOW: 0 0.01 INCH OR MORE: 2
MAX 90 OR ABOVE: 0 0.10 INCH OR MORE: 1
MIN 32 OR BELOW: 17 0.50 INCH OR MORE: 1
MIN 0 OR BELOW: 0 1.00 INCH OR MORE: 0
[HDD (BASE 65) ]
TOTAL THIS MO. 542 CLEAR (SCALE 0-3) 27
DPTR FM NORMAL 34 PTCLDY (SCALE 4-7) 2
TOTAL FM JUL 1 2334 CLOUDY (SCALE 8-10) 0
DPTR FM NORMAL -112
[CDD (BASE 65) ]
TOTAL THIS MO. 0
DPTR FM NORMAL 0 [PRESSURE DATA]
TOTAL FM JAN 1 0 HIGHEST SLP M ON M
DPTR FM NORMAL 0 LOWEST SLP 29.42 ON 2
[REMARKS]
#FINAL-02-20#