000
CXUS53 KILX 012300
CF6ILX
PRELIMINARY LOCAL CLIMATOLOGICAL DATA (WS FORM: F-6)
STATION: LINCOLN IL
MONTH: APRIL
YEAR: 2020
LATITUDE: 40 9 N
LONGITUDE: 89 20 W
TEMPERATURE IN F: :PCPN: SNOW: WIND :SUNSHINE: SKY :PK WND
================================================================================
1 2 3 4 5 6A 6B 7 8 9 10 11 12 13 14 15 16 17 18
12Z AVG MX 2MIN
DY MAX MIN AVG DEP HDD CDD WTR SNW DPTH SPD SPD DIR MIN PSBL S-S WX SPD DR
================================================================================
1 58 32 45 -2 20 0 0.00 0.0 0 M M M M M M M M
2 67 37 52 5 13 0 T 0.0 0 M M M M M M M M
3 70 41 56 8 9 0 T 0.0 0 M M M M M M M M
4 49 35 42 -6 23 0 0.04 0.0 0 M M M M M M M M
5 62 32 47 -1 18 0 0.00 0.0 0 M M M M M M M M
6 70 36 53 4 12 0 0.00 0.0 0 M M M M M M M M
7 80 59 70 21 0 5 0.00 0.0 0 M M M M M M M M
8 85 48 67 17 0 2 0.29 0.0 0 M M M M M M 3 M M
9 55 34 45 -5 20 0 0.00 0.0 0 M M M M M M M M
10 55 30 43 -7 22 0 0.00 0.0 0 M M M M M M M M
11 68 44 56 5 9 0 0.14 0.0 0 M M M M M M 3 M M
12 63 42 53 2 12 0 0.11 0.0 0 M M M M M M M M
13 45 33 39 -12 26 0 0.02 0.0 0 M M M M M M 1 M M
14 48 27 38 -14 27 0 0.00 0.0 0 M M M M M M M M
15 44 25 35 -17 30 0 T T 0 M M M M M M M M
16 44 24 34 -19 31 0 0.30 T 0 M M M M M M M M
17 39 33 36 -17 29 0 0.12 0.0 0 M M M M M M 1 M M
18 58 29 44 -9 21 0 0.00 0.0 0 M M M M M M M M
19 67 40 54 0 11 0 0.00 0.0 0 M M M M M M M M
20 65 32 49 -5 16 0 0.01 0.0 0 M M M M M M M M
21 58 37 48 -6 17 0 0.00 0.0 0 M M M M M M M M
22 78 35 57 2 8 0 0.00 0.0 0 M M M M M M M M
23 63 47 55 0 10 0 0.35 0.0 0 M M M M M M 12 M M
24 64 42 53 -3 12 0 0.53 0.0 0 M M M M M M 123 M M
25 49 44 47 -9 18 0 3.30 0.0 0 M M M M M M 1 M M
26 64 44 54 -2 11 0 0.02 0.0 0 M M M M M M M M
27 67 41 54 -3 11 0 T 0.0 0 M M M M M M M M
28 78 55 67 10 0 2 1.04 0.0 0 M M M M M M 13 M M
29 60 50 55 -2 10 0 0.93 0.0 0 M M M M M M 1 M M
30 66 46 56 -2 9 0 0.00 0.0 0 M M M M M M M M
================================================================================
SM 1839 1154 455 9 7.20 T M M M
================================================================================
AV 61.3 38.5 M FASTST M M 5 MAX(MPH)
MISC ----> M M M M
================================================================================
NOTES:
# LAST OF SEVERAL OCCURRENCES
COLUMN 17 PEAK WIND IN M.P.H.
PRELIMINARY LOCAL CLIMATOLOGICAL DATA (WS FORM: F-6) , PAGE 2
STATION: LINCOLN IL
MONTH: APRIL
YEAR: 2020
LATITUDE: 40 9 N
LONGITUDE: 89 20 W
[TEMPERATURE DATA] [PRECIPITATION DATA] SYMBOLS USED IN COLUMN 16
AVERAGE MONTHLY: 49.9 TOTAL FOR MONTH: 7.20 1 = FOG OR MIST
DPTR FM NORMAL: -2.5 DPTR FM NORMAL: 3.59 2 = FOG REDUCING VISIBILITY
HIGHEST: 85 ON 8 GRTST 24HR 3.30 ON 25-25 TO 1/4 MILE OR LESS
LOWEST: 24 ON 16 3 = THUNDER
SNOW, ICE PELLETS, HAIL 4 = ICE PELLETS
TOTAL MONTH: T 5 = HAIL
GRTST 24HR T ON 16-16 6 = FREEZING RAIN OR DRIZZLE
GRTST DEPTH: 0 7 = DUSTSTORM OR SANDSTORM:
VSBY 1/2 MILE OR LESS
8 = SMOKE OR HAZE
[NO. OF DAYS WITH] [WEATHER - DAYS WITH] 9 = BLOWING SNOW
X = TORNADO
MAX 32 OR BELOW: 0 0.01 INCH OR MORE: 14
MAX 90 OR ABOVE: 0 0.10 INCH OR MORE: 10
MIN 32 OR BELOW: 8 0.50 INCH OR MORE: 4
MIN 0 OR BELOW: 0 1.00 INCH OR MORE: 2
[HDD (BASE 65) ]
TOTAL THIS MO. 455 CLEAR (SCALE 0-3) 0
DPTR FM NORMAL 64 PTCLDY (SCALE 4-7) 0
TOTAL FM JUL 1 5276 CLOUDY (SCALE 8-10) 0
DPTR FM NORMAL -279
[CDD (BASE 65) ]
TOTAL THIS MO. 9
DPTR FM NORMAL -4 [PRESSURE DATA]
TOTAL FM JAN 1 9 HIGHEST SLP M ON M
DPTR FM NORMAL -6 LOWEST SLP M ON M
[REMARKS]
#FINAL-04-20#