000
CXUS53 KILX 011452
CLSILX
CLIMATE REPORT
NATIONAL WEATHER SERVICE LINCOLN IL
852 AM CST THU DEC 01 2022
...................................
...THE LINCOLN IL CLIMATE SUMMARY FOR THE SEASON, FROM
9/1/2022 TO 11/30/2022...
CLIMATE NORMAL PERIOD 1991 TO 2020
CLIMATE RECORD PERIOD 1905 TO 2022
WEATHER OBSERVED NORMAL DEPART LAST YEAR`S
VALUE DATE(S) VALUE FROM VALUE
NORMAL
..............................................................
TEMPERATURE (F)
RECORD
HIGH 104 09/06/1954
LOW -3 11/30/1964
11/28/1930
HIGHEST 94 09/20 MM MM 91
LOWEST 14 11/20 MM MM 16
AVG. MAXIMUM 65.6 65.6 -0.0 67.5
AVG. MINIMUM 40.7 42.4 -1.7 45.3
MEAN 53.2 54.0 -0.8 56.4
DAYS MAX >= 90 1 3.7 -2.7 4
DAYS MAX <= 32 3 1.4 1.6 0
DAYS MIN <= 32 25 22.5 2.5 20
DAYS MIN <= 0 0 0.0 0.0 0
PRECIPITATION (INCHES)
RECORD
MAXIMUM 22.14 1926
MINIMUM 1.93 1908
TOTALS 7.84 9.60 -1.76 9.67
DAILY AVG. 0.09 0.11
DAYS >= .01 22 27.2 -5.2 29
DAYS >= .10 15 17.2 -2.2 14
DAYS >= .50 7 6.6 0.4 7
DAYS >= 1.00 2 2.1 -0.1 3
GREATEST
24 HR. TOTAL 1.39 11/27 TO 11/27 2.57
SNOWFALL (INCHES)
RECORDS
TOTAL 10.0 1926
24 HR TOTAL 7.0 11/17/1926 TO 11/17/1926
TOTALS 0.8 0.7 0.1 T
DAYS >= TRACE 7 0.8 6.2 5
DAYS >= 1.0 0 0.3 -0.3 0
GREATEST
SNOW DEPTH 0 0
24 HR TOTAL 0.0 T
DEGREE DAYS
HEATING TOTAL 1173 1135 38 968
SINCE 7/1 1173 1145 28 MM
COOLING TOTAL 117 135 -18 213
SINCE 1/1 1025 1014 11 MM
FREEZE DATES
RECORD
EARLIEST 09/11/1917
LATEST 05/29/1925
EARLIEST 10/08
LATEST 04/19
..............................................................
SKY COVER
POSSIBLE SUNSHINE (PERCENT) MM
WEATHER CONDITIONS. NUMBER OF DAYS WITH
THUNDERSTORM 5 MIXED PRECIP 0
HEAVY RAIN 8 RAIN 14
LIGHT RAIN 24 FREEZING RAIN 0
LT FREEZING RAIN 0 HAIL 0
HEAVY SNOW 0 SNOW 0
LIGHT SNOW 7 SLEET 0
FOG 20 FOG W/VIS <= 1/4 MILE 3
HAZE 2
- INDICATES NEGATIVE NUMBERS.
R INDICATES RECORD WAS SET OR TIED.
MM INDICATES DATA IS MISSING.
T INDICATES TRACE AMOUNT.
$$