000
CXUS53 KLBF 011410
CF6IML
PRELIMINARY LOCAL CLIMATOLOGICAL DATA (WS FORM: F-6)
STATION: IMPERIAL
MONTH: JUNE
YEAR: 2023
LATITUDE: 40 31 N
LONGITUDE: 101 37 W
TEMPERATURE IN F: :PCPN: SNOW: WIND :SUNSHINE: SKY :PK WND
================================================================================
1 2 3 4 5 6A 6B 7 8 9 10 11 12 13 14 15 16 17 18
12Z AVG MX 2MIN
DY MAX MIN AVG DEP HDD CDD WTR SNW DPTH SPD SPD DIR MIN PSBL S-S WX SPD DR
================================================================================
1 75 58 67 1 0 2 0.01 M M 14.9 32 130 M M 4 38 47 140
2 76 56 66 -1 0 1 T M M 14.4 28 110 M M 4 3 43 120
3 71 54 63 -4 2 0 0.34 M M 6.7 14 250 M M 8 1 M M
4 75 55 65 -2 0 0 0.00 M M 8.7 15 110 M M 3 12 32 110
5 79 56 68 0 0 3 0.00 M M 5.5 16 140 M M 3 1 M M
6 79 55 67 -1 0 2 0.00 M M 6.4 14 160 M M 1 1 25 160
7 81 54 68 0 0 3 0.00 M M 6.0 16 120 M M 1 18 23 130
8 86 55 71 2 0 6 0.00 M M 5.0 14 240 M M 1 18 20 260
9 84 58 71 2 0 6 0.02 M M 8.2 21 240 M M 2 38 320
10 80 58 69 -1 0 4 0.04 M M 12.0 25 290 M M 2 3 37 300
11 71 56 64 -6 1 0 0.00 M M 8.9 16 40 M M 7 18 22 40
12 67 53 60 -10 5 0 0.03 M M 8.4 15 140 M M 9 18 23 110
13 72 55 64 -6 1 0 0.03 M M 5.7 14 110 M M 7 1 19 50
14 79 50 65 -6 0 0 0.00 M M 6.3 16 250 M M 0 18 22 250
15 78 54 66 -5 0 1 T M M 8.5 20 170 M M 2 18 29 160
16 76 58 67 -4 0 2 0.01 M M 9.5 20 330 M M 4 32 270
17 76 56 66 -6 0 1 0.01 M M 6.3 18 270 M M 4 13 23 330
18 87 50 69 -3 0 4 0.00 M M 8.6 20 250 M M 0 33 240
19 88 59 74 2 0 9 0.00 M M 14.5 28 160 M M 0 41 140
20 83 66 75 3 0 10 0.00 M M 11.2 20 120 M M 5 18 34 140
21 82 63 73 0 0 8 0.30 M M 10.4 23 130 M M 6 138 34 130
22 82 64 73 0 0 8 T M M 9.7 20 110 M M 4 1 29 110
23 87 60 74 1 0 9 0.00 M M 12.0 28 320 M M 4 128 44 320
24 88 55 72 -1 0 7 0.00 M M 12.6 28 260 M M 1 46 260
25 83 53 68 -6 0 3 0.00 M M 6.6 14 360 M M 0 19 350
26 84 53 69 -5 0 4 0.00 M M 12.2 25 140 M M 2 3 43 30
27 90 60 75 1 0 10 0.25 M M 18.2 29 160 M M 1 13 47 140
28 88 62 75 1 0 10 0.57 M M 9.7 23 30 M M 2 13 45 50
29 84 61 73 -1 0 8 0.09 M M 9.0 29 30 M M 2 13 47 40
30 73 60 67 -8 0 2 0.41 M M 9.0 22 280 M M 6 13 38 300
================================================================================
SM 2404 1707 9 123 2.11 M 285.1 M 95
================================================================================
AV 80.1 56.9 9.5 FASTST M M 3 MAX(MPH)
MISC ----> 32 130 # 47 140
================================================================================
NOTES:
# LAST OF SEVERAL OCCURRENCES
COLUMN 17 PEAK WIND IN M.P.H.
PRELIMINARY LOCAL CLIMATOLOGICAL DATA (WS FORM: F-6) , PAGE 2
STATION: IMPERIAL
MONTH: JUNE
YEAR: 2023
LATITUDE: 40 31 N
LONGITUDE: 101 37 W
[TEMPERATURE DATA] [PRECIPITATION DATA] SYMBOLS USED IN COLUMN 16
AVERAGE MONTHLY: 68.5 TOTAL FOR MONTH: 2.11 1 = FOG OR MIST
DPTR FM NORMAL: -2.4 DPTR FM NORMAL: -0.94 2 = FOG REDUCING VISIBILITY
HIGHEST: 90 ON 27 GRTST 24HR 0.66 ON 28-29 TO 1/4 MILE OR LESS
LOWEST: 50 ON 18,14 3 = THUNDER
SNOW, ICE PELLETS, HAIL 4 = ICE PELLETS
TOTAL MONTH: M 5 = HAIL
GRTST 24HR M ON M 6 = FREEZING RAIN OR DRIZZLE
GRTST DEPTH: M ON M 7 = DUSTSTORM OR SANDSTORM:
VSBY 1/2 MILE OR LESS
8 = SMOKE OR HAZE
[NO. OF DAYS WITH] [WEATHER - DAYS WITH] 9 = BLOWING SNOW
X = TORNADO
MAX 32 OR BELOW: 0 0.01 INCH OR MORE: 13
MAX 90 OR ABOVE: 1 0.10 INCH OR MORE: 5
MIN 32 OR BELOW: 0 0.50 INCH OR MORE: 1
MIN 0 OR BELOW: 0 1.00 INCH OR MORE: 0
[HDD (BASE 65) ]
TOTAL THIS MO. 9 CLEAR (SCALE 0-3) 17
DPTR FM NORMAL -18 PTCLDY (SCALE 4-7) 12
TOTAL FM JUL 1 6437 CLOUDY (SCALE 8-10) 1
DPTR FM NORMAL 478
[CDD (BASE 65) ]
TOTAL THIS MO. 123
DPTR FM NORMAL -81 [PRESSURE DATA]
TOTAL FM JAN 1 141 HIGHEST SLP 30.13 ON 5
DPTR FM NORMAL -110 LOWEST SLP 29.63 ON 27
[REMARKS]
#FINAL-06-23#