000
CXUS53 KDLH 021544
CF6INL
PRELIMINARY LOCAL CLIMATOLOGICAL DATA (WS FORM: F-6)
STATION: INTERNATIONAL FALLS
MONTH: JULY
YEAR: 2022
LATITUDE: 48 34 N
LONGITUDE: 93 23 W
TEMPERATURE IN F: :PCPN: SNOW: WIND :SUNSHINE: SKY :PK WND
================================================================================
1 2 3 4 5 6A 6B 7 8 9 10 11 12 13 14 15 16 17 18
12Z AVG MX 2MIN
DY MAX MIN AVG DEP HDD CDD WTR SNW DPTH SPD SPD DIR MIN PSBL S-S WX SPD DR
================================================================================
1 72 46 59 -5 6 0 0.00 0.0 0 8.4 24 300 M M 3 37 290
2 70 41 56 -8 9 0 0.00 0.0 0 3.6 14 340 M M 2 20 310
3 75 41 58 -6 7 0 T 0.0 0 4.0 9 100 M M 2 13 70
4 67 59 63 -1 2 0 0.83 0.0 0 5.9 14 100 M M 7 12 17 80
5 75 59 67 3 0 2 0.01 0.0 0 6.7 14 30 M M 6 12 20 40
6 78 51 65 1 0 0 0.00 0.0 0 4.5 14 120 M M 2 22 120
7 76 57 67 3 0 2 T 0.0 0 5.6 15 350 M M 3 22 350
8 78 51 65 0 0 0 0.00 0.0 0 4.8 14 70 M M 0 23 100
9 81 51 66 1 0 1 0.00 0.0 0 5.7 13 140 M M 1 21 210
10 81 66 74 9 0 9 0.42 0.0 0 7.5 28 330 M M 4 138 40 330
11 70 56 63 -2 2 0 0.51 0.0 0 6.5 21 330 M M 6 13 32 330
12 78 52 65 0 0 0 0.29 0.0 0 4.4 16 300 M M 4 138 25 350
13 75 52 64 -1 1 0 0.00 0.0 0 2.7 10 70 M M 4 12 15 70
14 75 50 63 -2 2 0 0.00 0.0 0 4.5 13 140 M M 0 21 140
15 85 54 70 5 0 5 0.00 0.0 0 3.2 12 320 M M 0 16 320
16 84 57 71 6 0 6 0.06 0.0 0 2.4 18 360 M M 3 13 27 240
17 88 59 74 9 0 9 0.08 0.0 0 4.3 37 20 M M 2 13 54 10
18 85 62 74 9 0 9 0.40 0.0 0 4.7 15 270 M M 2 13 27 280
19 82 61 72 7 0 7 0.19 0.0 0 8.2 17 130 M M 6 13 27 260
20 81 62 72 7 0 7 0.02 0.0 0 11.0 23 310 M M 5 1 31 320
21 79 59 69 4 0 4 0.00 0.0 0 8.6 18 280 M M 1 3 29 280
22 81 57 69 4 0 4 0.00 0.0 0 8.4 23 290 M M 1 34 290
23 71 55 63 -2 2 0 1.07 0.0 0 5.3 16 20 M M 6 1 30 200
24 67 54 61 -4 4 0 T 0.0 0 9.6 23 320 M M 5 32 310
25 74 50 62 -3 3 0 0.00 0.0 0 5.1 13 300 M M 2 19 280
26 75 55 65 0 0 0 0.56 0.0 0 5.6 17 320 M M 5 1 23 330
27 73 50 62 -3 3 0 0.09 0.0 0 7.3 28 320 M M 3 13 37 260
28 70 52 61 -4 4 0 0.01 0.0 0 8.8 20 300 M M 5 8 29 290
29 75 48 62 -3 3 0 0.00 0.0 0 4.3 13 290 M M 3 19 290
30 83 51 67 2 0 2 0.14 0.0 0 4.3 14 220 M M 1 13 22 220
31 74 62 68 3 0 3 0.05 0.0 0 6.3 20 320 M M 7 138 30 320
================================================================================
SM 2378 1680 48 70 4.73 0.0 182.2 M 101
================================================================================
AV 76.7 54.2 5.9 FASTST M M 3 MAX(MPH)
MISC ----> 37 20 54 10
================================================================================
NOTES:
# LAST OF SEVERAL OCCURRENCES
COLUMN 17 PEAK WIND IN M.P.H.
PRELIMINARY LOCAL CLIMATOLOGICAL DATA (WS FORM: F-6) , PAGE 2
STATION: INTERNATIONAL FALLS
MONTH: JULY
YEAR: 2022
LATITUDE: 48 34 N
LONGITUDE: 93 23 W
[TEMPERATURE DATA] [PRECIPITATION DATA] SYMBOLS USED IN COLUMN 16
AVERAGE MONTHLY: 65.5 TOTAL FOR MONTH: 4.73 1 = FOG OR MIST
DPTR FM NORMAL: 0.6 DPTR FM NORMAL: 0.76 2 = FOG REDUCING VISIBILITY
HIGHEST: 88 ON 17 GRTST 24HR 1.07 ON 23-23 TO 1/4 MILE OR LESS
LOWEST: 41 ON 3, 2 3 = THUNDER
SNOW, ICE PELLETS, HAIL 4 = ICE PELLETS
TOTAL MONTH: 0.0 INCH 5 = HAIL
GRTST 24HR 0.0 6 = FREEZING RAIN OR DRIZZLE
GRTST DEPTH: 0 7 = DUSTSTORM OR SANDSTORM:
VSBY 1/2 MILE OR LESS
8 = SMOKE OR HAZE
[NO. OF DAYS WITH] [WEATHER - DAYS WITH] 9 = BLOWING SNOW
X = TORNADO
MAX 32 OR BELOW: 0 0.01 INCH OR MORE: 16
MAX 90 OR ABOVE: 0 0.10 INCH OR MORE: 9
MIN 32 OR BELOW: 0 0.50 INCH OR MORE: 4
MIN 0 OR BELOW: 0 1.00 INCH OR MORE: 1
[HDD (BASE 65) ]
TOTAL THIS MO. 48 CLEAR (SCALE 0-3) 17
DPTR FM NORMAL -27 PTCLDY (SCALE 4-7) 14
TOTAL FM JUL 1 48 CLOUDY (SCALE 8-10) 0
DPTR FM NORMAL -22
[CDD (BASE 65) ]
TOTAL THIS MO. 70
DPTR FM NORMAL 0 [PRESSURE DATA]
TOTAL FM JAN 1 119 HIGHEST SLP 30.24 ON 8
DPTR FM NORMAL 6 LOWEST SLP 29.31 ON 19
[REMARKS]
#FINAL-07-22#