000
CXUS53 KDLH 011031
CLSINL
CLIMATE REPORT
NATIONAL WEATHER SERVICE DULUTH MN
431 AM CST FRI MAR 01 2024
...................................
...THE INTERNATIONAL FALLS CLIMATE SUMMARY FOR THE SEASON, FROM
12/1/2023 TO 2/29/2024...
CLIMATE NORMAL PERIOD: 1991 TO 2020
CLIMATE RECORD PERIOD: 1895 TO 2024
WEATHER OBSERVED NORMAL DEPART LAST YEAR`S
VALUE DATE(S) VALUE FROM VALUE DATE(S)
NORMAL
................................................................
TEMPERATURE (F)
RECORD
HIGH 58 02/17/2017
02/22/2000
LOW -55 01/06/1909
HIGHEST 53 01/31 MM MM 47
02/26
LOWEST -23 01/20 MM MM -36
AVG. MAXIMUM 28.7 19.4 9.3 MM
AVG. MINIMUM 13.9 -1.9 15.8 MM
MEAN 21.3 8.8 12.5 MM
PRECIPITATION (INCHES)
RECORD
MAXIMUM 4.94 2017
MINIMUM 0.38 2002
TOTALS 2.66 2.47 0.19 2.44
SNOWFALL (INCHES)
RECORDS
TOTAL 81.8 2009
SNOW DEPTH 34 02/22/2014
TOTALS 22.9 44.1 -21.2 36.4
SINCE 7/1 32.2 57.9 -25.7
SNOWDEPTH AVG. 3 14
DAYS >= TRACE 43 37.5 5.5 MM
DAYS >= 1.0 7 13.8 -6.8 MM
GREATEST
SNOW DEPTH 8 01/22 19 01/27
01/23
01/28
01/29
DEGREE DAYS
HEATING TOTAL 3919 5064 -1145 MM
COOLING TOTAL 0 0 0 0
................................................................
WIND (MPH)
AVERAGE WIND SPEED 6.5
HIGHEST WIND SPEED/DIRECTION 31/330
HIGHEST GUST SPEED/DIRECTION 43/340
SKY COVER
POSSIBLE SUNSHINE (PERCENT) MM
- INDICATES NEGATIVE NUMBERS.
R INDICATES RECORD WAS SET OR TIED.
MM INDICATES DATA IS MISSING.
T INDICATES TRACE AMOUNT.
$$