000
CXUS56 KFGZ 010910
CF6INW
PRELIMINARY LOCAL CLIMATOLOGICAL DATA (WS FORM: F-6)
STATION: WINSLOW AZ AIRPORT
MONTH: JUNE
YEAR: 2021
LATITUDE: 35 1 N
LONGITUDE: 110 44 W
TEMPERATURE IN F: :PCPN: SNOW: WIND :SUNSHINE: SKY :PK WND
================================================================================
1 2 3 4 5 6A 6B 7 8 9 10 11 12 13 14 15 16 17 18
12Z AVG MX 2MIN
DY MAX MIN AVG DEP HDD CDD WTR SNW DPTH SPD SPD DIR MIN PSBL S-S WX SPD DR
================================================================================
1 92 53 73 4 0 8 0.00 M M 7.4 21 220 M M 0 26 220
2 93 56 75 6 0 10 0.00 M M 11.0 26 270 M M 0 42 270
3 97 61 79 9 0 14 0.00 M M 9.1 30 270 M M 0 38 270
4 99 62 81 11 0 16 0.05 M M 9.2 31 280 M M 0 42 250
5 100 58 79 9 0 14 0.00 0.0 0 14.9 32 280 M M 0 40 240
6 96 64 80 9 0 15 0.00 M M 13.8 28 230 M M 0 34 230
7 91 51 71 0 0 6 0.00 M M 9.7 25 210 M M 0 32 200
8 92 48 70 -1 0 5 0.00 M M 9.4 22 220 M M 0 27 210
9 96 49 73 1 0 8 0.00 M M 10.7 24 200 M M 0 31 250
10 95 56 76 4 0 11 0.00 M M 12.6 26 250 M M 0 41 200
11 99 48 74 2 0 9 0.00 M M 6.8 23 240 M M 0 29 260
12 101 47 74 1 0 9 0.00 M M 7.9 22 230 M M 0 27 230
13 106 53 80 7 0 15 0.00 M M 12.2 29 250 M M 0 38 240
14 106 57 82 9 0 17 0.00 M M 5.9 14 270 M M 0 19 270
15 107 58 83 9 0 18 0.00 M M 6.6 26 150 M M 0 33 200
16 106 69 88 14 0 23 T M M 8.1 29 200 M M 0 34 20
17 107 73 90 16 0 25 T M M 11.2 24 250 M M 0 34 260
18 107 69 88 13 0 23 0.00 M M 7.4 25 310 M M 0 33 310
19 105 65 85 10 0 20 0.00 M M 7.4 32 190 M M 0 39 190
20 105 71 88 13 0 23 0.00 M M 12.4 33 250 M M 0 46 300
21 102 63 83 7 0 18 0.00 M M 8.9 25 260 M M 1 29 260
22 100 66 83 7 0 18 T M M 11.4 28 230 M M 1 36 260
23 82 60 71 -5 0 6 0.12 M M 8.4 25 250 M M 5 30 250
24 93 54 74 -2 0 9 0.00 M M 8.7 28 300 M M 0 35 300
25 92 59 76 -1 0 11 0.00 M M 7.4 30 320 M M 1 39 310
26 93 55 74 -3 0 9 T M M 5.0 25 260 M M 0 33 280
27 94 61 78 1 0 13 0.00 M M 10.2 23 360 M M 2 36 350
28 90 64 77 0 0 12 T M M 9.8 24 120 M M 2 32 110
29 88 60 74 -4 0 9 0.00 M M 9.1 30 360 M M 1 8 38 360
30 88 54 71 -7 0 6 T M M 9.0 31 230 M M 1 36 240
================================================================================
SM 2922 1764 0 400 0.17 0.0 281.6 M 14
================================================================================
AV 97.4 58.8 9.4 FASTST M M 0 MAX(MPH)
MISC ----> 33 250 46 300
================================================================================
NOTES:
# LAST OF SEVERAL OCCURRENCES
COLUMN 17 PEAK WIND IN M.P.H.
PRELIMINARY LOCAL CLIMATOLOGICAL DATA (WS FORM: F-6) , PAGE 2
STATION: WINSLOW AZ AIRPORT
MONTH: JUNE
YEAR: 2021
LATITUDE: 35 1 N
LONGITUDE: 110 44 W
[TEMPERATURE DATA] [PRECIPITATION DATA] SYMBOLS USED IN COLUMN 16
AVERAGE MONTHLY: 78.1 TOTAL FOR MONTH: 0.17 1 = FOG OR MIST
DPTR FM NORMAL: 4.3 DPTR FM NORMAL: 0.03 2 = FOG REDUCING VISIBILITY
HIGHEST: 107 ON 18,17 GRTST 24HR 0.12 ON 22-23 TO 1/4 MILE OR LESS
LOWEST: 47 ON 12 3 = THUNDER
SNOW, ICE PELLETS, HAIL 4 = ICE PELLETS
TOTAL MONTH: 0.0 INCH 5 = HAIL
GRTST 24HR 0.0 6 = FREEZING RAIN OR DRIZZLE
GRTST DEPTH: 0 7 = DUSTSTORM OR SANDSTORM:
VSBY 1/2 MILE OR LESS
8 = SMOKE OR HAZE
[NO. OF DAYS WITH] [WEATHER - DAYS WITH] 9 = BLOWING SNOW
X = TORNADO
MAX 32 OR BELOW: 0 0.01 INCH OR MORE: 2
MAX 90 OR ABOVE: 27 0.10 INCH OR MORE: 1
MIN 32 OR BELOW: 0 0.50 INCH OR MORE: 0
MIN 0 OR BELOW: 0 1.00 INCH OR MORE: 0
[HDD (BASE 65) ]
TOTAL THIS MO. 0 CLEAR (SCALE 0-3) 29
DPTR FM NORMAL -8 PTCLDY (SCALE 4-7) 1
TOTAL FM JUL 1 4391 CLOUDY (SCALE 8-10) 0
DPTR FM NORMAL 64
[CDD (BASE 65) ]
TOTAL THIS MO. 400
DPTR FM NORMAL 130 [PRESSURE DATA]
TOTAL FM JAN 1 463 HIGHEST SLP M ON M
DPTR FM NORMAL 123 LOWEST SLP 29.59 ON 18
[REMARKS]
#FINAL-06-21#