000
CXUS51 KCTP 011351
CF6IPT
PRELIMINARY LOCAL CLIMATOLOGICAL DATA (WS FORM: F-6)
STATION: WILLIAMSPORT PA
MONTH: FEBRUARY
YEAR: 2021
LATITUDE: 41 15 N
LONGITUDE: 76 55 W
TEMPERATURE IN F: :PCPN: SNOW: WIND :SUNSHINE: SKY :PK WND
================================================================================
1 2 3 4 5 6A 6B 7 8 9 10 11 12 13 14 15 16 17 18
12Z AVG MX 2MIN
DY MAX MIN AVG DEP HDD CDD WTR SNW DPTH SPD SPD DIR MIN PSBL S-S WX SPD DR
================================================================================
1 31 24 28 1 37 0 0.75 11.2 7 5.3 12 300 M M 10 128 17 320
2 31 26 29 1 36 0 0.01 0.2 11 12.8 23 320 M M 10 18 29 320
3 38 28 33 5 32 0 0.01 0.1 11 12.7 21 300 M M 7 1 27 310
4 42 23 33 5 32 0 0.00 0.0 9 8.3 22 270 M M 0 26 270
5 43 30 37 9 28 0 0.03 0.4 8 11.5 25 260 M M 9 18 36 170
6 36 18 27 -1 38 0 0.00 0.0 6 8.4 28 260 M M 2 36 260
7 36 15 26 -2 39 0 0.08 0.8 6 6.9 22 290 M M 5 1 27 290
8 24 6 15 -13 50 0 0.00 0.0 6 2.3 8 80 M M 5 10 310
9 35 17 26 -2 39 0 0.16 1.2 7 1.6 9 80 M M 10 18 11 70
10 31 23 27 -2 38 0 0.07 0.7 7 2.9 10 270 M M 8 18 14 350
11 32 19 26 -3 39 0 0.07 0.7 9 5.1 14 360 M M 6 18 19 360
12 25 9 17 -12 48 0 0.00 0.0 8 1.2 7 90 M M 7 7 100
13 27 13 20 -9 45 0 0.00 0.0 8 1.8 12 80 M M 9 19 90
14 34 23 29 0 36 0 0.00 0.0 8 4.2 10 260 M M 9 12 260
15 32 26 29 -1 36 0 0.29 0.2 7 3.2 13 60 M M 10 1468 15 60
16 40 22 31 1 34 0 0.34 0.0 7 11.5 28 250 M M 9 168 37 250
17 29 15 22 -8 43 0 0.00 0.0 6 5.6 15 300 M M 2 19 300
18 26 21 24 -6 41 0 0.23 3.0 7 3.7 13 80 M M 10 18 14 90
19 33 24 29 -1 36 0 0.04 0.4 9 4.2 18 310 M M 10 1 24 310
20 30 21 26 -5 39 0 T T 8 12.3 23 250 M M 7 28 250
21 37 14 26 -5 39 0 0.00 0.0 8 6.9 15 280 M M 1 20 280
22 35 27 31 0 34 0 0.30 2.7 8 6.9 18 120 M M 8 128 31 130
23 43 21 32 1 33 0 0.02 0.2 11 4.8 20 280 M M 7 18 29 280
24 54 20 37 5 28 0 T 0.0 10 7.2 25 240 M M 3 1 32 160
25 47 27 37 5 28 0 0.00 0.0 6 7.7 30 310 M M 2 41 300
26 40 20 30 -2 35 0 0.00 0.0 5 4.8 20 140 M M 2 32 130
27 43 31 37 5 28 0 0.12 0.2 6 5.4 18 120 M M 8 12 28 140
28 40 30 35 2 30 0 0.55 T 5 6.7 20 60 M M 10 128 31 110
================================================================================
SM 994 593 1021 0 3.07 22.0 175.9 M 186
================================================================================
AV 35.5 21.2 6.3 FASTST M M 7 MAX(MPH)
MISC ----> 30 310 41 300
================================================================================
NOTES:
# LAST OF SEVERAL OCCURRENCES
COLUMN 17 PEAK WIND IN M.P.H.
PRELIMINARY LOCAL CLIMATOLOGICAL DATA (WS FORM: F-6) , PAGE 2
STATION: WILLIAMSPORT PA
MONTH: FEBRUARY
YEAR: 2021
LATITUDE: 41 15 N
LONGITUDE: 76 55 W
[TEMPERATURE DATA] [PRECIPITATION DATA] SYMBOLS USED IN COLUMN 16
AVERAGE MONTHLY: 28.3 TOTAL FOR MONTH: 3.07 1 = FOG OR MIST
DPTR FM NORMAL: -1.4 DPTR FM NORMAL: 0.73 2 = FOG REDUCING VISIBILITY
HIGHEST: 54 ON 24 GRTST 24HR 0.95 ON 31- 1 TO 1/4 MILE OR LESS
LOWEST: 6 ON 8 3 = THUNDER
SNOW, ICE PELLETS, HAIL 4 = ICE PELLETS
TOTAL MONTH: 25.2 INCHES 5 = HAIL
GRTST 24HR 11.2 ON 1- 1 6 = FREEZING RAIN OR DRIZZLE
GRTST DEPTH: 11 ON 23, 3 7 = DUSTSTORM OR SANDSTORM:
VSBY 1/2 MILE OR LESS
8 = SMOKE OR HAZE
[NO. OF DAYS WITH] [WEATHER - DAYS WITH] 9 = BLOWING SNOW
X = TORNADO
MAX 32 OR BELOW: 11 0.01 INCH OR MORE: 16
MAX 90 OR ABOVE: 0 0.10 INCH OR MORE: 8
MIN 32 OR BELOW: 28 0.50 INCH OR MORE: 2
MIN 0 OR BELOW: 0 1.00 INCH OR MORE: 0
[HDD (BASE 65) ]
TOTAL THIS MO. 1021 CLEAR (SCALE 0-3) 7
DPTR FM NORMAL 33 PTCLDY (SCALE 4-7) 9
TOTAL FM JUL 1 4052 CLOUDY (SCALE 8-10) 12
DPTR FM NORMAL -415
[CDD (BASE 65) ]
TOTAL THIS MO. 0
DPTR FM NORMAL 0 [PRESSURE DATA]
TOTAL FM JAN 1 0 HIGHEST SLP 30.60 ON 21
DPTR FM NORMAL 0 LOWEST SLP 29.56 ON 5
[REMARKS]
#FINAL-02-21#