000
CXUS51 KCTP 010713
CLMIPT
CLIMATE REPORT
NATIONAL WEATHER SERVICE STATE COLLEGE PA
313 AM EDT FRI SEP 01 2023
...................................
...THE WILLIAMSPORT PA CLIMATE SUMMARY FOR THE MONTH OF AUGUST 2023...
CLIMATE NORMAL PERIOD 1991 TO 2020
CLIMATE RECORD PERIOD 1895 TO 2023
WEATHER OBSERVED NORMAL DEPART LAST YEAR`S
VALUE DATE(S) VALUE FROM VALUE DATE(S)
NORMAL
................................................................
TEMPERATURE (F)
RECORD
HIGH 103 08/07/1918
LOW 38 08/30/1965
08/25/1940
HIGHEST 89 08/21 94 08/08
08/04
LOWEST 53 08/02 51 08/13
AVG. MAXIMUM 81.1 82.7 -1.6 86.5
AVG. MINIMUM 62.0 61.2 0.8 63.6
MEAN 71.5 72.0 -0.5 75.1
DAYS MAX >= 90 0 4.0 -4.0 7
DAYS MAX <= 32 0 0.0 0.0 0
DAYS MIN <= 32 0 0.0 0.0 0
DAYS MIN <= 0 0 0.0 0.0 0
PRECIPITATION (INCHES)
RECORD
MAXIMUM 9.65 1912
MINIMUM 0.53 1930
TOTALS 8.61 4.17 4.44 2.63
DAILY AVG. 0.28 0.13 0.15 0.08
DAYS >= .01 13 10.5 2.5 11
DAYS >= .10 10 6.6 3.4 7
DAYS >= .50 5 2.6 2.4 2
DAYS >= 1.00 4 1.0 3.0 0
GREATEST
24 HR. TOTAL 2.49 08/17 TO 08/18 1.08 08/21 TO 08/22
SNOWFALL (INCHES)
RECORDS
TOTAL 0.0 MM
TOTALS 0.0 0.0 0.0 0.0
SINCE 7/1 0.0 0.0 0.0 MM
SNOWDEPTH AVG. 0 0
DAYS >= 1.0 0 0.0 0.0 0
GREATEST
SNOW DEPTH 0 0 MM
24 HR TOTAL MM MM
DEGREE DAYS
HEATING TOTAL 0 6 -6 0
SINCE 7/1 0 3 -3 MM
COOLING TOTAL 209 222 -13 321
SINCE 1/1 712 709 3 MM
................................................................
WIND (MPH)
AVERAGE WIND SPEED 4.9
HIGHEST WIND SPEED/DIRECTION 28/260 DATE 08/12
HIGHEST GUST SPEED/DIRECTION 43/160 DATE 08/07
SKY COVER
POSSIBLE SUNSHINE (PERCENT) MM
AVERAGE SKY COVER 0.52
NUMBER OF DAYS FAIR 8
NUMBER OF DAYS PC 16
NUMBER OF DAYS CLOUDY 7
WEATHER CONDITIONS. NUMBER OF DAYS WITH
THUNDERSTORM 9 MIXED PRECIP 0
HEAVY RAIN 8 RAIN 10
LIGHT RAIN 15 FREEZING RAIN 0
LT FREEZING RAIN 0 HAIL 0
HEAVY SNOW 0 SNOW 0
LIGHT SNOW 0 SLEET 0
FOG 14 FOG W/VIS <= 1/4 MILE 2
HAZE 2
- INDICATES NEGATIVE NUMBERS.
R INDICATES RECORD WAS SET OR TIED.
MM INDICATES DATA IS MISSING.
T INDICATES TRACE AMOUNT.
$$