000
CXUS51 KOKX 010910
CF6ISP
PRELIMINARY LOCAL CLIMATOLOGICAL DATA (WS FORM: F-6)
STATION: ISLIP NY
MONTH: MARCH
YEAR: 2023
LATITUDE: 40 47 N
LONGITUDE: 73 6 W
TEMPERATURE IN F: :PCPN: SNOW: WIND :SUNSHINE: SKY :PK WND
================================================================================
1 2 3 4 5 6A 6B 7 8 9 10 11 12 13 14 15 16 17 18
12Z AVG MX 2MIN
DY MAX MIN AVG DEP HDD CDD WTR SNW DPTH SPD SPD DIR MIN PSBL S-S WX SPD DR
================================================================================
1 43 24 34 -2 31 0 0.01 T 1 7.2 15 150 M M 7 124 19 170
2 52 38 45 9 20 0 T 0.0 0 9.9 24 300 M M 9 128 35 300
3 47 28 38 2 27 0 0.08 T 0 9.9 28 100 M M 6 14 39 100
4 44 38 41 4 24 0 0.90 0.0 0 15.8 39 100 M M 10 1 50 100
5 55 31 43 6 22 0 T 0.0 0 8.6 18 310 M M 6 25 300
6 54 34 44 7 21 0 0.00 0.0 0 11.1 20 330 M M 4 26 320
7 49 31 40 3 25 0 0.02 0.4 T 16.4 31 320 M M 7 1 43 340
8 44 29 37 -1 28 0 0.00 0.0 0 19.4 29 330 M M 2 37 340
9 50 33 42 4 23 0 0.00 0.0 0 15.0 23 340 M M 3 29 340
10 47 30 39 1 26 0 0.26 0.0 0 7.8 15 140 M M 7 1 19 140
11 44 35 40 2 25 0 0.22 T 0 12.7 24 360 M M 9 1 31 350
12 46 30 38 -1 27 0 0.00 0.0 0 8.0 14 150 M M 5 18 340
13 45 40 43 4 22 0 1.20 0.0 0 12.5 23 20 M M 10 1 29 10
14 42 33 38 -1 27 0 0.59 1.2 T 20.2 29 290 M M 9 12 38 280
15 46 34 40 1 25 0 0.00 0.0 T 20.7 33 320 M M 3 43 300
16 57 31 44 4 21 0 0.00 0.0 0 8.7 18 280 M M 3 22 280
17 53 37 45 5 20 0 T 0.0 0 8.3 15 230 M M 7 21 210
18 53 42 48 8 17 0 0.04 0.0 0 10.9 20 280 M M 8 1 26 290
19 42 30 36 -4 29 0 0.00 0.0 M 14.5 26 300 M M 1 33 300
20 46 26 36 -5 29 0 0.00 0.0 0 8.5 17 200 M M 0 23 220
21 59 32 46 5 19 0 0.00 0.0 0 9.8 22 230 M M 3 28 230
22 55 33 44 3 21 0 0.00 0.0 M 7.7 17 190 M M 7 22 210
23 57 44 51 9 14 0 0.11 0.0 0 7.8 21 220 M M 9 12 25 230
24 57 38 48 6 17 0 0.00 0.0 0 8.4 17 340 M M 8 23 350
25 45 38 42 0 23 0 0.22 0.0 0 13.2 29 90 M M 7 12 39 110
26 63 39 51 8 14 0 T 0.0 0 8.9 24 290 M M 3 12 32 280
27 58 33 46 3 19 0 0.15 0.0 0 8.6 21 30 M M 5 1 25 40
28 51 35 43 0 22 0 0.02 0.0 0 6.3 16 330 M M 8 1 20 320
29 52 33 43 -1 22 0 0.00 0.0 M 9.2 17 200 M M 3 23 180
30 45 31 38 -6 27 0 0.01 0.0 0 13.3 29 320 M M 3 37 330
31 52 26 39 -5 26 0 0.00 0.0 0 7.9 17 210 M M 7 25 200
================================================================================
SM 1553 1036 713 0 3.83 1.6 347.2 M 179
================================================================================
AV 50.1 33.4 11.2 FASTST M M 6 MAX(MPH)
MISC ----> 39 100 50 100
================================================================================
NOTES:
# LAST OF SEVERAL OCCURRENCES
COLUMN 17 PEAK WIND IN M.P.H.
PRELIMINARY LOCAL CLIMATOLOGICAL DATA (WS FORM: F-6) , PAGE 2
STATION: ISLIP NY
MONTH: MARCH
YEAR: 2023
LATITUDE: 40 47 N
LONGITUDE: 73 6 W
[TEMPERATURE DATA] [PRECIPITATION DATA] SYMBOLS USED IN COLUMN 16
AVERAGE MONTHLY: 41.8 TOTAL FOR MONTH: 3.83 1 = FOG OR MIST
DPTR FM NORMAL: 1.9 DPTR FM NORMAL: -0.68 2 = FOG REDUCING VISIBILITY
HIGHEST: 63 ON 26 GRTST 24HR 1.56 ON 13-14 TO 1/4 MILE OR LESS
LOWEST: 24 ON 1 3 = THUNDER
SNOW, ICE PELLETS, HAIL 4 = ICE PELLETS
TOTAL MONTH: 2.5 INCHES 5 = HAIL
GRTST 24HR 1.2 ON 14-14 6 = FREEZING RAIN OR DRIZZLE
GRTST DEPTH: 3 ON M 7 = DUSTSTORM OR SANDSTORM:
VSBY 1/2 MILE OR LESS
8 = SMOKE OR HAZE
[NO. OF DAYS WITH] [WEATHER - DAYS WITH] 9 = BLOWING SNOW
X = TORNADO
MAX 32 OR BELOW: 0 0.01 INCH OR MORE: 14
MAX 90 OR ABOVE: 0 0.10 INCH OR MORE: 8
MIN 32 OR BELOW: 13 0.50 INCH OR MORE: 3
MIN 0 OR BELOW: 0 1.00 INCH OR MORE: 1
[HDD (BASE 65) ]
TOTAL THIS MO. 713 CLEAR (SCALE 0-3) 6
DPTR FM NORMAL -67 PTCLDY (SCALE 4-7) 17
TOTAL FM JUL 1 3852 CLOUDY (SCALE 8-10) 8
DPTR FM NORMAL -647
[CDD (BASE 65) ]
TOTAL THIS MO. 0
DPTR FM NORMAL 0 [PRESSURE DATA]
TOTAL FM JAN 1 0 HIGHEST SLP M ON M
DPTR FM NORMAL 0 LOWEST SLP 29.22 ON 4
[REMARKS]
#FINAL-03-23#