000
CXUS52 TJSJ 031029
CF6IST
PRELIMINARY LOCAL CLIMATOLOGICAL DATA (WS FORM: F-6)
STATION: CYRIL E. KING AP/ST THOMAS
MONTH: APRIL
YEAR: 2023
LATITUDE: 18 19 N
LONGITUDE: 64 58 W
TEMPERATURE IN F: :PCPN: SNOW: WIND :SUNSHINE: SKY :PK WND
================================================================================
1 2 3 4 5 6A 6B 7 8 9 10 11 12 13 14 15 16 17 18
12Z AVG MX 2MIN
DY MAX MIN AVG DEP HDD CDD WTR SNW DPTH SPD SPD DIR MIN PSBL S-S WX SPD DR
================================================================================
1 86 76 81 1 0 16 T M M 14.6 22 80 M M 3 29 80
2 85 74 80 0 0 15 T M M 12.4 21 130 M M 2 28 130
3 86 75 81 1 0 16 0.00 M M 12.7 21 90 M M 1 27 110
4 84 75 80 0 0 15 0.11 M M 12.5 21 130 M M 2 26 140
5 86 75 81 1 0 16 T M M 14.0 24 70 M M 2 33 70
6 83 69 76 -4 0 11 0.28 M M 14.3 28 90 M M 2 1 36 100
7 83 75 79 -1 0 14 0.10 M M 12.3 25 130 M M 3 33 120
8 84 77 81 1 0 16 0.01 M M 13.5 22 110 M M 3 27 110
9 84 76 80 0 0 15 0.00 M M 12.7 18 130 M M 2 25 140
10 84 76 80 0 0 15 T M M 11.3 16 130 M M 3 21 130
11 84 77 81 1 0 16 0.00 M M 9.7 14 110 M M 2 18 130
12 84 75 80 0 0 15 0.00 M M 9.7 16 110 M M 1 21 100
13 84 77 81 1 0 16 0.00 M M 10.1 17 130 M M 2 22 140
14 85 75 80 0 0 15 T M M 9.2 18 130 M M 2 22 140
15 85 75 80 -1 0 15 0.06 M M 10.2 22 90 M M 3 1 27 90
16 85 75 80 -1 0 15 0.04 M M 10.6 18 90 M M 4 1 26 30
17 84 73 79 -2 0 14 0.19 M M 4.9 13 30 M M 2 1 17 10
18 85 74 80 -1 0 15 0.00 M M 10.1 17 120 M M 1 22 110
19 84 76 80 -1 0 15 0.00 M M 12.0 20 130 M M 1 24 140
20 85 76 81 0 0 16 T M M 10.5 23 70 M M 1 30 70
21 85 75 80 -1 0 15 0.00 M M 9.8 17 130 M M 2 22 120
22 84 74 79 -2 0 14 0.39 M M 6.4 25 300 M M 5 1 33 350
23 84 76 80 -1 0 15 0.15 M M 8.4 18 250 M M 6 18 24 250
24 86 77 82 1 0 17 0.00 M M 8.8 17 10 M M 2 29 20
25 84 73 79 -2 0 14 0.00 M M 5.1 10 30 M M 1 20 20
26 85 74 80 -1 0 15 0.00 M M 7.8 13 130 M M 1 17 130
27 86 76 81 0 0 16 0.00 M M 7.0 14 140 M M 2 18 140
28 87 77 82 1 0 17 0.02 M M 5.9 13 130 M M 3 16 140
29 87 77 82 1 0 17 T M M 8.1 14 140 M M 2 16 130
30 87 78 83 2 0 18 0.00 M M 10.4 16 110 M M 1 21 110
================================================================================
SM 2545 2258 0 459 1.35 M 305.0 M 67
================================================================================
AV 84.8 75.3 10.2 FASTST M M 2 MAX(MPH)
MISC ----> 28 90 36 100
================================================================================
NOTES:
# LAST OF SEVERAL OCCURRENCES
COLUMN 17 PEAK WIND IN M.P.H.
PRELIMINARY LOCAL CLIMATOLOGICAL DATA (WS FORM: F-6) , PAGE 2
STATION: CYRIL E. KING AP/ST THOMAS
MONTH: APRIL
YEAR: 2023
LATITUDE: 18 19 N
LONGITUDE: 64 58 W
[TEMPERATURE DATA] [PRECIPITATION DATA] SYMBOLS USED IN COLUMN 16
AVERAGE MONTHLY: 80.1 TOTAL FOR MONTH: 1.35 1 = FOG OR MIST
DPTR FM NORMAL: -0.5 DPTR FM NORMAL: -0.89 2 = FOG REDUCING VISIBILITY
HIGHEST: 87 ON 30,29 GRTST 24HR 0.52 ON 22-23 TO 1/4 MILE OR LESS
LOWEST: 69 ON 6 3 = THUNDER
SNOW, ICE PELLETS, HAIL 4 = ICE PELLETS
TOTAL MONTH: M 5 = HAIL
GRTST 24HR M ON M 6 = FREEZING RAIN OR DRIZZLE
GRTST DEPTH: M ON M 7 = DUSTSTORM OR SANDSTORM:
VSBY 1/2 MILE OR LESS
8 = SMOKE OR HAZE
[NO. OF DAYS WITH] [WEATHER - DAYS WITH] 9 = BLOWING SNOW
X = TORNADO
MAX 32 OR BELOW: 0 0.01 INCH OR MORE: 10
MAX 90 OR ABOVE: 0 0.10 INCH OR MORE: 6
MIN 32 OR BELOW: 0 0.50 INCH OR MORE: 0
MIN 0 OR BELOW: 0 1.00 INCH OR MORE: 0
[HDD (BASE 65) ]
TOTAL THIS MO. 0 CLEAR (SCALE 0-3) 25
DPTR FM NORMAL 0 PTCLDY (SCALE 4-7) 5
TOTAL FM JUL 1 0 CLOUDY (SCALE 8-10) 0
DPTR FM NORMAL 0
[CDD (BASE 65) ]
TOTAL THIS MO. 459
DPTR FM NORMAL -9 [PRESSURE DATA]
TOTAL FM JAN 1 1699 HIGHEST SLP 30.16 ON 1
DPTR FM NORMAL -26 LOWEST SLP 29.76 ON 22
[REMARKS]
#FINAL-04-23#