000
CXUS53 KGRB 110143
CF6ISW
PRELIMINARY LOCAL CLIMATOLOGICAL DATA (WS FORM: F-6)
STATION: WISCONSIN RAPIDS ASOS
MONTH: MAY
YEAR: 2020
LATITUDE: 44 22 N
LONGITUDE: 89 50 W
TEMPERATURE IN F: :PCPN: SNOW: WIND :SUNSHINE: SKY :PK WND
================================================================================
1 2 3 4 5 6A 6B 7 8 9 10 11 12 13 14 15 16 17 18
12Z AVG MX 2MIN
DY MAX MIN AVG DEP HDD CDD WTR SNW DPTH SPD SPD DIR MIN PSBL S-S WX SPD DR
================================================================================
1 66 32 49 -3 16 0 0.01 0.0 0 6.3 15 210 M M 3 18 22 140
2 76 53 65 13 0 0 0.00 0.0 0 10.7 24 280 M M 1 34 270
3 69 39 54 2 11 0 0.00 0.0 0 12.7 32 310 M M 0 50 310
4 57 36 47 -6 18 0 0.00 0.0 0 7.9 15 110 M M 0 22 80
5 58 38 48 -5 17 0 0.00 0.0 0 7.0 17 90 M M 2 25 110
6 67 33 50 -3 15 0 0.00 0.0 0 6.1 18 330 M M 4 26 340
7 60 39 50 -4 15 0 0.00 0.0 0 10.4 22 320 M M 0 29 300
8 44 26 35 -19 30 0 0.00 0.0 0 11.0 26 360 M M 2 37 360
9 56 26 41 -13 24 0 0.06 0.0 0 8.1 20 270 M M 5 30 270
10 44 35 40 -15 25 0 0.16 0.0 0 10.8 18 340 M M 8 1 26 340
11 55 29 42 -13 23 0 0.00 0.0 0 8.0 20 300 M M 4 33 330
12 58 26 42 -13 23 0 0.00 0.0 0 4.5 14 360 M M 0 25 10
13 65 30 48 -8 17 0 0.01 0.0 0 9.0 21 150 M M 5 30 140
14 65 49 57 1 8 0 0.11 0.0 0 4.9 15 140 M M 8 1 23 140
15 72 47 60 4 5 0 0.00 0.0 0 8.0 20 320 M M 0 1 24 320
16 72 46 59 3 6 0 0.00 0.0 0 10.8 18 100 M M 1 24 110
17 54 50 52 -5 13 0 0.90 0.0 0 17.8 30 60 M M 10 1 45 80
18 54 49 52 -5 13 0 0.20 0.0 0 15.8 23 60 M M 10 1 37 70
19 70 49 60 3 5 0 0.00 0.0 0 10.8 20 70 M M 9 32 70
20 77 51 64 6 1 0 0.00 0.0 0 7.9 22 100 M M 1 30 100
21 75 47 61 3 4 0 0.00 0.0 0 6.8 17 110 M M 5 25 100
22 66 56 61 3 4 0 T 0.0 0 1.8 7 150 M M 10 18 10 150
23 77 54 66 7 0 1 0.49 0.0 0 7.5 17 120 M M 8 1 25 120
24 81 61 71 12 0 6 T 0.0 0 4.2 12 210 M M 5 1 17 220
25 85 62 74 15 0 9 T 0.0 0 7.1 21 210 M M 1 13 27 200
26 86 62 74 14 0 9 0.17 0.0 0 6.3 23 200 M M 2 3 34 200
27 84 68 76 16 0 11 T 0.0 0 6.8 17 210 M M 1 23 210
28 71 54 63 3 2 0 2.19 0.0 0 4.5 20 330 M M 7 13 27 320
29 63 51 57 -3 8 0 0.00 0.0 0 10.2 16 320 M M 6 27 310
30 68 49 59 -2 6 0 0.00 0.0 0 M M M M M 0 M M
31 72 48 60 -1 5 0 0.00 0.0 0 M M M M M 0 M M
================================================================================
SM 2067 1395 314 36 4.30 0.0 243.7 M 118
================================================================================
AV 66.7 45.0 8.4 FASTST M M 4 MAX(MPH)
MISC ----> # 32 310 # 50 310
================================================================================
NOTES:
# LAST OF SEVERAL OCCURRENCES
COLUMN 17 PEAK WIND IN M.P.H.
PRELIMINARY LOCAL CLIMATOLOGICAL DATA (WS FORM: F-6) , PAGE 2
STATION: WISCONSIN RAPIDS ASOS
MONTH: MAY
YEAR: 2020
LATITUDE: 44 22 N
LONGITUDE: 89 50 W
[TEMPERATURE DATA] [PRECIPITATION DATA] SYMBOLS USED IN COLUMN 16
AVERAGE MONTHLY: 55.8 TOTAL FOR MONTH: 4.30 1 = FOG OR MIST
DPTR FM NORMAL: -0.6 DPTR FM NORMAL: 0.76 2 = FOG REDUCING VISIBILITY
HIGHEST: 86 ON 26 GRTST 24HR 2.19 ON 28-28 TO 1/4 MILE OR LESS
LOWEST: 26 ON 12, 9 3 = THUNDER
SNOW, ICE PELLETS, HAIL 4 = ICE PELLETS
TOTAL MONTH: 0.0 INCH 5 = HAIL
GRTST 24HR 0.0 6 = FREEZING RAIN OR DRIZZLE
GRTST DEPTH: 0 7 = DUSTSTORM OR SANDSTORM:
VSBY 1/2 MILE OR LESS
8 = SMOKE OR HAZE
[NO. OF DAYS WITH] [WEATHER - DAYS WITH] 9 = BLOWING SNOW
X = TORNADO
MAX 32 OR BELOW: 0 0.01 INCH OR MORE: 10
MAX 90 OR ABOVE: 0 0.10 INCH OR MORE: 7
MIN 32 OR BELOW: 6 0.50 INCH OR MORE: 2
MIN 0 OR BELOW: 0 1.00 INCH OR MORE: 1
[HDD (BASE 65) ]
TOTAL THIS MO. 314 CLEAR (SCALE 0-3) 16
DPTR FM NORMAL 26 PTCLDY (SCALE 4-7) 10
TOTAL FM JUL 1 7581 CLOUDY (SCALE 8-10) 5
DPTR FM NORMAL -328
[CDD (BASE 65) ]
TOTAL THIS MO. 36
DPTR FM NORMAL 15 [PRESSURE DATA]
TOTAL FM JAN 1 36 HIGHEST SLP 30.28 ON 13
DPTR FM NORMAL 14 LOWEST SLP 29.75 ON 2
[REMARKS]
#FINAL-05-20#