849
CXUS52 TJSJ 010426
CF6ISX
PRELIMINARY LOCAL CLIMATOLOGICAL DATA (WS FORM: F-6)
STATION: HENRY E. ROHLSEN AP/ST CROIX
MONTH: JUNE
YEAR: 2020
LATITUDE: 17 42 N
LONGITUDE: 64 48 W
TEMPERATURE IN F: :PCPN: SNOW: WIND :SUNSHINE: SKY :PK WND
================================================================================
1 2 3 4 5 6A 6B 7 8 9 10 11 12 13 14 15 16 17 18
12Z AVG MX 2MIN
DY MAX MIN AVG DEP HDD CDD WTR SNW DPTH SPD SPD DIR MIN PSBL S-S WX SPD DR
================================================================================
1 91 78 85 3 0 20 T 0.0 0 9.2 18 80 M M 5 22 80
2 93 79 86 4 0 21 T 0.0 0 11.5 22 90 M M 4 28 100
3 92 81 87 5 0 22 T 0.0 0 14.3 21 90 M M 4 25 100
4 92 82 87 5 0 22 T 0.0 0 15.9 24 90 M M 2 8 31 80
5 92 80 86 4 0 21 T 0.0 0 14.5 25 80 M M 3 31 80
6 92 79 86 3 0 21 0.01 0.0 0 14.1 25 100 M M 2 32 90
7 92 79 86 3 0 21 T 0.0 M 12.1 22 90 M M 2 26 100
8 90 78 84 1 0 19 0.06 0.0 0 7.8 14 110 M M 5 17 110
9 88 76 82 -1 0 17 0.06 0.0 0 6.4 15 100 M M 4 8 17 100
10 90 76 83 0 0 18 0.06 0.0 0 6.3 12 120 M M 2 8 16 140
11 90 77 84 1 0 19 0.00 0.0 0 6.3 13 120 M M 3 17 110
12 91 77 84 1 0 19 0.07 0.0 0 6.7 14 120 M M 3 8 19 110
13 91 78 85 2 0 20 0.00 0.0 0 7.7 15 130 M M 2 19 110
14 92 82 87 4 0 22 0.00 0.0 0 12.4 21 100 M M 3 27 90
15 92 82 87 4 0 22 0.00 0.0 0 15.3 22 90 M M 4 26 110
16 93 80 87 4 0 22 0.00 0.0 0 14.4 23 100 M M 3 8 29 100
17 92 81 87 4 0 22 0.00 0.0 0 13.3 22 90 M M 3 27 120
18 92 81 87 4 0 22 0.00 0.0 0 13.6 21 90 M M 3 25 100
19 93 81 87 4 0 22 0.00 0.0 0 14.0 21 90 M M 1 27 90
20 94 82 88 5 0 23 T 0.0 0 14.6 24 100 M M 5 8 30 100
21 93 81 87 4 0 22 0.04 0.0 0 13.7 23 100 M M 8 8 28 100
22 93 83 88 5 0 23 0.00 0.0 0 14.4 23 100 M M 9 8 28 90
23 91 81 86 3 0 21 0.01 0.0 0 11.5 21 100 M M 8 8 26 100
24 93 79 86 3 0 21 T 0.0 0 11.3 22 80 M M 6 26 90
25 93 81 87 4 0 22 0.01 0.0 0 16.9 24 100 M M 5 31 110
26 93 78 86 3 0 21 0.07 0.0 0 17.0 28 80 M M 6 8 33 100
27 94 82 88 4 0 23 T 0.0 0 14.5 28 80 M M 9 35 70
28 93 75 84 0 0 19 1.18 0.0 0 10.2 22 80 M M 8 18 26 80
29 91 76 84 0 0 19 0.01 0.0 0 9.3 18 90 M M 3 24 80
30 90 77 84 0 0 19 0.58 0.0 0 10.2 18 100 M M 4 23 90
================================================================================
SM 2756 2382 0 625 2.16 0.0 359.4 M 129
================================================================================
AV 91.9 79.4 12.0 FASTST M M 4 MAX(MPH)
MISC ----> # 28 80 # 35 70
================================================================================
NOTES:
# LAST OF SEVERAL OCCURRENCES
COLUMN 17 PEAK WIND IN M.P.H.
PRELIMINARY LOCAL CLIMATOLOGICAL DATA (WS FORM: F-6) , PAGE 2
STATION: HENRY E. ROHLSEN AP/ST CROIX
MONTH: JUNE
YEAR: 2020
LATITUDE: 17 42 N
LONGITUDE: 64 48 W
[TEMPERATURE DATA] [PRECIPITATION DATA] SYMBOLS USED IN COLUMN 16
AVERAGE MONTHLY: 85.6 TOTAL FOR MONTH: 2.16 1 = FOG OR MIST
DPTR FM NORMAL: 2.6 DPTR FM NORMAL: -0.15 2 = FOG REDUCING VISIBILITY
HIGHEST: 94 ON 27,20 GRTST 24HR 1.18 ON 28-28 TO 1/4 MILE OR LESS
LOWEST: 75 ON 28 3 = THUNDER
SNOW, ICE PELLETS, HAIL 4 = ICE PELLETS
TOTAL MONTH: 0.0 INCH 5 = HAIL
GRTST 24HR 0.0 6 = FREEZING RAIN OR DRIZZLE
GRTST DEPTH: 0 7 = DUSTSTORM OR SANDSTORM:
VSBY 1/2 MILE OR LESS
8 = SMOKE OR HAZE
[NO. OF DAYS WITH] [WEATHER - DAYS WITH] 9 = BLOWING SNOW
X = TORNADO
MAX 32 OR BELOW: 0 0.01 INCH OR MORE: 12
MAX 90 OR ABOVE: 29 0.10 INCH OR MORE: 2
MIN 32 OR BELOW: 0 0.50 INCH OR MORE: 2
MIN 0 OR BELOW: 0 1.00 INCH OR MORE: 1
[HDD (BASE 65) ]
TOTAL THIS MO. 0 CLEAR (SCALE 0-3) 14
DPTR FM NORMAL 0 PTCLDY (SCALE 4-7) 14
TOTAL FM JUL 1 0 CLOUDY (SCALE 8-10) 2
DPTR FM NORMAL 0
[CDD (BASE 65) ]
TOTAL THIS MO. 625
DPTR FM NORMAL 85 [PRESSURE DATA]
TOTAL FM JAN 1 2872 HIGHEST SLP M ON M
DPTR FM NORMAL 179 LOWEST SLP 29.89 ON 13
[REMARKS]
#FINAL-06-20#