057
CXHW53 PHFO 011250
CF6ITO
PRELIMINARY LOCAL CLIMATOLOGICAL DATA (WS FORM: F-6)
STATION: HILO HI
MONTH: OCTOBER
YEAR: 2020
LATITUDE: 19 43 N
LONGITUDE: 155 4 W
TEMPERATURE IN F: :PCPN: SNOW: WIND :SUNSHINE: SKY :PK WND
================================================================================
1 2 3 4 5 6A 6B 7 8 9 10 11 12 13 14 15 16 17 18
12Z AVG MX 2MIN
DY MAX MIN AVG DEP HDD CDD WTR SNW DPTH SPD SPD DIR MIN PSBL S-S WX SPD DR
================================================================================
1 86 72 79 3 0 14 1.71 0.0 M 5.7 15 190 M M M 1 24 190
2 86 72 79 3 0 14 T 0.0 M 5.8 15 150 M M M 24 110
3 88 68 78 2 0 13 0.00 0.0 M 6.7 13 80 M M M 16 110
4 88 69 79 3 0 14 0.01 0.0 M 6.7 13 70 M M M 16 50
5 87 70 79 3 0 14 T 0.0 M 6.0 14 60 M M M 19 80
6 89 71 80 4 0 15 T 0.0 M 6.5 14 90 M M M 21 110
7 87 72 80 4 0 15 0.33 0.0 M 5.5 13 100 M M M 1 17 70
8 87 68 78 2 0 13 0.00 0.0 M 6.8 16 80 M M M 25 70
9 88 68 78 2 0 13 0.00 0.0 M 8.4 16 120 M M M 21 120
10 88 70 79 3 0 14 0.00 0.0 M 5.7 13 100 M M M 17 80
11 88 69 79 3 0 14 0.00 0.0 M 6.2 13 60 M M M 15 50
12 90 72 81 5 0 16 0.19 0.0 M 6.0 14 80 M M M 19 100
13 87 71 79 3 0 14 0.35 0.0 M 6.7 14 250 M M M 1 19 260
14 89 68 79 3 0 14 0.00 0.0 M 7.1 16 110 M M M 21 100
15 89 71 80 4 0 15 T 0.0 M 7.3 16 110 M M M 23 130
16 89 72 81 5 0 16 0.01 0.0 M 7.6 17 130 M M M 23 120
17 90 71 81 5 0 16 0.01 0.0 M 7.7 22 120 M M M 26 140
18 80 70 75 -1 0 10 0.31 0.0 M 6.0 13 200 M M M 18 15 200
19 87 71 79 3 0 14 0.02 0.0 M 6.9 17 120 M M M 1 21 120
20 88 69 79 3 0 14 0.00 0.0 M 6.9 15 80 M M M 20 130
21 87 69 78 3 0 13 0.00 0.0 M 5.8 13 90 M M M 17 80
22 90 67 79 4 0 14 0.00 0.0 M 8.1 21 110 M M M 24 100
23 89 71 80 5 0 15 0.00 0.0 M 6.3 16 120 M M M 25 110
24 88 71 80 5 0 15 0.01 0.0 M 7.2 18 120 M M M 24 130
25 89 74 82 7 0 17 0.11 0.0 M 6.5 18 120 M M M 22 100
26 81 73 77 2 0 12 1.64 0.0 M 5.8 13 240 M M M 18 17 260
27 82 73 78 3 0 13 0.01 0.0 M 3.7 10 140 M M M 13 140
28 88 69 79 4 0 14 0.00 0.0 M 3.7 12 80 M M M 14 170
29 85 71 78 3 0 13 0.08 0.0 M 3.9 9 10 M M M 1 12 30
30 86 74 80 5 0 15 0.03 0.0 M 4.8 10 30 M M M 14 40
31 88 73 81 6 0 16 T 0.0 M 5.7 13 60 M M M 17 60
================================================================================
SM 2704 2189 0 439 4.82 0.0 193.7 M M
================================================================================
AV 87.2 70.6 6.2 FASTST M M 0 MAX(MPH)
MISC ----> # 22 120 # 26 140
================================================================================
NOTES:
# LAST OF SEVERAL OCCURRENCES
COLUMN 17 PEAK WIND IN M.P.H.
PRELIMINARY LOCAL CLIMATOLOGICAL DATA (WS FORM: F-6) , PAGE 2
STATION: HILO HI
MONTH: OCTOBER
YEAR: 2020
LATITUDE: 19 43 N
LONGITUDE: 155 4 W
[TEMPERATURE DATA] [PRECIPITATION DATA] SYMBOLS USED IN COLUMN 16
AVERAGE MONTHLY: 78.9 TOTAL FOR MONTH: 4.82 1 = FOG OR MIST
DPTR FM NORMAL: 3.3 DPTR FM NORMAL: -4.95 2 = FOG REDUCING VISIBILITY
HIGHEST: 90 ON 22,17 GRTST 24HR 1.71 ON 1- 1 TO 1/4 MILE OR LESS
LOWEST: 67 ON 22 3 = THUNDER
SNOW, ICE PELLETS, HAIL 4 = ICE PELLETS
TOTAL MONTH: 0.0 INCH 5 = HAIL
GRTST 24HR 0.0 6 = FREEZING RAIN OR DRIZZLE
GRTST DEPTH: M ON M 7 = DUSTSTORM OR SANDSTORM:
VSBY 1/2 MILE OR LESS
8 = SMOKE OR HAZE
[NO. OF DAYS WITH] [WEATHER - DAYS WITH] 9 = BLOWING SNOW
X = TORNADO
MAX 32 OR BELOW: 0 0.01 INCH OR MORE: 15
MAX 90 OR ABOVE: 3 0.10 INCH OR MORE: 7
MIN 32 OR BELOW: 0 0.50 INCH OR MORE: 2
MIN 0 OR BELOW: 0 1.00 INCH OR MORE: 2
[HDD (BASE 65) ]
TOTAL THIS MO. 0 CLEAR (SCALE 0-3) 0
DPTR FM NORMAL 0 PTCLDY (SCALE 4-7) 0
TOTAL FM JUL 1 0 CLOUDY (SCALE 8-10) 0
DPTR FM NORMAL 0
[CDD (BASE 65) ]
TOTAL THIS MO. 439
DPTR FM NORMAL 112 [PRESSURE DATA]
TOTAL FM JAN 1 3663 HIGHEST SLP 30.07 ON 3
DPTR FM NORMAL 928 LOWEST SLP 29.81 ON 29
[REMARKS]
#FINAL-10-20#