000
CXUS55 KGLD 031321
CLAITR
CLIMATE REPORT
NATIONAL WEATHER SERVICE
621 AM MST TUE JAN 03 2023
...................................
...THE BURLINGTON CO CLIMATE SUMMARY FOR THE YEAR OF 2022...
CLIMATE NORMAL PERIOD: 1991 TO 2020
CLIMATE RECORD PERIOD: 1896 TO 2023
WEATHER OBSERVED NORMAL DEPART LAST YEAR`S
VALUE DATE(S) VALUE FROM VALUE DATE(S)
NORMAL
................................................................
TEMPERATURE (F)
RECORD
HIGH 112 06/15/1952
LOW -25 01/04/1959
HIGHEST 106 07/23 102 4 102 06/17
07/09
LOWEST -15 12/22 -9 -6 -24 02/15
AVG. MAXIMUM 67.8 65.5 2.3 68.3
AVG. MINIMUM 36.1 37.2 -1.1 38.3
MEAN 51.9 51.4 0.5 53.3
DAYS MAX >= 90 78 52.3 25.7 68
DAYS MAX <= 32 23 22.2 0.8 14
DAYS MIN <= 32 173 162.0 11.0 151
DAYS MIN <= 0 10 5.8 4.2 6
PRECIPITATION (INCHES)
RECORD
MAXIMUM 25.24 2017
MINIMUM 10.70 2006
TOTALS 11.41 17.09 -5.68
DAYS >= .01 53 71.7 -18.7 61
DAYS >= .10 26 33.5 -7.5 30
DAYS >= .50 10 9.0 1.0 8
DAYS >= 1.00 0 2.8 -2.8 3
GREATEST
24 HR. TOTAL 1.15 05/04 TO 05/05 2.28
................................................................
- INDICATES NEGATIVE NUMBERS.
R INDICATES RECORD WAS SET OR TIED.
MM INDICATES DATA IS MISSING.
T INDICATES TRACE AMOUNT.
$$