000
CXUS55 KGLD 011710
CLAITR
CLIMATE REPORT
NATIONAL WEATHER SERVICE
1010 AM MST MON JAN 01 2024
...................................
...THE BURLINGTON CO CLIMATE SUMMARY FOR THE YEAR OF 2023...
CLIMATE NORMAL PERIOD: 1991 TO 2020
CLIMATE RECORD PERIOD: 1896 TO 2023
WEATHER OBSERVED NORMAL DEPART LAST YEAR`S
VALUE DATE(S) VALUE FROM VALUE DATE(S)
NORMAL
................................................................
TEMPERATURE (F)
RECORD
HIGH 112 06/15/1952
LOW -25 01/04/1959
HIGHEST 100 08/16 102 -2 106 07/23
07/25
LOWEST -9 01/30 -9 0 -15 12/22
01/31
AVG. MAXIMUM 65.1 65.5 -0.4 67.8
AVG. MINIMUM 36.6 37.2 -0.6 36.1
MEAN 50.9 51.4 -0.5 51.9
DAYS MAX >= 90 46 52.3 -6.3 78
DAYS MAX <= 32 30 22.2 7.8 23
DAYS MIN <= 32 174 162.0 12.0 173
DAYS MIN <= 0 5 5.8 -0.8 10
PRECIPITATION (INCHES)
RECORD
MAXIMUM 25.24 2017
MINIMUM 10.70 2006
TOTALS 18.12 17.09 1.03
DAYS >= .01 74 71.7 2.3 53
DAYS >= .10 36 33.5 2.5 26
DAYS >= .50 7 9.0 -2.0 10
DAYS >= 1.00 4 2.8 1.2 0
GREATEST
24 HR. TOTAL 2.59 06/16 TO 06/17 1.15
................................................................
- INDICATES NEGATIVE NUMBERS.
R INDICATES RECORD WAS SET OR TIED.
MM INDICATES DATA IS MISSING.
T INDICATES TRACE AMOUNT.
$$