000
CXUS53 KGLD 012110
CLMITR
CLIMATE REPORT
NATIONAL WEATHER SERVICE
310 PM MDT FRI SEP 01 2023
...................................
...THE BURLINGTON CO CLIMATE SUMMARY FOR THE MONTH OF AUGUST 2023...
CLIMATE NORMAL PERIOD: 1991 TO 2020
CLIMATE RECORD PERIOD: 1896 TO 2023
WEATHER OBSERVED NORMAL DEPART LAST YEAR`S
VALUE DATE(S) VALUE FROM VALUE DATE(S)
NORMAL
................................................................
TEMPERATURE (F)
RECORD
HIGH 107 08/23/1919
LOW 38 08/06/1972
HIGHEST 100 08/16 98 2 99 08/05
08/14
LOWEST 49 08/14 51 -2 52 08/23
08/15
08/30
AVG. MAXIMUM 89.0 86.9 2.1 91.2
AVG. MINIMUM 59.1 59.3 -0.2 60.2
MEAN 74.0 73.1 0.9 75.7
DAYS MAX >= 90 14 13.2 0.8 23
DAYS MAX <= 32 0 0.0 0.0 0
DAYS MIN <= 32 0 0.0 0.0 0
DAYS MIN <= 0 0 0.0 0.0 0
PRECIPITATION (INCHES)
RECORD
MAXIMUM 8.73 1915
MINIMUM 0.00 1960
TOTALS 1.26 3.05 -1.79 0.77
DAILY AVG. 0.04 0.10 -0.06 0.02
DAYS >= .01 7 10.0 -3.0 4
DAYS >= .10 2 4.8 -2.8 2
DAYS >= .50 1 1.6 -0.6 1
DAYS >= 1.00 0 0.5 -0.5 0
GREATEST
24 HR. TOTAL 0.89 08/03 TO 08/03 0.56
STORM TOTAL 0.89
(MM/DD(HH))
................................................................
- INDICATES NEGATIVE NUMBERS.
R INDICATES RECORD WAS SET OR TIED.
MM INDICATES DATA IS MISSING.
T INDICATES TRACE AMOUNT.
$$