000
CXUS53 KIWX 012147
CF6IWX
PRELIMINARY LOCAL CLIMATOLOGICAL DATA (WS FORM: F-6)
STATION: NORTH WEBSTER WFO
MONTH: APRIL
YEAR: 2021
LATITUDE: 41 21 N
LONGITUDE: 85 42 W
TEMPERATURE IN F: :PCPN: SNOW: WIND :SUNSHINE: SKY :PK WND
================================================================================
1 2 3 4 5 6A 6B 7 8 9 10 11 12 13 14 15 16 17 18
12Z AVG MX 2MIN
DY MAX MIN AVG DEP HDD CDD WTR SNW DPTH SPD SPD DIR MIN PSBL S-S WX SPD DR
================================================================================
1 40 22 31 -13 34 0 T T 0 M M M M M M M M
2 47 19 33 -11 32 0 0.00 0.0 0 M M M M M M M M
3 65 34 50 5 15 0 0.00 0.0 0 M M M M M M M M
4 72 42 57 12 8 0 0.00 0.0 0 M M M M M M M M
5 73 53 63 17 2 0 0.09 0.0 0 M M M M M M M M
6 78 53 66 20 0 1 0.00 0.0 0 M M M M M M M M
7 78 57 68 22 0 3 0.00 0.0 0 M M M M M M M M
8 70 49 60 13 5 0 0.32 0.0 0 M M M M M M 3 M M
9 72 50 61 14 4 0 0.00 0.0 0 M M M M M M M M
10 70 49 60 12 5 0 0.57 0.0 0 M M M M M M 13 M M
11 58 44 51 3 14 0 0.25 0.0 0 M M M M M M 1 M M
12 64 45 55 7 10 0 T 0.0 0 M M M M M M M M
13 60 40 50 1 15 0 0.00 0.0 0 M M M M M M M M
14 54 35 45 -4 20 0 0.00 0.0 0 M M M M M M M M
15 48 32 40 -9 25 0 T 0.0 0 M M M M M M M M
16 59 34 47 -3 18 0 0.00 0.0 0 M M M M M M M M
17 57 31 44 -6 21 0 0.00 0.0 0 M M M M M M 1 M M
18 62 30 46 -4 19 0 0.00 0.0 0 M M M M M M M M
19 63 36 50 -1 15 0 0.17 0.0 0 M M M M M M M M
20 36 29 33 -18 32 0 0.48 2.7 0 M M M M M M M M
21 42 24 33 -19 32 0 0.02 T 2 M M M M M M M M
22 52 27 40 -12 25 0 0.00 0.0 0 M M M M M M M M
23 60 38 49 -3 16 0 0.00 0.0 0 M M M M M M M M
24 54 44 49 -4 16 0 0.07 0.0 0 M M M M M M 1 M M
25 54 35 45 -8 20 0 T 0.0 0 M M M M M M 1 M M
26 72 35 54 1 11 0 0.00 0.0 0 M M M M M M M M
27 82 56 69 15 0 4 0.00 0.0 0 M M M M M M M M
28 73 53 63 9 2 0 0.16 0.0 0 M M M M M M 1 M M
29 56 48 52 -2 13 0 0.44 0.0 0 M M M M M M M M
30 59 36 48 -7 17 0 0.00 0.0 0 M M M M M M M M
================================================================================
SM 1830 1180 446 8 2.57 2.7 M M M
================================================================================
AV 61.0 39.3 M FASTST M M M MAX(MPH)
MISC ----> M M M M
================================================================================
NOTES:
# LAST OF SEVERAL OCCURRENCES
COLUMN 17 PEAK WIND IN M.P.H.
PRELIMINARY LOCAL CLIMATOLOGICAL DATA (WS FORM: F-6) , PAGE 2
STATION: NORTH WEBSTER WFO
MONTH: APRIL
YEAR: 2021
LATITUDE: 41 21 N
LONGITUDE: 85 42 W
[TEMPERATURE DATA] [PRECIPITATION DATA] SYMBOLS USED IN COLUMN 16
AVERAGE MONTHLY: 50.2 TOTAL FOR MONTH: 2.57 1 = FOG OR MIST
DPTR FM NORMAL: 0.6 DPTR FM NORMAL: -1.56 2 = FOG REDUCING VISIBILITY
HIGHEST: 82 ON 27 GRTST 24HR 0.57 ON 10-10 TO 1/4 MILE OR LESS
LOWEST: 19 ON 2 3 = THUNDER
SNOW, ICE PELLETS, HAIL 4 = ICE PELLETS
TOTAL MONTH: 2.7 INCHES 5 = HAIL
GRTST 24HR 2.7 ON 20-20 6 = FREEZING RAIN OR DRIZZLE
GRTST DEPTH: 2 ON 21 7 = DUSTSTORM OR SANDSTORM:
VSBY 1/2 MILE OR LESS
8 = SMOKE OR HAZE
[NO. OF DAYS WITH] [WEATHER - DAYS WITH] 9 = BLOWING SNOW
X = TORNADO
MAX 32 OR BELOW: 0 0.01 INCH OR MORE: 10
MAX 90 OR ABOVE: 0 0.10 INCH OR MORE: 7
MIN 32 OR BELOW: 8 0.50 INCH OR MORE: 1
MIN 0 OR BELOW: 0 1.00 INCH OR MORE: 0
[HDD (BASE 65) ]
TOTAL THIS MO. 446 CLEAR (SCALE 0-3) 0
DPTR FM NORMAL -23 PTCLDY (SCALE 4-7) 0
TOTAL FM JUL 1 5573 CLOUDY (SCALE 8-10) 30
DPTR FM NORMAL -359
[CDD (BASE 65) ]
TOTAL THIS MO. 8
DPTR FM NORMAL 2 [PRESSURE DATA]
TOTAL FM JAN 1 8 HIGHEST SLP M ON M
DPTR FM NORMAL 0 LOWEST SLP M ON M
[REMARKS]
#FINAL-04-21#