000
CXUS55 KBOI 011002
CF6JER
PRELIMINARY LOCAL CLIMATOLOGICAL DATA (WS FORM: F-6)
STATION: JEROME ID
MONTH: JUNE
YEAR: 2021
LATITUDE: 42 43 N
LONGITUDE: 114 27 W
TEMPERATURE IN F: :PCPN: SNOW: WIND :SUNSHINE: SKY :PK WND
================================================================================
1 2 3 4 5 6A 6B 7 8 9 10 11 12 13 14 15 16 17 18
12Z AVG MX 2MIN
DY MAX MIN AVG DEP HDD CDD WTR SNW DPTH SPD SPD DIR MIN PSBL S-S WX SPD DR
================================================================================
1 87 55 71 10 0 6 0.00 M M 7.1 15 260 M M 0 22 270
2 92 58 75 14 0 10 0.00 M M 5.6 12 270 M M 0 8 17 270
3 98 61 80 18 0 15 0.00 M M 4.9 10 270 M M 0 17 260
4 96 69 83 21 0 18 0.00 M M 9.2 20 290 M M 0 8 28 320
5 87 62 75 13 0 10 0.00 M M 14.2 24 280 M M 0 33 260
6 80 48 64 2 1 0 0.00 M M 11.0 25 260 M M 0 35 270
7 82 47 65 2 0 0 T M M 8.0 18 290 M M 0 8 23 110
8 81 52 67 4 0 2 0.00 M M 8.2 20 260 M M 0 25 260
9 84 53 69 6 0 4 0.00 M M 9.8 25 250 M M 0 8 33 250
10 61 41 51 -12 14 0 0.03 M M 17.6 33 280 M M 6 8 48 280
11 78 41 60 -4 5 0 0.00 M M 10.9 17 70 M M 0 22 70
12 83 50 67 3 0 2 0.00 M M 5.8 15 70 M M 0 19 60
13 100 59 80 16 0 15 0.00 M M 12.6 24 80 M M 0 32 80
14 98 63 81 16 0 16 0.00 M M 8.1 18 260 M M 0 8 28 260
15 90 64 77 12 0 12 0.00 M M 9.4 15 260 M M 0 26 260
16 83 52 68 3 0 3 0.00 M M 10.2 23 260 M M 0 8 31 260
17 90 57 74 8 0 9 0.00 M M 7.5 14 290 M M 0 8 19 310
18 93 61 77 11 0 12 0.00 M M 4.6 9 190 M M 0 12 290
19 95 63 79 13 0 14 0.00 M M 9.5 23 290 M M 0 33 300
20 88 61 75 8 0 10 0.00 M M 16.0 30 260 M M 0 40 260
21 91 57 74 7 0 9 0.00 M M 11.5 18 120 M M 0 8 24 120
22 99 66 83 16 0 18 0.00 M M 8.3 36 280 M M 1 8 51 280
23 91 59 75 7 0 10 T M M 9.8 21 260 M M 1 8 31 220
24 89 62 76 8 0 11 T M M 6.1 17 230 M M 1 24 230
25 88 56 72 4 0 7 0.00 M M 8.8 21 90 M M 0 27 90
26 89 62 76 7 0 11 0.00 M M 10.9 20 140 M M 1 27 120
27 93 62 78 9 0 13 0.00 M M 14.3 23 130 M M 0 8 34 80
28 95 63 79 9 0 14 0.00 M M 14.1 22 80 M M 0 8 32 80
29 97 65 81 11 0 16 0.00 M M 13.2 23 130 M M 0 8 30 40
30 97 67 82 12 0 17 0.00 M M 11.8 23 40 M M 0 30 80
================================================================================
SM 2675 1736 20 284 0.03 M 299.0 M 10
================================================================================
AV 89.2 57.9 10.0 FASTST M M 0 MAX(MPH)
MISC ----> 36 280 51 280
================================================================================
NOTES:
# LAST OF SEVERAL OCCURRENCES
COLUMN 17 PEAK WIND IN M.P.H.
PRELIMINARY LOCAL CLIMATOLOGICAL DATA (WS FORM: F-6) , PAGE 2
STATION: JEROME ID
MONTH: JUNE
YEAR: 2021
LATITUDE: 42 43 N
LONGITUDE: 114 27 W
[TEMPERATURE DATA] [PRECIPITATION DATA] SYMBOLS USED IN COLUMN 16
AVERAGE MONTHLY: 73.5 TOTAL FOR MONTH: 0.03 1 = FOG OR MIST
DPTR FM NORMAL: 8.2 DPTR FM NORMAL: -0.59 2 = FOG REDUCING VISIBILITY
HIGHEST: 100 ON 13 GRTST 24HR 0.03 ON 10-10 TO 1/4 MILE OR LESS
LOWEST: 41 ON 11,10 3 = THUNDER
SNOW, ICE PELLETS, HAIL 4 = ICE PELLETS
TOTAL MONTH: M 5 = HAIL
GRTST 24HR M ON M 6 = FREEZING RAIN OR DRIZZLE
GRTST DEPTH: M ON M 7 = DUSTSTORM OR SANDSTORM:
VSBY 1/2 MILE OR LESS
8 = SMOKE OR HAZE
[NO. OF DAYS WITH] [WEATHER - DAYS WITH] 9 = BLOWING SNOW
X = TORNADO
MAX 32 OR BELOW: 0 0.01 INCH OR MORE: 1
MAX 90 OR ABOVE: 16 0.10 INCH OR MORE: 0
MIN 32 OR BELOW: 0 0.50 INCH OR MORE: 0
MIN 0 OR BELOW: 0 1.00 INCH OR MORE: 0
[HDD (BASE 65) ]
TOTAL THIS MO. 20 CLEAR (SCALE 0-3) 29
DPTR FM NORMAL -69 PTCLDY (SCALE 4-7) 1
TOTAL FM JUL 1 5651 CLOUDY (SCALE 8-10) 0
DPTR FM NORMAL -421
[CDD (BASE 65) ]
TOTAL THIS MO. 284
DPTR FM NORMAL 186 [PRESSURE DATA]
TOTAL FM JAN 1 294 HIGHEST SLP 30.22 ON 16
DPTR FM NORMAL 175 LOWEST SLP 29.54 ON 7
[REMARKS]
#FINAL-06-21#